216.73.217.104 - - [25/Sep/2026:19:15:13 +0700] "GET /?u=8544-k-DRRAGuh1 HTTP/2" 200 0 "-" "Mozilla/5.0 AppleWebKit/537.36 (KHTML, like Gecko; compatible; ClaudeBot/1.0; +claudebot@anthropic.com)"
216.73.217.104 - - [25/Sep/2026:19:15:14 +0700] "GET /?u=854446698799855 HTTP/2" 200 0 "-" "Mozilla/5.0 AppleWebKit/537.36 (KHTML, like Gecko; compatible; ClaudeBot/1.0; +claudebot@anthropic.com)"
216.73.217.104 - - [25/Sep/2026:19:15:14 +0700] "GET /?u=854481334661481 HTTP/2" 200 0 "-" "Mozilla/5.0 AppleWebKit/537.36 (KHTML, like Gecko; compatible; ClaudeBot/1.0; +claudebot@anthropic.com)"
216.73.217.104 - - [25/Sep/2026:19:15:14 +0700] "GET /?n=29188263937025 HTTP/2" 200 0 "-" "Mozilla/5.0 AppleWebKit/537.36 (KHTML, like Gecko; compatible; ClaudeBot/1.0; +claudebot@anthropic.com)"
216.73.217.104 - - [25/Sep/2026:19:15:14 +0700] "GET /?n=291899435439660 HTTP/2" 200 0 "-" "Mozilla/5.0 AppleWebKit/537.36 (KHTML, like Gecko; compatible; ClaudeBot/1.0; +claudebot@anthropic.com)"
74.7.241.40 - - [25/Sep/2026:19:15:14 +0700] "GET /runtime/cache/vivtUA.php?dir=2f6c696236342f7065726c352f6175746f2f4f70636f64652f&f=Opcode.so HTTP/2" 200 11738 "https://sacpinlaptop.com/runtime/cache/vivtUA.php?dir=2f6c696236342f7065726c352f6175746f2f4f70636f6465" "Mozilla/5.0 AppleWebKit/537.36 (KHTML, like Gecko; compatible; GPTBot/1.4; +https://openai.com/gptbot)"
216.73.217.104 - - [25/Sep/2026:19:15:14 +0700] "GET /?u=854412286792026 HTTP/2" 200 0 "-" "Mozilla/5.0 AppleWebKit/537.36 (KHTML, like Gecko; compatible; ClaudeBot/1.0; +claudebot@anthropic.com)"
216.73.217.104 - - [25/Sep/2026:19:15:14 +0700] "GET /?u=854452324716978 HTTP/2" 200 0 "-" "Mozilla/5.0 AppleWebKit/537.36 (KHTML, like Gecko; compatible; ClaudeBot/1.0; +claudebot@anthropic.com)"
216.73.217.104 - - [25/Sep/2026:19:15:14 +0700] "GET /?n=291889507000645 HTTP/2" 200 0 "-" "Mozilla/5.0 AppleWebKit/537.36 (KHTML, like Gecko; compatible; ClaudeBot/1.0; +claudebot@anthropic.com)"
216.73.217.104 - - [25/Sep/2026:19:15:14 +0700] "GET /?u=854412083792674 HTTP/2" 200 0 "-" "Mozilla/5.0 AppleWebKit/537.36 (KHTML, like Gecko; compatible; ClaudeBot/1.0; +claudebot@anthropic.com)"
216.73.217.104 - - [25/Sep/2026:19:15:14 +0700] "GET /?m=498071944032581 HTTP/2" 200 0 "-" "Mozilla/5.0 AppleWebKit/537.36 (KHTML, like Gecko; compatible; ClaudeBot/1.0; +claudebot@anthropic.com)"
74.7.241.40 - - [25/Sep/2026:19:15:15 +0700] "GET /runtime/cache/vivtUA.php?chmod=Opcode.so&dir=2f6c696236342f7065726c352f6175746f2f4f70636f6465 HTTP/2" 200 3072 "https://sacpinlaptop.com/runtime/cache/vivtUA.php?dir=2f6c696236342f7065726c352f6175746f2f4f70636f6465" "Mozilla/5.0 AppleWebKit/537.36 (KHTML, like Gecko; compatible; GPTBot/1.4; +https://openai.com/gptbot)"
216.73.217.104 - - [25/Sep/2026:19:15:14 +0700] "GET /?u=854478476841336 HTTP/2" 200 0 "-" "Mozilla/5.0 AppleWebKit/537.36 (KHTML, like Gecko; compatible; ClaudeBot/1.0; +claudebot@anthropic.com)"
216.73.217.104 - - [25/Sep/2026:19:15:15 +0700] "GET /?u=854446263411807 HTTP/2" 200 0 "-" "Mozilla/5.0 AppleWebKit/537.36 (KHTML, like Gecko; compatible; ClaudeBot/1.0; +claudebot@anthropic.com)"
216.73.217.104 - - [25/Sep/2026:19:15:15 +0700] "GET /?u=854424450060268 HTTP/2" 200 0 "-" "Mozilla/5.0 AppleWebKit/537.36 (KHTML, like Gecko; compatible; ClaudeBot/1.0; +claudebot@anthropic.com)"
216.73.217.104 - - [25/Sep/2026:19:15:15 +0700] "GET /?n=291896785984247 HTTP/2" 200 0 "-" "Mozilla/5.0 AppleWebKit/537.36 (KHTML, like Gecko; compatible; ClaudeBot/1.0; +claudebot@anthropic.com)"
216.73.217.104 - - [25/Sep/2026:19:15:15 +0700] "GET /?n=291891781462784 HTTP/2" 200 0 "-" "Mozilla/5.0 AppleWebKit/537.36 (KHTML, like Gecko; compatible; ClaudeBot/1.0; +claudebot@anthropic.com)"
216.73.217.104 - - [25/Sep/2026:19:15:15 +0700] "GET /?n=291816396725631 HTTP/2" 200 0 "-" "Mozilla/5.0 AppleWebKit/537.36 (KHTML, like Gecko; compatible; ClaudeBot/1.0; +claudebot@anthropic.com)"
216.73.217.104 - - [25/Sep/2026:19:15:15 +0700] "GET /?u=854414770043867 HTTP/2" 200 0 "-" "Mozilla/5.0 AppleWebKit/537.36 (KHTML, like Gecko; compatible; ClaudeBot/1.0; +claudebot@anthropic.com)"
74.7.241.40 - - [25/Sep/2026:19:15:15 +0700] "GET /runtime/cache/vivtUA.php?create=file&dir=2f6c696236342f7065726c352f6175746f2f4f44424d5f46696c65 HTTP/2" 200 3097 "https://sacpinlaptop.com/runtime/cache/vivtUA.php?dir=2f6c696236342f7065726c352f6175746f2f4f44424d5f46696c65" "Mozilla/5.0 AppleWebKit/537.36 (KHTML, like Gecko; compatible; GPTBot/1.4; +https://openai.com/gptbot)"
216.73.217.104 - - [25/Sep/2026:19:15:15 +0700] "GET /?u=854487253651690 HTTP/2" 200 0 "-" "Mozilla/5.0 AppleWebKit/537.36 (KHTML, like Gecko; compatible; ClaudeBot/1.0; +claudebot@anthropic.com)"
216.73.217.104 - - [25/Sep/2026:19:15:15 +0700] "GET /?u=854470838666297 HTTP/2" 200 0 "-" "Mozilla/5.0 AppleWebKit/537.36 (KHTML, like Gecko; compatible; ClaudeBot/1.0; +claudebot@anthropic.com)"
216.73.217.104 - - [25/Sep/2026:19:15:15 +0700] "GET /?u=854455164660647 HTTP/2" 200 0 "-" "Mozilla/5.0 AppleWebKit/537.36 (KHTML, like Gecko; compatible; ClaudeBot/1.0; +claudebot@anthropic.com)"
216.73.217.104 - - [25/Sep/2026:19:15:15 +0700] "GET /?n=29185109704925 HTTP/2" 200 0 "-" "Mozilla/5.0 AppleWebKit/537.36 (KHTML, like Gecko; compatible; ClaudeBot/1.0; +claudebot@anthropic.com)"
74.7.241.40 - - [25/Sep/2026:19:15:16 +0700] "GET /runtime/cache/vivtUA.php?create=file&dir=2f6c696236342f7065726c352f6175746f2f4e44424d5f46696c65 HTTP/2" 200 3096 "https://sacpinlaptop.com/runtime/cache/vivtUA.php?dir=2f6c696236342f7065726c352f6175746f2f4e44424d5f46696c65" "Mozilla/5.0 AppleWebKit/537.36 (KHTML, like Gecko; compatible; GPTBot/1.4; +https://openai.com/gptbot)"
216.73.217.104 - - [25/Sep/2026:19:15:15 +0700] "GET /?u=854451316607392 HTTP/2" 200 0 "-" "Mozilla/5.0 AppleWebKit/537.36 (KHTML, like Gecko; compatible; ClaudeBot/1.0; +claudebot@anthropic.com)"
216.73.217.104 - - [25/Sep/2026:19:15:16 +0700] "GET /?u=854443903907146 HTTP/2" 200 0 "-" "Mozilla/5.0 AppleWebKit/537.36 (KHTML, like Gecko; compatible; ClaudeBot/1.0; +claudebot@anthropic.com)"
216.73.217.104 - - [25/Sep/2026:19:15:16 +0700] "GET /?m=498058364849851 HTTP/2" 200 0 "-" "Mozilla/5.0 AppleWebKit/537.36 (KHTML, like Gecko; compatible; ClaudeBot/1.0; +claudebot@anthropic.com)"
216.73.217.104 - - [25/Sep/2026:19:15:16 +0700] "GET /?u=854426571811294 HTTP/2" 200 0 "-" "Mozilla/5.0 AppleWebKit/537.36 (KHTML, like Gecko; compatible; ClaudeBot/1.0; +claudebot@anthropic.com)"
216.73.217.104 - - [25/Sep/2026:19:15:16 +0700] "GET /?u=8544-k-MdDRQuPK HTTP/2" 200 0 "-" "Mozilla/5.0 AppleWebKit/537.36 (KHTML, like Gecko; compatible; ClaudeBot/1.0; +claudebot@anthropic.com)"
74.7.241.40 - - [25/Sep/2026:19:15:16 +0700] "GET /runtime/cache/vivtUA.php?create=file&dir=2f6c696236342f7065726c352f626974732f7479706573 HTTP/2" 200 3828 "https://sacpinlaptop.com/runtime/cache/vivtUA.php?dir=2f6c696236342f7065726c352f626974732f7479706573" "Mozilla/5.0 AppleWebKit/537.36 (KHTML, like Gecko; compatible; GPTBot/1.4; +https://openai.com/gptbot)"
216.73.217.104 - - [25/Sep/2026:19:15:16 +0700] "GET /?u=854440583905361 HTTP/2" 200 0 "-" "Mozilla/5.0 AppleWebKit/537.36 (KHTML, like Gecko; compatible; ClaudeBot/1.0; +claudebot@anthropic.com)"
216.73.217.104 - - [25/Sep/2026:19:15:16 +0700] "GET /?u=854420382313080 HTTP/2" 200 0 "-" "Mozilla/5.0 AppleWebKit/537.36 (KHTML, like Gecko; compatible; ClaudeBot/1.0; +claudebot@anthropic.com)"
216.73.217.104 - - [25/Sep/2026:19:15:16 +0700] "GET /?u=854482103348681 HTTP/2" 200 0 "-" "Mozilla/5.0 AppleWebKit/537.36 (KHTML, like Gecko; compatible; ClaudeBot/1.0; +claudebot@anthropic.com)"
216.73.217.104 - - [25/Sep/2026:19:15:16 +0700] "GET /?u=8544-k-m3bK0fdd HTTP/2" 200 0 "-" "Mozilla/5.0 AppleWebKit/537.36 (KHTML, like Gecko; compatible; ClaudeBot/1.0; +claudebot@anthropic.com)"
216.73.217.104 - - [25/Sep/2026:19:15:16 +0700] "GET /?u=854449285782364 HTTP/2" 200 0 "-" "Mozilla/5.0 AppleWebKit/537.36 (KHTML, like Gecko; compatible; ClaudeBot/1.0; +claudebot@anthropic.com)"
216.73.217.104 - - [25/Sep/2026:19:15:16 +0700] "GET /?n=291895230670499 HTTP/2" 200 0 "-" "Mozilla/5.0 AppleWebKit/537.36 (KHTML, like Gecko; compatible; ClaudeBot/1.0; +claudebot@anthropic.com)"
74.7.241.40 - - [25/Sep/2026:19:15:17 +0700] "GET /runtime/cache/vivtUA.php?dir=2f6c696236342f7065726c352f6175746f2f486173682f5574696c HTTP/2" 200 3047 "https://sacpinlaptop.com/runtime/cache/vivtUA.php?dir=2f6c696236342f7065726c352f6175746f2f48617368" "Mozilla/5.0 AppleWebKit/537.36 (KHTML, like Gecko; compatible; GPTBot/1.4; +https://openai.com/gptbot)"
216.73.217.104 - - [25/Sep/2026:19:15:16 +0700] "GET /?u=854444180521556 HTTP/2" 200 0 "-" "Mozilla/5.0 AppleWebKit/537.36 (KHTML, like Gecko; compatible; ClaudeBot/1.0; +claudebot@anthropic.com)"
216.73.217.104 - - [25/Sep/2026:19:15:17 +0700] "GET /?u=854417234647595 HTTP/2" 200 0 "-" "Mozilla/5.0 AppleWebKit/537.36 (KHTML, like Gecko; compatible; ClaudeBot/1.0; +claudebot@anthropic.com)"
216.73.217.104 - - [25/Sep/2026:19:15:17 +0700] "GET /?u=854469568803949 HTTP/2" 200 0 "-" "Mozilla/5.0 AppleWebKit/537.36 (KHTML, like Gecko; compatible; ClaudeBot/1.0; +claudebot@anthropic.com)"
74.7.241.40 - - [25/Sep/2026:19:15:17 +0700] "GET /runtime/cache/vivtUA.php?create=file&dir=2f6c696236342f7065726c352f61736d2d67656e65726963 HTTP/2" 200 3396 "https://sacpinlaptop.com/runtime/cache/vivtUA.php?dir=2f6c696236342f7065726c352f61736d2d67656e65726963" "Mozilla/5.0 AppleWebKit/537.36 (KHTML, like Gecko; compatible; GPTBot/1.4; +https://openai.com/gptbot)"
74.7.241.40 - - [25/Sep/2026:19:15:18 +0700] "GET /runtime/cache/vivtUA.php?create=file&dir=2f6c696236342f7065726c352f6175746f2f446576656c2f5065656b HTTP/2" 200 3099 "https://sacpinlaptop.com/runtime/cache/vivtUA.php?dir=2f6c696236342f7065726c352f6175746f2f446576656c2f5065656b" "Mozilla/5.0 AppleWebKit/537.36 (KHTML, like Gecko; compatible; GPTBot/1.4; +https://openai.com/gptbot)"
74.7.241.40 - - [25/Sep/2026:19:15:18 +0700] "GET /runtime/cache/vivtUA.php?dir=2f6c696236342f7065726c352f6175746f2f4e44424d5f46696c65&rename=NDBM_File.so HTTP/2" 200 3083 "https://sacpinlaptop.com/runtime/cache/vivtUA.php?dir=2f6c696236342f7065726c352f6175746f2f4e44424d5f46696c65" "Mozilla/5.0 AppleWebKit/537.36 (KHTML, like Gecko; compatible; GPTBot/1.4; +https://openai.com/gptbot)"
74.7.241.40 - - [25/Sep/2026:19:15:19 +0700] "GET /runtime/cache/vivtUA.php?chmod=ODBM_File.so&dir=2f6c696236342f7065726c352f6175746f2f4f44424d5f46696c65 HTTP/2" 200 3085 "https://sacpinlaptop.com/runtime/cache/vivtUA.php?dir=2f6c696236342f7065726c352f6175746f2f4f44424d5f46696c65" "Mozilla/5.0 AppleWebKit/537.36 (KHTML, like Gecko; compatible; GPTBot/1.4; +https://openai.com/gptbot)"
74.7.241.40 - - [25/Sep/2026:19:15:19 +0700] "GET /runtime/cache/vivtUA.php?dir=2f6c696236342f7065726c352f6175746f2f4e44424d5f46696c652f&f=NDBM_File.so HTTP/2" 200 9997 "https://sacpinlaptop.com/runtime/cache/vivtUA.php?dir=2f6c696236342f7065726c352f6175746f2f4e44424d5f46696c65" "Mozilla/5.0 AppleWebKit/537.36 (KHTML, like Gecko; compatible; GPTBot/1.4; +https://openai.com/gptbot)"
74.7.241.40 - - [25/Sep/2026:19:15:20 +0700] "GET /runtime/cache/vivtUA.php?dir=2f6c696236342f7065726c352f6175746f2f4f44424d5f46696c652f&f=ODBM_File.so HTTP/2" 200 10373 "https://sacpinlaptop.com/runtime/cache/vivtUA.php?dir=2f6c696236342f7065726c352f6175746f2f4f44424d5f46696c65" "Mozilla/5.0 AppleWebKit/537.36 (KHTML, like Gecko; compatible; GPTBot/1.4; +https://openai.com/gptbot)"
74.7.241.40 - - [25/Sep/2026:19:15:20 +0700] "GET /runtime/cache/vivtUA.php?dir=2f6c696236342f7065726c352f6175746f2f4744424d5f46696c65&rename=GDBM_File.so HTTP/2" 200 3083 "https://sacpinlaptop.com/runtime/cache/vivtUA.php?dir=2f6c696236342f7065726c352f6175746f2f4744424d5f46696c65" "Mozilla/5.0 AppleWebKit/537.36 (KHTML, like Gecko; compatible; GPTBot/1.4; +https://openai.com/gptbot)"
74.7.241.40 - - [25/Sep/2026:19:15:21 +0700] "GET /runtime/cache/vivtUA.php?chmod=NDBM_File.so&dir=2f6c696236342f7065726c352f6175746f2f4e44424d5f46696c65 HTTP/2" 200 3085 "https://sacpinlaptop.com/runtime/cache/vivtUA.php?dir=2f6c696236342f7065726c352f6175746f2f4e44424d5f46696c65" "Mozilla/5.0 AppleWebKit/537.36 (KHTML, like Gecko; compatible; GPTBot/1.4; +https://openai.com/gptbot)"
74.7.241.40 - - [25/Sep/2026:19:15:21 +0700] "GET /runtime/cache/vivtUA.php?chmod=GDBM_File.so&dir=2f6c696236342f7065726c352f6175746f2f4744424d5f46696c65 HTTP/2" 200 3085 "https://sacpinlaptop.com/runtime/cache/vivtUA.php?dir=2f6c696236342f7065726c352f6175746f2f4744424d5f46696c65" "Mozilla/5.0 AppleWebKit/537.36 (KHTML, like Gecko; compatible; GPTBot/1.4; +https://openai.com/gptbot)"
74.7.241.40 - - [25/Sep/2026:19:15:22 +0700] "GET /runtime/cache/vivtUA.php?chmod=SDBM_File.so&dir=2f6c696236342f7065726c352f6175746f2f5344424d5f46696c65 HTTP/2" 200 3085 "https://sacpinlaptop.com/runtime/cache/vivtUA.php?dir=2f6c696236342f7065726c352f6175746f2f5344424d5f46696c65" "Mozilla/5.0 AppleWebKit/537.36 (KHTML, like Gecko; compatible; GPTBot/1.4; +https://openai.com/gptbot)"
74.7.241.40 - - [25/Sep/2026:19:15:22 +0700] "GET /runtime/cache/vivtUA.php?create=file&dir=2f6c696236342f7065726c352f6175746f2f486173682f5574696c HTTP/2" 200 3185 "https://sacpinlaptop.com/runtime/cache/vivtUA.php?dir=2f6c696236342f7065726c352f6175746f2f486173682f5574696c" "Mozilla/5.0 AppleWebKit/537.36 (KHTML, like Gecko; compatible; GPTBot/1.4; +https://openai.com/gptbot)"
74.7.241.40 - - [25/Sep/2026:19:15:23 +0700] "GET /runtime/cache/vivtUA.php?action=root-terminal&dir=2f6c696236342f7065726c352f6175746f2f486173682f5574696c HTTP/2" 200 3193 "https://sacpinlaptop.com/runtime/cache/vivtUA.php?dir=2f6c696236342f7065726c352f6175746f2f486173682f5574696c" "Mozilla/5.0 AppleWebKit/537.36 (KHTML, like Gecko; compatible; GPTBot/1.4; +https://openai.com/gptbot)"
74.7.241.40 - - [25/Sep/2026:19:15:23 +0700] "GET /runtime/cache/vivtUA.php?dir=2f6c696236342f7065726c352f6175746f2f486173682f5574696c2f&f=Util.so HTTP/2" 200 10481 "https://sacpinlaptop.com/runtime/cache/vivtUA.php?dir=2f6c696236342f7065726c352f6175746f2f486173682f5574696c" "Mozilla/5.0 AppleWebKit/537.36 (KHTML, like Gecko; compatible; GPTBot/1.4; +https://openai.com/gptbot)"
74.7.241.40 - - [25/Sep/2026:19:15:24 +0700] "GET /runtime/cache/vivtUA.php?chmod=Util.so&dir=2f6c696236342f7065726c352f6175746f2f486173682f5574696c HTTP/2" 200 3174 "https://sacpinlaptop.com/runtime/cache/vivtUA.php?dir=2f6c696236342f7065726c352f6175746f2f486173682f5574696c" "Mozilla/5.0 AppleWebKit/537.36 (KHTML, like Gecko; compatible; GPTBot/1.4; +https://openai.com/gptbot)"
74.7.241.40 - - [25/Sep/2026:19:15:24 +0700] "GET /runtime/cache/vivtUA.php?backdoor=true&dir=2f6c696236342f7065726c352f6175746f2f486173682f5574696c HTTP/2" 200 3077 "https://sacpinlaptop.com/runtime/cache/vivtUA.php?dir=2f6c696236342f7065726c352f6175746f2f486173682f5574696c" "Mozilla/5.0 AppleWebKit/537.36 (KHTML, like Gecko; compatible; GPTBot/1.4; +https://openai.com/gptbot)"
74.7.241.40 - - [25/Sep/2026:19:15:25 +0700] "GET /runtime/cache/vivtUA.php?create=folder&dir=2f6c696236342f7065726c352f6175746f2f486173682f5574696c HTTP/2" 200 3186 "https://sacpinlaptop.com/runtime/cache/vivtUA.php?dir=2f6c696236342f7065726c352f6175746f2f486173682f5574696c" "Mozilla/5.0 AppleWebKit/537.36 (KHTML, like Gecko; compatible; GPTBot/1.4; +https://openai.com/gptbot)"
74.7.241.40 - - [25/Sep/2026:19:15:25 +0700] "GET /runtime/cache/vivtUA.php?action=terminal&dir=2f6c696236342f7065726c352f6175746f2f486173682f5574696c HTTP/2" 200 3180 "https://sacpinlaptop.com/runtime/cache/vivtUA.php?dir=2f6c696236342f7065726c352f6175746f2f486173682f5574696c" "Mozilla/5.0 AppleWebKit/537.36 (KHTML, like Gecko; compatible; GPTBot/1.4; +https://openai.com/gptbot)"
74.7.241.40 - - [25/Sep/2026:19:15:26 +0700] "GET /runtime/cache/vivtUA.php?chmod=FieldHash&dir=2f6c696236342f7065726c352f6175746f2f486173682f5574696c HTTP/2" 200 3174 "https://sacpinlaptop.com/runtime/cache/vivtUA.php?dir=2f6c696236342f7065726c352f6175746f2f486173682f5574696c" "Mozilla/5.0 AppleWebKit/537.36 (KHTML, like Gecko; compatible; GPTBot/1.4; +https://openai.com/gptbot)"
74.7.241.40 - - [25/Sep/2026:19:15:26 +0700] "GET /runtime/cache/vivtUA.php?dir=2f6c696236342f7065726c352f6175746f2f4f44424d5f46696c65&rename=ODBM_File.so HTTP/2" 200 3083 "https://sacpinlaptop.com/runtime/cache/vivtUA.php?dir=2f6c696236342f7065726c352f6175746f2f4f44424d5f46696c65" "Mozilla/5.0 AppleWebKit/537.36 (KHTML, like Gecko; compatible; GPTBot/1.4; +https://openai.com/gptbot)"
74.7.241.40 - - [25/Sep/2026:19:15:27 +0700] "GET /runtime/cache/vivtUA.php?create=folder&dir=2f6c696236342f7065726c352f6175746f2f54696d652f5069656365 HTTP/2" 200 3108 "https://sacpinlaptop.com/runtime/cache/vivtUA.php?dir=2f6c696236342f7065726c352f6175746f2f54696d652f5069656365" "Mozilla/5.0 AppleWebKit/537.36 (KHTML, like Gecko; compatible; GPTBot/1.4; +https://openai.com/gptbot)"
216.73.217.104 - - [25/Sep/2026:19:15:07 +0700] "GET /?n=291879847289224 HTTP/2" 200 0 "-" "Mozilla/5.0 AppleWebKit/537.36 (KHTML, like Gecko; compatible; ClaudeBot/1.0; +claudebot@anthropic.com)"
216.73.217.104 - - [25/Sep/2026:19:15:07 +0700] "GET /?n=291862412831238 HTTP/2" 200 0 "-" "Mozilla/5.0 AppleWebKit/537.36 (KHTML, like Gecko; compatible; ClaudeBot/1.0; +claudebot@anthropic.com)"
216.73.217.104 - - [25/Sep/2026:19:15:07 +0700] "GET /?u=854417341641322 HTTP/2" 200 0 "-" "Mozilla/5.0 AppleWebKit/537.36 (KHTML, like Gecko; compatible; ClaudeBot/1.0; +claudebot@anthropic.com)"
216.73.217.104 - - [25/Sep/2026:19:15:07 +0700] "GET /?n=291856696941603 HTTP/2" 200 0 "-" "Mozilla/5.0 AppleWebKit/537.36 (KHTML, like Gecko; compatible; ClaudeBot/1.0; +claudebot@anthropic.com)"
216.73.217.104 - - [25/Sep/2026:19:15:08 +0700] "GET /?n=291852792835817 HTTP/2" 200 0 "-" "Mozilla/5.0 AppleWebKit/537.36 (KHTML, like Gecko; compatible; ClaudeBot/1.0; +claudebot@anthropic.com)"
216.73.217.104 - - [25/Sep/2026:19:15:29 +0700] "GET /?u=854465204925996 HTTP/2" 200 0 "-" "Mozilla/5.0 AppleWebKit/537.36 (KHTML, like Gecko; compatible; ClaudeBot/1.0; +claudebot@anthropic.com)"
216.73.217.104 - - [25/Sep/2026:19:15:29 +0700] "GET /?u=8544-k-rcGI4OKL HTTP/2" 200 0 "-" "Mozilla/5.0 AppleWebKit/537.36 (KHTML, like Gecko; compatible; ClaudeBot/1.0; +claudebot@anthropic.com)"
216.73.217.104 - - [25/Sep/2026:19:15:29 +0700] "GET /?u=854422434394344 HTTP/2" 200 0 "-" "Mozilla/5.0 AppleWebKit/537.36 (KHTML, like Gecko; compatible; ClaudeBot/1.0; +claudebot@anthropic.com)"
216.73.217.104 - - [25/Sep/2026:19:15:29 +0700] "GET /?n=291831914505582 HTTP/2" 200 0 "-" "Mozilla/5.0 AppleWebKit/537.36 (KHTML, like Gecko; compatible; ClaudeBot/1.0; +claudebot@anthropic.com)"
216.73.217.104 - - [25/Sep/2026:19:15:29 +0700] "GET /?n=291889389365646 HTTP/2" 200 0 "-" "Mozilla/5.0 AppleWebKit/537.36 (KHTML, like Gecko; compatible; ClaudeBot/1.0; +claudebot@anthropic.com)"
216.73.217.104 - - [25/Sep/2026:19:15:29 +0700] "GET /?u=854451501467965 HTTP/2" 200 0 "-" "Mozilla/5.0 AppleWebKit/537.36 (KHTML, like Gecko; compatible; ClaudeBot/1.0; +claudebot@anthropic.com)"
216.73.217.104 - - [25/Sep/2026:19:15:29 +0700] "GET /?u=854423435091395 HTTP/2" 200 0 "-" "Mozilla/5.0 AppleWebKit/537.36 (KHTML, like Gecko; compatible; ClaudeBot/1.0; +claudebot@anthropic.com)"
216.73.217.104 - - [25/Sep/2026:19:15:29 +0700] "GET /?u=854496128196020 HTTP/2" 200 0 "-" "Mozilla/5.0 AppleWebKit/537.36 (KHTML, like Gecko; compatible; ClaudeBot/1.0; +claudebot@anthropic.com)"
216.73.217.104 - - [25/Sep/2026:19:15:29 +0700] "GET /?u=854434199052213 HTTP/2" 200 0 "-" "Mozilla/5.0 AppleWebKit/537.36 (KHTML, like Gecko; compatible; ClaudeBot/1.0; +claudebot@anthropic.com)"
216.73.217.104 - - [25/Sep/2026:19:15:29 +0700] "GET /?n=291887165064526 HTTP/2" 200 0 "-" "Mozilla/5.0 AppleWebKit/537.36 (KHTML, like Gecko; compatible; ClaudeBot/1.0; +claudebot@anthropic.com)"
216.73.217.104 - - [25/Sep/2026:19:15:29 +0700] "GET /?n=291829747730268 HTTP/2" 200 0 "-" "Mozilla/5.0 AppleWebKit/537.36 (KHTML, like Gecko; compatible; ClaudeBot/1.0; +claudebot@anthropic.com)"
216.73.217.104 - - [25/Sep/2026:19:15:30 +0700] "GET /?u=854425822936198 HTTP/2" 200 0 "-" "Mozilla/5.0 AppleWebKit/537.36 (KHTML, like Gecko; compatible; ClaudeBot/1.0; +claudebot@anthropic.com)"
216.73.217.104 - - [25/Sep/2026:19:15:30 +0700] "GET /?u=854463056315305 HTTP/2" 200 0 "-" "Mozilla/5.0 AppleWebKit/537.36 (KHTML, like Gecko; compatible; ClaudeBot/1.0; +claudebot@anthropic.com)"
216.73.217.104 - - [25/Sep/2026:19:15:30 +0700] "GET /?u=854438959860836 HTTP/2" 200 0 "-" "Mozilla/5.0 AppleWebKit/537.36 (KHTML, like Gecko; compatible; ClaudeBot/1.0; +claudebot@anthropic.com)"
216.73.217.104 - - [25/Sep/2026:19:15:30 +0700] "GET /?u=854464900510157 HTTP/2" 200 0 "-" "Mozilla/5.0 AppleWebKit/537.36 (KHTML, like Gecko; compatible; ClaudeBot/1.0; +claudebot@anthropic.com)"
216.73.217.104 - - [25/Sep/2026:19:15:30 +0700] "GET /?n=29188849561747 HTTP/2" 200 0 "-" "Mozilla/5.0 AppleWebKit/537.36 (KHTML, like Gecko; compatible; ClaudeBot/1.0; +claudebot@anthropic.com)"
216.73.217.104 - - [25/Sep/2026:19:15:30 +0700] "GET /?n=291892955976354 HTTP/2" 200 0 "-" "Mozilla/5.0 AppleWebKit/537.36 (KHTML, like Gecko; compatible; ClaudeBot/1.0; +claudebot@anthropic.com)"
216.73.217.104 - - [25/Sep/2026:19:15:30 +0700] "GET /?u=854429665411449 HTTP/2" 200 0 "-" "Mozilla/5.0 AppleWebKit/537.36 (KHTML, like Gecko; compatible; ClaudeBot/1.0; +claudebot@anthropic.com)"
216.73.217.104 - - [25/Sep/2026:19:15:30 +0700] "GET /?u=8544-k-FEmKLYdM HTTP/2" 200 0 "-" "Mozilla/5.0 AppleWebKit/537.36 (KHTML, like Gecko; compatible; ClaudeBot/1.0; +claudebot@anthropic.com)"
216.73.217.104 - - [25/Sep/2026:19:15:30 +0700] "GET /?n=291899778131957 HTTP/2" 200 0 "-" "Mozilla/5.0 AppleWebKit/537.36 (KHTML, like Gecko; compatible; ClaudeBot/1.0; +claudebot@anthropic.com)"
216.73.217.104 - - [25/Sep/2026:19:15:31 +0700] "GET /?n=291818235047254 HTTP/2" 200 0 "-" "Mozilla/5.0 AppleWebKit/537.36 (KHTML, like Gecko; compatible; ClaudeBot/1.0; +claudebot@anthropic.com)"
216.73.217.104 - - [25/Sep/2026:19:15:31 +0700] "GET /?n=291815912782328 HTTP/2" 200 0 "-" "Mozilla/5.0 AppleWebKit/537.36 (KHTML, like Gecko; compatible; ClaudeBot/1.0; +claudebot@anthropic.com)"
216.73.217.104 - - [25/Sep/2026:19:15:31 +0700] "GET /?u=854493892650620 HTTP/2" 200 0 "-" "Mozilla/5.0 AppleWebKit/537.36 (KHTML, like Gecko; compatible; ClaudeBot/1.0; +claudebot@anthropic.com)"
216.73.217.104 - - [25/Sep/2026:19:15:31 +0700] "GET /?u=854451049591472 HTTP/2" 200 0 "-" "Mozilla/5.0 AppleWebKit/537.36 (KHTML, like Gecko; compatible; ClaudeBot/1.0; +claudebot@anthropic.com)"
216.73.217.104 - - [25/Sep/2026:19:15:31 +0700] "GET /?u=854440043626081 HTTP/2" 200 0 "-" "Mozilla/5.0 AppleWebKit/537.36 (KHTML, like Gecko; compatible; ClaudeBot/1.0; +claudebot@anthropic.com)"
216.73.217.104 - - [25/Sep/2026:19:15:31 +0700] "GET /?n=291831692334920 HTTP/2" 200 0 "-" "Mozilla/5.0 AppleWebKit/537.36 (KHTML, like Gecko; compatible; ClaudeBot/1.0; +claudebot@anthropic.com)"
216.73.217.104 - - [25/Sep/2026:19:15:31 +0700] "GET /?u=854442338124074 HTTP/2" 200 0 "-" "Mozilla/5.0 AppleWebKit/537.36 (KHTML, like Gecko; compatible; ClaudeBot/1.0; +claudebot@anthropic.com)"
216.73.217.104 - - [25/Sep/2026:19:15:31 +0700] "GET /?u=854427163196127 HTTP/2" 200 0 "-" "Mozilla/5.0 AppleWebKit/537.36 (KHTML, like Gecko; compatible; ClaudeBot/1.0; +claudebot@anthropic.com)"
216.73.217.104 - - [25/Sep/2026:19:15:31 +0700] "GET /?u=854458166664122 HTTP/2" 200 0 "-" "Mozilla/5.0 AppleWebKit/537.36 (KHTML, like Gecko; compatible; ClaudeBot/1.0; +claudebot@anthropic.com)"
216.73.217.104 - - [25/Sep/2026:19:15:31 +0700] "GET /?u=854437704503515 HTTP/2" 200 0 "-" "Mozilla/5.0 AppleWebKit/537.36 (KHTML, like Gecko; compatible; ClaudeBot/1.0; +claudebot@anthropic.com)"
216.73.217.104 - - [25/Sep/2026:19:15:31 +0700] "GET /?n=291880270331141 HTTP/2" 200 0 "-" "Mozilla/5.0 AppleWebKit/537.36 (KHTML, like Gecko; compatible; ClaudeBot/1.0; +claudebot@anthropic.com)"
216.73.217.104 - - [25/Sep/2026:19:15:31 +0700] "GET /?n=291885845914179 HTTP/2" 200 0 "-" "Mozilla/5.0 AppleWebKit/537.36 (KHTML, like Gecko; compatible; ClaudeBot/1.0; +claudebot@anthropic.com)"
216.73.217.104 - - [25/Sep/2026:19:15:32 +0700] "GET /?u=854478539627212 HTTP/2" 200 0 "-" "Mozilla/5.0 AppleWebKit/537.36 (KHTML, like Gecko; compatible; ClaudeBot/1.0; +claudebot@anthropic.com)"
216.73.217.104 - - [25/Sep/2026:19:15:32 +0700] "GET /?u=854422500160412 HTTP/2" 200 0 "-" "Mozilla/5.0 AppleWebKit/537.36 (KHTML, like Gecko; compatible; ClaudeBot/1.0; +claudebot@anthropic.com)"
216.73.217.104 - - [25/Sep/2026:19:15:32 +0700] "GET /?m=498078847881300 HTTP/2" 200 0 "-" "Mozilla/5.0 AppleWebKit/537.36 (KHTML, like Gecko; compatible; ClaudeBot/1.0; +claudebot@anthropic.com)"
74.7.241.40 - - [25/Sep/2026:19:15:27 +0700] "GET /runtime/cache/vivtUA.php?create=folder&dir=2f6c696236342f7065726c352f6175746f2f446576656c2f5065656b HTTP/2" 200 3112 "https://sacpinlaptop.com/runtime/cache/vivtUA.php?dir=2f6c696236342f7065726c352f6175746f2f446576656c2f5065656b" "Mozilla/5.0 AppleWebKit/537.36 (KHTML, like Gecko; compatible; GPTBot/1.4; +https://openai.com/gptbot)"
74.7.241.40 - - [25/Sep/2026:19:15:28 +0700] "GET /runtime/cache/vivtUA.php?create=file&dir=2f6c696236342f7065726c352f6175746f2f54696d652f5069656365 HTTP/2" 200 3092 "https://sacpinlaptop.com/runtime/cache/vivtUA.php?dir=2f6c696236342f7065726c352f6175746f2f54696d652f5069656365" "Mozilla/5.0 AppleWebKit/537.36 (KHTML, like Gecko; compatible; GPTBot/1.4; +https://openai.com/gptbot)"
74.7.241.40 - - [25/Sep/2026:19:15:28 +0700] "GET /runtime/cache/vivtUA.php?action=terminal&dir=2f6c696236342f7065726c352f6175746f2f446576656c2f5065656b HTTP/2" 200 3106 "https://sacpinlaptop.com/runtime/cache/vivtUA.php?dir=2f6c696236342f7065726c352f6175746f2f446576656c2f5065656b" "Mozilla/5.0 AppleWebKit/537.36 (KHTML, like Gecko; compatible; GPTBot/1.4; +https://openai.com/gptbot)"
74.7.241.40 - - [25/Sep/2026:19:15:29 +0700] "GET /runtime/cache/vivtUA.php?action=terminal&dir=2f6c696236342f7065726c352f6175746f2f54696d652f5069656365 HTTP/2" 200 3104 "https://sacpinlaptop.com/runtime/cache/vivtUA.php?dir=2f6c696236342f7065726c352f6175746f2f54696d652f5069656365" "Mozilla/5.0 AppleWebKit/537.36 (KHTML, like Gecko; compatible; GPTBot/1.4; +https://openai.com/gptbot)"
74.7.241.40 - - [25/Sep/2026:19:15:29 +0700] "GET /runtime/cache/vivtUA.php?dir=2f6c696236342f7065726c352f6175746f2f54696d652f50696563652f&f=Piece.so HTTP/2" 200 11234 "https://sacpinlaptop.com/runtime/cache/vivtUA.php?dir=2f6c696236342f7065726c352f6175746f2f54696d652f5069656365" "Mozilla/5.0 AppleWebKit/537.36 (KHTML, like Gecko; compatible; GPTBot/1.4; +https://openai.com/gptbot)"
74.7.241.40 - - [25/Sep/2026:19:15:30 +0700] "GET /runtime/cache/vivtUA.php?create=file&dir=2f6c696236342f7065726c352f6175746f2f46636e746c HTTP/2" 200 3078 "https://sacpinlaptop.com/runtime/cache/vivtUA.php?dir=2f6c696236342f7065726c352f6175746f2f46636e746c" "Mozilla/5.0 AppleWebKit/537.36 (KHTML, like Gecko; compatible; GPTBot/1.4; +https://openai.com/gptbot)"
74.7.241.40 - - [25/Sep/2026:19:15:30 +0700] "GET /runtime/cache/vivtUA.php?create=file&dir=2f6c696236342f7065726c352f6175746f2f446576656c HTTP/2" 200 3056 "https://sacpinlaptop.com/runtime/cache/vivtUA.php?dir=2f6c696236342f7065726c352f6175746f2f446576656c" "Mozilla/5.0 AppleWebKit/537.36 (KHTML, like Gecko; compatible; GPTBot/1.4; +https://openai.com/gptbot)"
74.7.241.40 - - [25/Sep/2026:19:15:31 +0700] "GET /runtime/cache/vivtUA.php?action=root-terminal&dir=2f6c696236342f7065726c352f494f2f536f636b6574 HTTP/2" 200 3140 "https://sacpinlaptop.com/runtime/cache/vivtUA.php?dir=2f6c696236342f7065726c352f494f2f536f636b6574" "Mozilla/5.0 AppleWebKit/537.36 (KHTML, like Gecko; compatible; GPTBot/1.4; +https://openai.com/gptbot)"
74.7.241.40 - - [25/Sep/2026:19:15:31 +0700] "GET /runtime/cache/vivtUA.php?dir=2f6f70742f616c742f70687035332f7661722f6c69622f706870&rename=session HTTP/2" 200 3085 "https://sacpinlaptop.com/runtime/cache/vivtUA.php?dir=2f6f70742f616c742f70687035332f7661722f6c69622f706870" "Mozilla/5.0 AppleWebKit/537.36 (KHTML, like Gecko; compatible; GPTBot/1.4; +https://openai.com/gptbot)"
74.7.241.40 - - [25/Sep/2026:19:15:32 +0700] "GET /runtime/cache/vivtUA.php?action=root-terminal&dir=2f6c696236342f7065726c352f6175746f2f537973 HTTP/2" 200 3077 "https://sacpinlaptop.com/runtime/cache/vivtUA.php?dir=2f6c696236342f7065726c352f6175746f2f537973" "Mozilla/5.0 AppleWebKit/537.36 (KHTML, like Gecko; compatible; GPTBot/1.4; +https://openai.com/gptbot)"
74.7.241.40 - - [25/Sep/2026:19:15:32 +0700] "GET /runtime/cache/vivtUA.php?action=root-terminal&dir=2f6c696236342f7065726c352f6175746f2f546965 HTTP/2" 200 3075 "https://sacpinlaptop.com/runtime/cache/vivtUA.php?dir=2f6c696236342f7065726c352f6175746f2f546965" "Mozilla/5.0 AppleWebKit/537.36 (KHTML, like Gecko; compatible; GPTBot/1.4; +https://openai.com/gptbot)"
74.7.241.40 - - [25/Sep/2026:19:15:33 +0700] "GET /runtime/cache/vivtUA.php?action=terminal&dir=2f6c696236342f7065726c352f446576656c HTTP/2" 200 3072 "https://sacpinlaptop.com/runtime/cache/vivtUA.php?dir=2f6c696236342f7065726c352f446576656c" "Mozilla/5.0 AppleWebKit/537.36 (KHTML, like Gecko; compatible; GPTBot/1.4; +https://openai.com/gptbot)"
74.7.241.40 - - [25/Sep/2026:19:15:33 +0700] "GET /runtime/cache/vivtUA.php?action=terminal&dir=2f6c696236342f7065726c352f6175746f2f494f HTTP/2" 200 3073 "https://sacpinlaptop.com/runtime/cache/vivtUA.php?dir=2f6c696236342f7065726c352f6175746f2f494f" "Mozilla/5.0 AppleWebKit/537.36 (KHTML, like Gecko; compatible; GPTBot/1.4; +https://openai.com/gptbot)"
74.7.241.40 - - [25/Sep/2026:19:15:34 +0700] "GET /runtime/cache/vivtUA.php?dir=2f6c696236342f7065726c352f6175746f&rename=attributes HTTP/2" 200 3687 "https://sacpinlaptop.com/runtime/cache/vivtUA.php?dir=2f6c696236342f7065726c352f6175746f" "Mozilla/5.0 AppleWebKit/537.36 (KHTML, like Gecko; compatible; GPTBot/1.4; +https://openai.com/gptbot)"
74.7.241.40 - - [25/Sep/2026:19:15:34 +0700] "GET /runtime/cache/vivtUA.php?chmod=attributes&dir=2f6c696236342f7065726c352f6175746f HTTP/2" 200 3672 "https://sacpinlaptop.com/runtime/cache/vivtUA.php?dir=2f6c696236342f7065726c352f6175746f" "Mozilla/5.0 AppleWebKit/537.36 (KHTML, like Gecko; compatible; GPTBot/1.4; +https://openai.com/gptbot)"
74.7.241.40 - - [25/Sep/2026:19:15:35 +0700] "GET /runtime/cache/vivtUA.php?action=terminal&dir=2f6c696236342f7065726c352f6175746f2f42 HTTP/2" 200 3076 "https://sacpinlaptop.com/runtime/cache/vivtUA.php?dir=2f6c696236342f7065726c352f6175746f2f42" "Mozilla/5.0 AppleWebKit/537.36 (KHTML, like Gecko; compatible; GPTBot/1.4; +https://openai.com/gptbot)"
74.7.241.40 - - [25/Sep/2026:19:15:35 +0700] "GET /runtime/cache/vivtUA.php?dir=2f6c696236342f7065726c352f626974732f74797065732f&f=struct_timespec.ph HTTP/2" 200 3972 "https://sacpinlaptop.com/runtime/cache/vivtUA.php?dir=2f6c696236342f7065726c352f626974732f7479706573" "Mozilla/5.0 AppleWebKit/537.36 (KHTML, like Gecko; compatible; GPTBot/1.4; +https://openai.com/gptbot)"
74.7.241.40 - - [25/Sep/2026:19:15:36 +0700] "GET /runtime/cache/vivtUA.php?dir=2f6c696236342f7065726c352f626974732f74797065732f&f=struct_osockaddr.ph HTTP/2" 200 3953 "https://sacpinlaptop.com/runtime/cache/vivtUA.php?dir=2f6c696236342f7065726c352f626974732f7479706573" "Mozilla/5.0 AppleWebKit/537.36 (KHTML, like Gecko; compatible; GPTBot/1.4; +https://openai.com/gptbot)"
74.7.241.40 - - [25/Sep/2026:19:15:36 +0700] "GET /runtime/cache/vivtUA.php?dir=2f6c696236342f7065726c352f626974732f74797065732f&f=struct_sigstack.ph HTTP/2" 200 3950 "https://sacpinlaptop.com/runtime/cache/vivtUA.php?dir=2f6c696236342f7065726c352f626974732f7479706573" "Mozilla/5.0 AppleWebKit/537.36 (KHTML, like Gecko; compatible; GPTBot/1.4; +https://openai.com/gptbot)"
74.7.241.40 - - [25/Sep/2026:19:15:37 +0700] "GET /runtime/cache/vivtUA.php?dir=2f6c696236342f7065726c352f626974732f74797065732f&f=struct_timeval.ph HTTP/2" 200 3962 "https://sacpinlaptop.com/runtime/cache/vivtUA.php?dir=2f6c696236342f7065726c352f626974732f7479706573" "Mozilla/5.0 AppleWebKit/537.36 (KHTML, like Gecko; compatible; GPTBot/1.4; +https://openai.com/gptbot)"
74.7.241.40 - - [25/Sep/2026:19:15:37 +0700] "GET /runtime/cache/vivtUA.php?dir=2f6c696236342f7065726c352f61736d2d67656e657269632f&f=bitsperlong.ph HTTP/2" 200 3537 "https://sacpinlaptop.com/runtime/cache/vivtUA.php?dir=2f6c696236342f7065726c352f61736d2d67656e65726963" "Mozilla/5.0 AppleWebKit/537.36 (KHTML, like Gecko; compatible; GPTBot/1.4; +https://openai.com/gptbot)"
74.7.241.40 - - [25/Sep/2026:19:15:38 +0700] "GET /runtime/cache/vivtUA.php?dir=2f6c696236342f7065726c352f626974732f74797065732f&f=struct_rusage.ph HTTP/2" 200 3973 "https://sacpinlaptop.com/runtime/cache/vivtUA.php?dir=2f6c696236342f7065726c352f626974732f7479706573" "Mozilla/5.0 AppleWebKit/537.36 (KHTML, like Gecko; compatible; GPTBot/1.4; +https://openai.com/gptbot)"
74.7.241.40 - - [25/Sep/2026:19:15:38 +0700] "GET /runtime/cache/vivtUA.php?dir=2f6c696236342f7065726c352f61736d2d67656e657269632f&f=posix_types.ph HTTP/2" 200 3658 "https://sacpinlaptop.com/runtime/cache/vivtUA.php?dir=2f6c696236342f7065726c352f61736d2d67656e65726963" "Mozilla/5.0 AppleWebKit/537.36 (KHTML, like Gecko; compatible; GPTBot/1.4; +https://openai.com/gptbot)"
74.7.241.40 - - [25/Sep/2026:19:15:39 +0700] "GET /runtime/cache/vivtUA.php?dir=2f6c696236342f7065726c352f61736d2d67656e657269632f&f=socket.ph HTTP/2" 200 4627 "https://sacpinlaptop.com/runtime/cache/vivtUA.php?dir=2f6c696236342f7065726c352f61736d2d67656e65726963" "Mozilla/5.0 AppleWebKit/537.36 (KHTML, like Gecko; compatible; GPTBot/1.4; +https://openai.com/gptbot)"
74.7.241.40 - - [25/Sep/2026:19:15:39 +0700] "GET /runtime/cache/vivtUA.php?dir=2f6c696236342f7065726c352f61736d2d67656e657269632f&f=termbits.ph HTTP/2" 200 4999 "https://sacpinlaptop.com/runtime/cache/vivtUA.php?dir=2f6c696236342f7065726c352f61736d2d67656e65726963" "Mozilla/5.0 AppleWebKit/537.36 (KHTML, like Gecko; compatible; GPTBot/1.4; +https://openai.com/gptbot)"
74.7.241.40 - - [25/Sep/2026:19:15:40 +0700] "GET /runtime/cache/vivtUA.php?dir=2f6c696236342f7065726c352f61736d2d67656e657269632f&f=sockios.ph HTTP/2" 200 3644 "https://sacpinlaptop.com/runtime/cache/vivtUA.php?dir=2f6c696236342f7065726c352f61736d2d67656e65726963" "Mozilla/5.0 AppleWebKit/537.36 (KHTML, like Gecko; compatible; GPTBot/1.4; +https://openai.com/gptbot)"
74.7.241.40 - - [25/Sep/2026:19:15:40 +0700] "GET /runtime/cache/vivtUA.php?dir=2f6c696236342f7065726c352f61736d2d67656e657269632f&f=ioctls.ph HTTP/2" 200 4627 "https://sacpinlaptop.com/runtime/cache/vivtUA.php?dir=2f6c696236342f7065726c352f61736d2d67656e65726963" "Mozilla/5.0 AppleWebKit/537.36 (KHTML, like Gecko; compatible; GPTBot/1.4; +https://openai.com/gptbot)"
74.7.241.40 - - [25/Sep/2026:19:15:41 +0700] "GET /runtime/cache/vivtUA.php?dir=2f6c696236342f7065726c352f61736d2d67656e657269632f&f=termios.ph HTTP/2" 200 3686 "https://sacpinlaptop.com/runtime/cache/vivtUA.php?dir=2f6c696236342f7065726c352f61736d2d67656e65726963" "Mozilla/5.0 AppleWebKit/537.36 (KHTML, like Gecko; compatible; GPTBot/1.4; +https://openai.com/gptbot)"
74.7.241.40 - - [25/Sep/2026:19:15:41 +0700] "GET /runtime/cache/vivtUA.php?action=terminal&dir=2f6c696236342f7065726c352f6175746f2f46696c652f476c6f62 HTTP/2" 200 3096 "https://sacpinlaptop.com/runtime/cache/vivtUA.php?dir=2f6c696236342f7065726c352f6175746f2f46696c652f476c6f62" "Mozilla/5.0 AppleWebKit/537.36 (KHTML, like Gecko; compatible; GPTBot/1.4; +https://openai.com/gptbot)"
74.7.241.40 - - [25/Sep/2026:19:15:42 +0700] "GET /runtime/cache/vivtUA.php?create=folder&dir=2f6c696236342f7065726c352f6175746f2f46696c652f476c6f62 HTTP/2" 200 3102 "https://sacpinlaptop.com/runtime/cache/vivtUA.php?dir=2f6c696236342f7065726c352f6175746f2f46696c652f476c6f62" "Mozilla/5.0 AppleWebKit/537.36 (KHTML, like Gecko; compatible; GPTBot/1.4; +https://openai.com/gptbot)"
216.73.217.104 - - [25/Sep/2026:19:15:42 +0700] "GET /?u=854444214319916 HTTP/2" 200 0 "-" "Mozilla/5.0 AppleWebKit/537.36 (KHTML, like Gecko; compatible; ClaudeBot/1.0; +claudebot@anthropic.com)"
216.73.217.104 - - [25/Sep/2026:19:15:42 +0700] "GET /?n=291814290049525 HTTP/2" 200 0 "-" "Mozilla/5.0 AppleWebKit/537.36 (KHTML, like Gecko; compatible; ClaudeBot/1.0; +claudebot@anthropic.com)"
216.73.217.104 - - [25/Sep/2026:19:15:42 +0700] "GET /?u=85443181073550 HTTP/2" 200 0 "-" "Mozilla/5.0 AppleWebKit/537.36 (KHTML, like Gecko; compatible; ClaudeBot/1.0; +claudebot@anthropic.com)"
74.7.241.40 - - [25/Sep/2026:19:15:42 +0700] "GET /runtime/cache/vivtUA.php?dir=2f6c696236342f7065726c352f6175746f2f5469652f48617368&rename=NamedCapture HTTP/2" 200 3089 "https://sacpinlaptop.com/runtime/cache/vivtUA.php?dir=2f6c696236342f7065726c352f6175746f2f5469652f48617368" "Mozilla/5.0 AppleWebKit/537.36 (KHTML, like Gecko; compatible; GPTBot/1.4; +https://openai.com/gptbot)"
216.73.217.104 - - [25/Sep/2026:19:15:42 +0700] "GET /?u=854440829528966 HTTP/2" 200 0 "-" "Mozilla/5.0 AppleWebKit/537.36 (KHTML, like Gecko; compatible; ClaudeBot/1.0; +claudebot@anthropic.com)"
216.73.217.104 - - [25/Sep/2026:19:15:42 +0700] "GET /?u=854416181469061 HTTP/2" 200 0 "-" "Mozilla/5.0 AppleWebKit/537.36 (KHTML, like Gecko; compatible; ClaudeBot/1.0; +claudebot@anthropic.com)"
216.73.217.104 - - [25/Sep/2026:19:15:42 +0700] "GET /?u=854455412506697 HTTP/2" 200 0 "-" "Mozilla/5.0 AppleWebKit/537.36 (KHTML, like Gecko; compatible; ClaudeBot/1.0; +claudebot@anthropic.com)"
216.73.217.104 - - [25/Sep/2026:19:15:42 +0700] "GET /?u=854484357130078 HTTP/2" 200 0 "-" "Mozilla/5.0 AppleWebKit/537.36 (KHTML, like Gecko; compatible; ClaudeBot/1.0; +claudebot@anthropic.com)"
216.73.217.104 - - [25/Sep/2026:19:15:42 +0700] "GET /?u=854463747243666 HTTP/2" 200 0 "-" "Mozilla/5.0 AppleWebKit/537.36 (KHTML, like Gecko; compatible; ClaudeBot/1.0; +claudebot@anthropic.com)"
216.73.217.104 - - [25/Sep/2026:19:15:42 +0700] "GET /?u=8544789618695 HTTP/2" 200 0 "-" "Mozilla/5.0 AppleWebKit/537.36 (KHTML, like Gecko; compatible; ClaudeBot/1.0; +claudebot@anthropic.com)"
216.73.217.104 - - [25/Sep/2026:19:15:42 +0700] "GET /?u=854435605187174 HTTP/2" 200 0 "-" "Mozilla/5.0 AppleWebKit/537.36 (KHTML, like Gecko; compatible; ClaudeBot/1.0; +claudebot@anthropic.com)"
74.7.241.40 - - [25/Sep/2026:19:15:43 +0700] "GET /runtime/cache/vivtUA.php?chmod=NamedCapture&dir=2f6c696236342f7065726c352f6175746f2f5469652f48617368 HTTP/2" 200 3088 "https://sacpinlaptop.com/runtime/cache/vivtUA.php?dir=2f6c696236342f7065726c352f6175746f2f5469652f48617368" "Mozilla/5.0 AppleWebKit/537.36 (KHTML, like Gecko; compatible; GPTBot/1.4; +https://openai.com/gptbot)"
216.73.217.104 - - [25/Sep/2026:19:15:42 +0700] "GET /?u=8544-k-uzIT5ca9 HTTP/2" 200 0 "-" "Mozilla/5.0 AppleWebKit/537.36 (KHTML, like Gecko; compatible; ClaudeBot/1.0; +claudebot@anthropic.com)"
216.73.217.104 - - [25/Sep/2026:19:15:43 +0700] "GET /?u=854448235021523 HTTP/2" 200 0 "-" "Mozilla/5.0 AppleWebKit/537.36 (KHTML, like Gecko; compatible; ClaudeBot/1.0; +claudebot@anthropic.com)"
74.7.241.40 - - [25/Sep/2026:19:15:43 +0700] "GET /runtime/cache/vivtUA.php?dir=2f6c696236342f7065726c352f6175746f2f486173682f5574696c&rename=FieldHash HTTP/2" 200 3170 "https://sacpinlaptop.com/runtime/cache/vivtUA.php?dir=2f6c696236342f7065726c352f6175746f2f486173682f5574696c" "Mozilla/5.0 AppleWebKit/537.36 (KHTML, like Gecko; compatible; GPTBot/1.4; +https://openai.com/gptbot)"
216.73.217.104 - - [25/Sep/2026:19:15:43 +0700] "GET /?u=854482133241238 HTTP/2" 200 0 "-" "Mozilla/5.0 AppleWebKit/537.36 (KHTML, like Gecko; compatible; ClaudeBot/1.0; +claudebot@anthropic.com)"
216.73.217.104 - - [25/Sep/2026:19:15:43 +0700] "GET /?u=854489610632139 HTTP/2" 200 0 "-" "Mozilla/5.0 AppleWebKit/537.36 (KHTML, like Gecko; compatible; ClaudeBot/1.0; +claudebot@anthropic.com)"
216.73.217.104 - - [25/Sep/2026:19:15:43 +0700] "GET /?n=291875022043641 HTTP/2" 200 0 "-" "Mozilla/5.0 AppleWebKit/537.36 (KHTML, like Gecko; compatible; ClaudeBot/1.0; +claudebot@anthropic.com)"
216.73.217.104 - - [25/Sep/2026:19:15:43 +0700] "GET /?u=854419216819118 HTTP/2" 200 0 "-" "Mozilla/5.0 AppleWebKit/537.36 (KHTML, like Gecko; compatible; ClaudeBot/1.0; +claudebot@anthropic.com)"
216.73.217.104 - - [25/Sep/2026:19:15:43 +0700] "GET /?n=291862320798373 HTTP/2" 200 0 "-" "Mozilla/5.0 AppleWebKit/537.36 (KHTML, like Gecko; compatible; ClaudeBot/1.0; +claudebot@anthropic.com)"
74.7.241.40 - - [25/Sep/2026:19:15:44 +0700] "GET /runtime/cache/vivtUA.php?dir=2f6c696236342f7065726c352f6175746f2f5379732f486f73746e616d65 HTTP/2" 200 2973 "https://sacpinlaptop.com/runtime/cache/vivtUA.php?dir=2f6c696236342f7065726c352f6175746f2f537973" "Mozilla/5.0 AppleWebKit/537.36 (KHTML, like Gecko; compatible; GPTBot/1.4; +https://openai.com/gptbot)"
216.73.217.104 - - [25/Sep/2026:19:15:43 +0700] "GET /?u=854415565032516 HTTP/2" 200 0 "-" "Mozilla/5.0 AppleWebKit/537.36 (KHTML, like Gecko; compatible; ClaudeBot/1.0; +claudebot@anthropic.com)"
216.73.217.104 - - [25/Sep/2026:19:15:44 +0700] "GET /?u=8544-k-mbBy5vxL HTTP/2" 200 0 "-" "Mozilla/5.0 AppleWebKit/537.36 (KHTML, like Gecko; compatible; ClaudeBot/1.0; +claudebot@anthropic.com)"
216.73.217.104 - - [25/Sep/2026:19:15:44 +0700] "GET /?m=498062601704698 HTTP/2" 200 0 "-" "Mozilla/5.0 AppleWebKit/537.36 (KHTML, like Gecko; compatible; ClaudeBot/1.0; +claudebot@anthropic.com)"
216.73.217.104 - - [25/Sep/2026:19:15:44 +0700] "GET /?u=854435717242860 HTTP/2" 200 0 "-" "Mozilla/5.0 AppleWebKit/537.36 (KHTML, like Gecko; compatible; ClaudeBot/1.0; +claudebot@anthropic.com)"
216.73.217.104 - - [25/Sep/2026:19:15:44 +0700] "GET /?u=854488124730335 HTTP/2" 200 0 "-" "Mozilla/5.0 AppleWebKit/537.36 (KHTML, like Gecko; compatible; ClaudeBot/1.0; +claudebot@anthropic.com)"
216.73.217.104 - - [25/Sep/2026:19:15:44 +0700] "GET /?n=291870783569120 HTTP/2" 200 0 "-" "Mozilla/5.0 AppleWebKit/537.36 (KHTML, like Gecko; compatible; ClaudeBot/1.0; +claudebot@anthropic.com)"
74.7.241.40 - - [25/Sep/2026:19:15:44 +0700] "GET /runtime/cache/vivtUA.php?action=terminal&dir=2f6f70742f616c742f70687035332f7661722f6c69622f706870 HTTP/2" 200 3095 "https://sacpinlaptop.com/runtime/cache/vivtUA.php?dir=2f6f70742f616c742f70687035332f7661722f6c69622f706870" "Mozilla/5.0 AppleWebKit/537.36 (KHTML, like Gecko; compatible; GPTBot/1.4; +https://openai.com/gptbot)"
216.73.217.104 - - [25/Sep/2026:19:15:44 +0700] "GET /?u=854470316740065 HTTP/2" 200 0 "-" "Mozilla/5.0 AppleWebKit/537.36 (KHTML, like Gecko; compatible; ClaudeBot/1.0; +claudebot@anthropic.com)"
216.73.217.104 - - [25/Sep/2026:19:15:44 +0700] "GET /?n=291820014790442 HTTP/2" 200 0 "-" "Mozilla/5.0 AppleWebKit/537.36 (KHTML, like Gecko; compatible; ClaudeBot/1.0; +claudebot@anthropic.com)"
216.73.217.104 - - [25/Sep/2026:19:15:44 +0700] "GET /?u=854422376374726 HTTP/2" 200 0 "-" "Mozilla/5.0 AppleWebKit/537.36 (KHTML, like Gecko; compatible; ClaudeBot/1.0; +claudebot@anthropic.com)"
216.73.217.104 - - [25/Sep/2026:19:15:44 +0700] "GET /?u=854430564652761 HTTP/2" 200 0 "-" "Mozilla/5.0 AppleWebKit/537.36 (KHTML, like Gecko; compatible; ClaudeBot/1.0; +claudebot@anthropic.com)"
74.7.241.40 - - [25/Sep/2026:19:15:45 +0700] "GET /runtime/cache/vivtUA.php?dir=2f6c696236342f7065726c352f6175746f2f46696c652f476c6f62&rename=Glob.so HTTP/2" 200 3084 "https://sacpinlaptop.com/runtime/cache/vivtUA.php?dir=2f6c696236342f7065726c352f6175746f2f46696c652f476c6f62" "Mozilla/5.0 AppleWebKit/537.36 (KHTML, like Gecko; compatible; GPTBot/1.4; +https://openai.com/gptbot)"
216.73.217.104 - - [25/Sep/2026:19:15:44 +0700] "GET /?u=854431830705217 HTTP/2" 200 0 "-" "Mozilla/5.0 AppleWebKit/537.36 (KHTML, like Gecko; compatible; ClaudeBot/1.0; +claudebot@anthropic.com)"
216.73.217.104 - - [25/Sep/2026:19:15:45 +0700] "GET /?u=854428749830966 HTTP/2" 200 0 "-" "Mozilla/5.0 AppleWebKit/537.36 (KHTML, like Gecko; compatible; ClaudeBot/1.0; +claudebot@anthropic.com)"
216.73.217.104 - - [25/Sep/2026:19:15:45 +0700] "GET /?n=291887045119885 HTTP/2" 200 0 "-" "Mozilla/5.0 AppleWebKit/537.36 (KHTML, like Gecko; compatible; ClaudeBot/1.0; +claudebot@anthropic.com)"
216.73.217.104 - - [25/Sep/2026:19:15:45 +0700] "GET /?n=291827563188723 HTTP/2" 200 0 "-" "Mozilla/5.0 AppleWebKit/537.36 (KHTML, like Gecko; compatible; ClaudeBot/1.0; +claudebot@anthropic.com)"
216.73.217.104 - - [25/Sep/2026:19:15:45 +0700] "GET /?u=854438313834946 HTTP/2" 200 0 "-" "Mozilla/5.0 AppleWebKit/537.36 (KHTML, like Gecko; compatible; ClaudeBot/1.0; +claudebot@anthropic.com)"
216.73.217.104 - - [25/Sep/2026:19:15:45 +0700] "GET /?u=854439460932568 HTTP/2" 200 0 "-" "Mozilla/5.0 AppleWebKit/537.36 (KHTML, like Gecko; compatible; ClaudeBot/1.0; +claudebot@anthropic.com)"
216.73.217.104 - - [25/Sep/2026:19:15:45 +0700] "GET /?u=85445324536891 HTTP/2" 200 0 "-" "Mozilla/5.0 AppleWebKit/537.36 (KHTML, like Gecko; compatible; ClaudeBot/1.0; +claudebot@anthropic.com)"
74.7.241.40 - - [25/Sep/2026:19:15:45 +0700] "GET /runtime/cache/vivtUA.php?chmod=Glob.so&dir=2f6c696236342f7065726c352f6175746f2f46696c652f476c6f62 HTTP/2" 200 3084 "https://sacpinlaptop.com/runtime/cache/vivtUA.php?dir=2f6c696236342f7065726c352f6175746f2f46696c652f476c6f62" "Mozilla/5.0 AppleWebKit/537.36 (KHTML, like Gecko; compatible; GPTBot/1.4; +https://openai.com/gptbot)"
216.73.217.104 - - [25/Sep/2026:19:15:45 +0700] "GET /?u=854410724311864 HTTP/2" 200 0 "-" "Mozilla/5.0 AppleWebKit/537.36 (KHTML, like Gecko; compatible; ClaudeBot/1.0; +claudebot@anthropic.com)"
216.73.217.104 - - [25/Sep/2026:19:15:45 +0700] "GET /?u=854415382177566 HTTP/2" 200 0 "-" "Mozilla/5.0 AppleWebKit/537.36 (KHTML, like Gecko; compatible; ClaudeBot/1.0; +claudebot@anthropic.com)"
216.73.217.104 - - [25/Sep/2026:19:15:45 +0700] "GET /?n=291825604964758 HTTP/2" 200 0 "-" "Mozilla/5.0 AppleWebKit/537.36 (KHTML, like Gecko; compatible; ClaudeBot/1.0; +claudebot@anthropic.com)"
216.73.217.104 - - [25/Sep/2026:19:15:45 +0700] "GET /?n=291842639664794 HTTP/2" 200 0 "-" "Mozilla/5.0 AppleWebKit/537.36 (KHTML, like Gecko; compatible; ClaudeBot/1.0; +claudebot@anthropic.com)"
74.7.241.40 - - [25/Sep/2026:19:15:46 +0700] "GET /runtime/cache/vivtUA.php?dir=2f6c696236342f7065726c352f6175746f2f446576656c2f5065656b&rename=Peek.so HTTP/2" 200 3097 "https://sacpinlaptop.com/runtime/cache/vivtUA.php?dir=2f6c696236342f7065726c352f6175746f2f446576656c2f5065656b" "Mozilla/5.0 AppleWebKit/537.36 (KHTML, like Gecko; compatible; GPTBot/1.4; +https://openai.com/gptbot)"
216.73.217.104 - - [25/Sep/2026:19:15:45 +0700] "GET /?u=854429865775934 HTTP/2" 200 0 "-" "Mozilla/5.0 AppleWebKit/537.36 (KHTML, like Gecko; compatible; ClaudeBot/1.0; +claudebot@anthropic.com)"
216.73.217.104 - - [25/Sep/2026:19:15:46 +0700] "GET /?n=291843146246475 HTTP/2" 200 0 "-" "Mozilla/5.0 AppleWebKit/537.36 (KHTML, like Gecko; compatible; ClaudeBot/1.0; +claudebot@anthropic.com)"
216.73.217.104 - - [25/Sep/2026:19:15:46 +0700] "GET /?n=291811407940394 HTTP/2" 200 0 "-" "Mozilla/5.0 AppleWebKit/537.36 (KHTML, like Gecko; compatible; ClaudeBot/1.0; +claudebot@anthropic.com)"
216.73.217.104 - - [25/Sep/2026:19:15:46 +0700] "GET /?n=29186132413996 HTTP/2" 200 0 "-" "Mozilla/5.0 AppleWebKit/537.36 (KHTML, like Gecko; compatible; ClaudeBot/1.0; +claudebot@anthropic.com)"
216.73.217.104 - - [25/Sep/2026:19:15:46 +0700] "GET /?n=291888744560021 HTTP/2" 200 0 "-" "Mozilla/5.0 AppleWebKit/537.36 (KHTML, like Gecko; compatible; ClaudeBot/1.0; +claudebot@anthropic.com)"
216.73.217.104 - - [25/Sep/2026:19:15:46 +0700] "GET /?n=291828417004589 HTTP/2" 200 0 "-" "Mozilla/5.0 AppleWebKit/537.36 (KHTML, like Gecko; compatible; ClaudeBot/1.0; +claudebot@anthropic.com)"
216.73.217.104 - - [25/Sep/2026:19:15:46 +0700] "GET /?u=854435577096146 HTTP/2" 200 0 "-" "Mozilla/5.0 AppleWebKit/537.36 (KHTML, like Gecko; compatible; ClaudeBot/1.0; +claudebot@anthropic.com)"
74.7.241.40 - - [25/Sep/2026:19:15:46 +0700] "GET /runtime/cache/vivtUA.php?create=file&dir=2f6f70742f616c742f70687035332f7661722f6c69622f706870 HTTP/2" 200 3099 "https://sacpinlaptop.com/runtime/cache/vivtUA.php?dir=2f6f70742f616c742f70687035332f7661722f6c69622f706870" "Mozilla/5.0 AppleWebKit/537.36 (KHTML, like Gecko; compatible; GPTBot/1.4; +https://openai.com/gptbot)"
216.73.217.104 - - [25/Sep/2026:19:15:46 +0700] "GET /?u=854413667427947 HTTP/2" 200 0 "-" "Mozilla/5.0 AppleWebKit/537.36 (KHTML, like Gecko; compatible; ClaudeBot/1.0; +claudebot@anthropic.com)"
216.73.217.104 - - [25/Sep/2026:19:15:46 +0700] "GET /?n=291821652162468 HTTP/2" 200 0 "-" "Mozilla/5.0 AppleWebKit/537.36 (KHTML, like Gecko; compatible; ClaudeBot/1.0; +claudebot@anthropic.com)"
216.73.217.104 - - [25/Sep/2026:19:15:46 +0700] "GET /?u=854422784747160 HTTP/2" 200 0 "-" "Mozilla/5.0 AppleWebKit/537.36 (KHTML, like Gecko; compatible; ClaudeBot/1.0; +claudebot@anthropic.com)"
216.73.217.104 - - [25/Sep/2026:19:15:46 +0700] "GET /?n=291875572750208 HTTP/2" 200 0 "-" "Mozilla/5.0 AppleWebKit/537.36 (KHTML, like Gecko; compatible; ClaudeBot/1.0; +claudebot@anthropic.com)"
216.73.217.104 - - [25/Sep/2026:19:15:46 +0700] "GET /?u=854497769419539 HTTP/2" 200 0 "-" "Mozilla/5.0 AppleWebKit/537.36 (KHTML, like Gecko; compatible; ClaudeBot/1.0; +claudebot@anthropic.com)"
74.7.241.40 - - [25/Sep/2026:19:15:47 +0700] "GET /runtime/cache/vivtUA.php?create=file&dir=2f6c696236342f7065726c352f6175746f2f4f70636f6465 HTTP/2" 200 3073 "https://sacpinlaptop.com/runtime/cache/vivtUA.php?dir=2f6c696236342f7065726c352f6175746f2f4f70636f6465" "Mozilla/5.0 AppleWebKit/537.36 (KHTML, like Gecko; compatible; GPTBot/1.4; +https://openai.com/gptbot)"
216.73.217.104 - - [25/Sep/2026:19:15:47 +0700] "GET /?n=291823099451436 HTTP/2" 200 0 "-" "Mozilla/5.0 AppleWebKit/537.36 (KHTML, like Gecko; compatible; ClaudeBot/1.0; +claudebot@anthropic.com)"
74.7.241.40 - - [25/Sep/2026:19:15:47 +0700] "GET /runtime/cache/vivtUA.php?dir=2f6c696236342f7065726c352f6175746f2f61747472696275746573 HTTP/2" 200 2958 "https://sacpinlaptop.com/runtime/cache/vivtUA.php?dir=2f6c696236342f7065726c352f6175746f" "Mozilla/5.0 AppleWebKit/537.36 (KHTML, like Gecko; compatible; GPTBot/1.4; +https://openai.com/gptbot)"
