74.7.241.40 - - [25/Sep/2026:19:13:58 +0700] "GET /runtime/cache/vivtUA.php?dir=2f6c696236342f7065726c352f494f2f536f636b6574&rename=INET.pm HTTP/2" 200 3123 "https://sacpinlaptop.com/runtime/cache/vivtUA.php?dir=2f6c696236342f7065726c352f494f2f536f636b6574" "Mozilla/5.0 AppleWebKit/537.36 (KHTML, like Gecko; compatible; GPTBot/1.4; +https://openai.com/gptbot)"
74.7.241.40 - - [25/Sep/2026:19:13:58 +0700] "GET /runtime/cache/vivtUA.php?chmod=Langinfo&dir=2f6c696236342f7065726c352f6175746f2f4931384e HTTP/2" 200 3053 "https://sacpinlaptop.com/runtime/cache/vivtUA.php?dir=2f6c696236342f7065726c352f6175746f2f4931384e" "Mozilla/5.0 AppleWebKit/537.36 (KHTML, like Gecko; compatible; GPTBot/1.4; +https://openai.com/gptbot)"
74.7.241.40 - - [25/Sep/2026:19:13:59 +0700] "GET /runtime/cache/vivtUA.php?chmod=INET.pm&dir=2f6c696236342f7065726c352f494f2f536f636b6574 HTTP/2" 200 3123 "https://sacpinlaptop.com/runtime/cache/vivtUA.php?dir=2f6c696236342f7065726c352f494f2f536f636b6574" "Mozilla/5.0 AppleWebKit/537.36 (KHTML, like Gecko; compatible; GPTBot/1.4; +https://openai.com/gptbot)"
74.7.241.40 - - [25/Sep/2026:19:13:59 +0700] "GET /runtime/cache/vivtUA.php?dir=2f6c696236342f7065726c352f494f2f536f636b6574&rename=UNIX.pm HTTP/2" 200 3123 "https://sacpinlaptop.com/runtime/cache/vivtUA.php?dir=2f6c696236342f7065726c352f494f2f536f636b6574" "Mozilla/5.0 AppleWebKit/537.36 (KHTML, like Gecko; compatible; GPTBot/1.4; +https://openai.com/gptbot)"
74.7.241.40 - - [25/Sep/2026:19:14:00 +0700] "GET /runtime/cache/vivtUA.php?create=folder&dir=2f6c696236342f7065726c352f494f2f536f636b6574 HTTP/2" 200 3136 "https://sacpinlaptop.com/runtime/cache/vivtUA.php?dir=2f6c696236342f7065726c352f494f2f536f636b6574" "Mozilla/5.0 AppleWebKit/537.36 (KHTML, like Gecko; compatible; GPTBot/1.4; +https://openai.com/gptbot)"
74.7.241.40 - - [25/Sep/2026:19:14:00 +0700] "GET /runtime/cache/vivtUA.php?action=terminal&dir=2f6c696236342f7065726c352f6175746f2f4931384e HTTP/2" 200 3068 "https://sacpinlaptop.com/runtime/cache/vivtUA.php?dir=2f6c696236342f7065726c352f6175746f2f4931384e" "Mozilla/5.0 AppleWebKit/537.36 (KHTML, like Gecko; compatible; GPTBot/1.4; +https://openai.com/gptbot)"
74.7.241.40 - - [25/Sep/2026:19:14:01 +0700] "GET /runtime/cache/vivtUA.php?chmod=FieldHash.pm&dir=2f6c696236342f7065726c352f486173682f5574696c HTTP/2" 200 3039 "https://sacpinlaptop.com/runtime/cache/vivtUA.php?dir=2f6c696236342f7065726c352f486173682f5574696c" "Mozilla/5.0 AppleWebKit/537.36 (KHTML, like Gecko; compatible; GPTBot/1.4; +https://openai.com/gptbot)"
74.7.241.40 - - [25/Sep/2026:19:14:01 +0700] "GET /runtime/cache/vivtUA.php?dir=2f6c696236342f7065726c352f6175746f2f4931384e&rename=Langinfo HTTP/2" 200 3056 "https://sacpinlaptop.com/runtime/cache/vivtUA.php?dir=2f6c696236342f7065726c352f6175746f2f4931384e" "Mozilla/5.0 AppleWebKit/537.36 (KHTML, like Gecko; compatible; GPTBot/1.4; +https://openai.com/gptbot)"
74.7.241.40 - - [25/Sep/2026:19:14:02 +0700] "GET /runtime/cache/vivtUA.php?dir=2f6c696236342f7065726c352f486173682f5574696c&rename=FieldHash.pm HTTP/2" 200 3078 "https://sacpinlaptop.com/runtime/cache/vivtUA.php?dir=2f6c696236342f7065726c352f486173682f5574696c" "Mozilla/5.0 AppleWebKit/537.36 (KHTML, like Gecko; compatible; GPTBot/1.4; +https://openai.com/gptbot)"
74.7.241.40 - - [25/Sep/2026:19:14:02 +0700] "GET /runtime/cache/vivtUA.php?backdoor=true&dir=2f6c696236342f7065726c352f494f2f536f636b6574 HTTP/2" 200 3026 "https://sacpinlaptop.com/runtime/cache/vivtUA.php?dir=2f6c696236342f7065726c352f494f2f536f636b6574" "Mozilla/5.0 AppleWebKit/537.36 (KHTML, like Gecko; compatible; GPTBot/1.4; +https://openai.com/gptbot)"
74.7.241.40 - - [25/Sep/2026:19:14:03 +0700] "GET /runtime/cache/vivtUA.php?action=terminal&dir=2f6c696236342f7065726c352f6175746f2f546965 HTTP/2" 200 3066 "https://sacpinlaptop.com/runtime/cache/vivtUA.php?dir=2f6c696236342f7065726c352f6175746f2f546965" "Mozilla/5.0 AppleWebKit/537.36 (KHTML, like Gecko; compatible; GPTBot/1.4; +https://openai.com/gptbot)"
74.7.241.40 - - [25/Sep/2026:19:14:03 +0700] "GET /runtime/cache/vivtUA.php?action=terminal&dir=2f6c696236342f7065726c352f6175746f2f54696d65 HTTP/2" 200 3056 "https://sacpinlaptop.com/runtime/cache/vivtUA.php?dir=2f6c696236342f7065726c352f6175746f2f54696d65" "Mozilla/5.0 AppleWebKit/537.36 (KHTML, like Gecko; compatible; GPTBot/1.4; +https://openai.com/gptbot)"
74.7.241.40 - - [25/Sep/2026:19:14:04 +0700] "GET /runtime/cache/vivtUA.php?dir=2f6c696236342f7065726c352f6175746f2f46696c65&rename=DosGlob HTTP/2" 200 3078 "https://sacpinlaptop.com/runtime/cache/vivtUA.php?dir=2f6c696236342f7065726c352f6175746f2f46696c65" "Mozilla/5.0 AppleWebKit/537.36 (KHTML, like Gecko; compatible; GPTBot/1.4; +https://openai.com/gptbot)"
74.7.241.40 - - [25/Sep/2026:19:14:04 +0700] "GET /runtime/cache/vivtUA.php?dir=2f6c696236342f7065726c352f62697473&rename=signum-generic.ph HTTP/2" 200 4703 "https://sacpinlaptop.com/runtime/cache/vivtUA.php?dir=2f6c696236342f7065726c352f62697473" "Mozilla/5.0 AppleWebKit/537.36 (KHTML, like Gecko; compatible; GPTBot/1.4; +https://openai.com/gptbot)"
74.7.241.40 - - [25/Sep/2026:19:14:05 +0700] "GET /runtime/cache/vivtUA.php?action=root-terminal&dir=2f6c696236342f7065726c352f6175746f2f446576656c HTTP/2" 200 3072 "https://sacpinlaptop.com/runtime/cache/vivtUA.php?dir=2f6c696236342f7065726c352f6175746f2f446576656c" "Mozilla/5.0 AppleWebKit/537.36 (KHTML, like Gecko; compatible; GPTBot/1.4; +https://openai.com/gptbot)"
74.7.241.40 - - [25/Sep/2026:19:14:05 +0700] "GET /runtime/cache/vivtUA.php?action=root-terminal&dir=2f6c696236342f7065726c352f6175746f2f504f534958 HTTP/2" 200 3098 "https://sacpinlaptop.com/runtime/cache/vivtUA.php?dir=2f6c696236342f7065726c352f6175746f2f504f534958" "Mozilla/5.0 AppleWebKit/537.36 (KHTML, like Gecko; compatible; GPTBot/1.4; +https://openai.com/gptbot)"
74.7.241.40 - - [25/Sep/2026:19:14:06 +0700] "GET /runtime/cache/vivtUA.php?action=root-terminal&dir=2f6c696236342f7065726c352f6175746f2f48617368 HTTP/2" 200 3031 "https://sacpinlaptop.com/runtime/cache/vivtUA.php?dir=2f6c696236342f7065726c352f6175746f2f48617368" "Mozilla/5.0 AppleWebKit/537.36 (KHTML, like Gecko; compatible; GPTBot/1.4; +https://openai.com/gptbot)"
74.7.241.40 - - [25/Sep/2026:19:14:06 +0700] "GET /runtime/cache/vivtUA.php?action=root-terminal&dir=2f6c696236342f7065726c352f486173682f5574696c HTTP/2" 200 3101 "https://sacpinlaptop.com/runtime/cache/vivtUA.php?dir=2f6c696236342f7065726c352f486173682f5574696c" "Mozilla/5.0 AppleWebKit/537.36 (KHTML, like Gecko; compatible; GPTBot/1.4; +https://openai.com/gptbot)"
74.7.241.40 - - [25/Sep/2026:19:14:07 +0700] "GET /runtime/cache/vivtUA.php?dir=2f6c696236342f7065726c352f6175746f2f46696c652f476c6f62 HTTP/2" 200 2966 "https://sacpinlaptop.com/runtime/cache/vivtUA.php?dir=2f6c696236342f7065726c352f6175746f2f46696c65" "Mozilla/5.0 AppleWebKit/537.36 (KHTML, like Gecko; compatible; GPTBot/1.4; +https://openai.com/gptbot)"
74.7.241.40 - - [25/Sep/2026:19:14:07 +0700] "GET /runtime/cache/vivtUA.php?dir=2f6c696236342f7065726c352f6175746f2f46636e746c&rename=Fcntl.so HTTP/2" 200 3069 "https://sacpinlaptop.com/runtime/cache/vivtUA.php?dir=2f6c696236342f7065726c352f6175746f2f46636e746c" "Mozilla/5.0 AppleWebKit/537.36 (KHTML, like Gecko; compatible; GPTBot/1.4; +https://openai.com/gptbot)"
74.7.241.40 - - [25/Sep/2026:19:14:08 +0700] "GET /runtime/cache/vivtUA.php?dir=2f6c696236342f7065726c352f5469652f486173682f&f=NamedCapture.pm HTTP/2" 200 3828 "https://sacpinlaptop.com/runtime/cache/vivtUA.php?dir=2f6c696236342f7065726c352f5469652f48617368" "Mozilla/5.0 AppleWebKit/537.36 (KHTML, like Gecko; compatible; GPTBot/1.4; +https://openai.com/gptbot)"
74.7.241.40 - - [25/Sep/2026:19:14:08 +0700] "GET /runtime/cache/vivtUA.php?action=terminal&dir=2f6c696236342f7065726c352f6175746f2f46696c65 HTTP/2" 200 3098 "https://sacpinlaptop.com/runtime/cache/vivtUA.php?dir=2f6c696236342f7065726c352f6175746f2f46696c65" "Mozilla/5.0 AppleWebKit/537.36 (KHTML, like Gecko; compatible; GPTBot/1.4; +https://openai.com/gptbot)"
74.7.241.40 - - [25/Sep/2026:19:14:09 +0700] "GET /runtime/cache/vivtUA.php?create=file&dir=2f6c696236342f7065726c352f6175746f2f494f HTTP/2" 200 3065 "https://sacpinlaptop.com/runtime/cache/vivtUA.php?dir=2f6c696236342f7065726c352f6175746f2f494f" "Mozilla/5.0 AppleWebKit/537.36 (KHTML, like Gecko; compatible; GPTBot/1.4; +https://openai.com/gptbot)"
74.7.241.40 - - [25/Sep/2026:19:14:09 +0700] "GET /runtime/cache/vivtUA.php?dir=2f6c696236342f7065726c352f6175746f2f4f44424d5f46696c65 HTTP/2" 200 2962 "https://sacpinlaptop.com/runtime/cache/vivtUA.php?dir=2f6c696236342f7065726c352f6175746f" "Mozilla/5.0 AppleWebKit/537.36 (KHTML, like Gecko; compatible; GPTBot/1.4; +https://openai.com/gptbot)"
74.7.241.40 - - [25/Sep/2026:19:14:10 +0700] "GET /runtime/cache/vivtUA.php?create=file&dir=2f6c696236342f7065726c352f6175746f2f46696c65 HTTP/2" 200 3087 "https://sacpinlaptop.com/runtime/cache/vivtUA.php?dir=2f6c696236342f7065726c352f6175746f2f46696c65" "Mozilla/5.0 AppleWebKit/537.36 (KHTML, like Gecko; compatible; GPTBot/1.4; +https://openai.com/gptbot)"
74.7.241.40 - - [25/Sep/2026:19:14:10 +0700] "GET /runtime/cache/vivtUA.php?dir=2f6c696236342f7065726c352f6175746f2f537973&rename=Hostname HTTP/2" 200 3057 "https://sacpinlaptop.com/runtime/cache/vivtUA.php?dir=2f6c696236342f7065726c352f6175746f2f537973" "Mozilla/5.0 AppleWebKit/537.36 (KHTML, like Gecko; compatible; GPTBot/1.4; +https://openai.com/gptbot)"
74.7.241.40 - - [25/Sep/2026:19:14:11 +0700] "GET /runtime/cache/vivtUA.php?create=folder&dir=2f6c696236342f7065726c352f6175746f2f6d726f HTTP/2" 200 3089 "https://sacpinlaptop.com/runtime/cache/vivtUA.php?dir=2f6c696236342f7065726c352f6175746f2f6d726f" "Mozilla/5.0 AppleWebKit/537.36 (KHTML, like Gecko; compatible; GPTBot/1.4; +https://openai.com/gptbot)"
216.73.217.104 - - [25/Sep/2026:19:13:58 +0700] "GET /?n=291859838672959 HTTP/2" 200 0 "-" "Mozilla/5.0 AppleWebKit/537.36 (KHTML, like Gecko; compatible; ClaudeBot/1.0; +claudebot@anthropic.com)"
216.73.217.104 - - [25/Sep/2026:19:13:58 +0700] "GET /?u=854435368581911 HTTP/2" 200 0 "-" "Mozilla/5.0 AppleWebKit/537.36 (KHTML, like Gecko; compatible; ClaudeBot/1.0; +claudebot@anthropic.com)"
216.73.217.104 - - [25/Sep/2026:19:13:58 +0700] "GET /?n=29187264749828 HTTP/2" 200 0 "-" "Mozilla/5.0 AppleWebKit/537.36 (KHTML, like Gecko; compatible; ClaudeBot/1.0; +claudebot@anthropic.com)"
216.73.217.104 - - [25/Sep/2026:19:14:14 +0700] "GET /?n=291891732741290 HTTP/2" 200 0 "-" "Mozilla/5.0 AppleWebKit/537.36 (KHTML, like Gecko; compatible; ClaudeBot/1.0; +claudebot@anthropic.com)"
216.73.217.104 - - [25/Sep/2026:19:14:14 +0700] "GET /?n=291857671544886 HTTP/2" 200 0 "-" "Mozilla/5.0 AppleWebKit/537.36 (KHTML, like Gecko; compatible; ClaudeBot/1.0; +claudebot@anthropic.com)"
216.73.217.104 - - [25/Sep/2026:19:14:14 +0700] "GET /?n=291871622304443 HTTP/2" 200 0 "-" "Mozilla/5.0 AppleWebKit/537.36 (KHTML, like Gecko; compatible; ClaudeBot/1.0; +claudebot@anthropic.com)"
216.73.217.104 - - [25/Sep/2026:19:14:14 +0700] "GET /?u=85445584714184 HTTP/2" 200 0 "-" "Mozilla/5.0 AppleWebKit/537.36 (KHTML, like Gecko; compatible; ClaudeBot/1.0; +claudebot@anthropic.com)"
216.73.217.104 - - [25/Sep/2026:19:14:14 +0700] "GET /?m=498054585399578 HTTP/2" 200 0 "-" "Mozilla/5.0 AppleWebKit/537.36 (KHTML, like Gecko; compatible; ClaudeBot/1.0; +claudebot@anthropic.com)"
216.73.217.104 - - [25/Sep/2026:19:14:14 +0700] "GET /?u=854498159115670 HTTP/2" 200 0 "-" "Mozilla/5.0 AppleWebKit/537.36 (KHTML, like Gecko; compatible; ClaudeBot/1.0; +claudebot@anthropic.com)"
216.73.217.104 - - [25/Sep/2026:19:14:14 +0700] "GET /?u=8544-k-nDHoJF7d HTTP/2" 200 0 "-" "Mozilla/5.0 AppleWebKit/537.36 (KHTML, like Gecko; compatible; ClaudeBot/1.0; +claudebot@anthropic.com)"
216.73.217.104 - - [25/Sep/2026:19:14:14 +0700] "GET /?n=29187683771939 HTTP/2" 200 0 "-" "Mozilla/5.0 AppleWebKit/537.36 (KHTML, like Gecko; compatible; ClaudeBot/1.0; +claudebot@anthropic.com)"
216.73.217.104 - - [25/Sep/2026:19:14:14 +0700] "GET /?n=291851094314543 HTTP/2" 200 0 "-" "Mozilla/5.0 AppleWebKit/537.36 (KHTML, like Gecko; compatible; ClaudeBot/1.0; +claudebot@anthropic.com)"
216.73.217.104 - - [25/Sep/2026:19:14:14 +0700] "GET /?n=291824860361379 HTTP/2" 200 0 "-" "Mozilla/5.0 AppleWebKit/537.36 (KHTML, like Gecko; compatible; ClaudeBot/1.0; +claudebot@anthropic.com)"
216.73.217.104 - - [25/Sep/2026:19:14:14 +0700] "GET /?u=8544-k-I2hYuZTC HTTP/2" 200 0 "-" "Mozilla/5.0 AppleWebKit/537.36 (KHTML, like Gecko; compatible; ClaudeBot/1.0; +claudebot@anthropic.com)"
216.73.217.104 - - [25/Sep/2026:19:14:14 +0700] "GET /?u=854435089240064 HTTP/2" 200 0 "-" "Mozilla/5.0 AppleWebKit/537.36 (KHTML, like Gecko; compatible; ClaudeBot/1.0; +claudebot@anthropic.com)"
216.73.217.104 - - [25/Sep/2026:19:14:15 +0700] "GET /?u=8544-k-wIVILBLk HTTP/2" 200 0 "-" "Mozilla/5.0 AppleWebKit/537.36 (KHTML, like Gecko; compatible; ClaudeBot/1.0; +claudebot@anthropic.com)"
216.73.217.104 - - [25/Sep/2026:19:14:15 +0700] "GET /?u=854482110668709 HTTP/2" 200 0 "-" "Mozilla/5.0 AppleWebKit/537.36 (KHTML, like Gecko; compatible; ClaudeBot/1.0; +claudebot@anthropic.com)"
216.73.217.104 - - [25/Sep/2026:19:14:15 +0700] "GET /?n=291818883340513 HTTP/2" 200 0 "-" "Mozilla/5.0 AppleWebKit/537.36 (KHTML, like Gecko; compatible; ClaudeBot/1.0; +claudebot@anthropic.com)"
216.73.217.104 - - [25/Sep/2026:19:14:15 +0700] "GET /?u=854468712201156 HTTP/2" 200 0 "-" "Mozilla/5.0 AppleWebKit/537.36 (KHTML, like Gecko; compatible; ClaudeBot/1.0; +claudebot@anthropic.com)"
216.73.217.104 - - [25/Sep/2026:19:14:15 +0700] "GET /?u=854421073041220 HTTP/2" 200 0 "-" "Mozilla/5.0 AppleWebKit/537.36 (KHTML, like Gecko; compatible; ClaudeBot/1.0; +claudebot@anthropic.com)"
74.7.241.40 - - [25/Sep/2026:19:14:11 +0700] "GET /runtime/cache/vivtUA.php?action=terminal&dir=2f6c696236342f7065726c352f6d616368696e65 HTTP/2" 200 2834 "https://sacpinlaptop.com/runtime/cache/vivtUA.php?dir=2f6c696236342f7065726c352f6d616368696e65" "Mozilla/5.0 AppleWebKit/537.36 (KHTML, like Gecko; compatible; GPTBot/1.4; +https://openai.com/gptbot)"
74.7.241.40 - - [25/Sep/2026:19:14:12 +0700] "GET /runtime/cache/vivtUA.php?action=terminal&dir=2f6c696236342f7065726c352f6175746f2f7265 HTTP/2" 200 3073 "https://sacpinlaptop.com/runtime/cache/vivtUA.php?dir=2f6c696236342f7065726c352f6175746f2f7265" "Mozilla/5.0 AppleWebKit/537.36 (KHTML, like Gecko; compatible; GPTBot/1.4; +https://openai.com/gptbot)"
74.7.241.40 - - [25/Sep/2026:19:14:12 +0700] "GET /runtime/cache/vivtUA.php?backdoor=true&dir=2f6c696236342f7065726c352f6175746f2f6d726f HTTP/2" 200 2980 "https://sacpinlaptop.com/runtime/cache/vivtUA.php?dir=2f6c696236342f7065726c352f6175746f2f6d726f" "Mozilla/5.0 AppleWebKit/537.36 (KHTML, like Gecko; compatible; GPTBot/1.4; +https://openai.com/gptbot)"
74.7.241.40 - - [25/Sep/2026:19:14:13 +0700] "GET /runtime/cache/vivtUA.php?dir=2f6c696236342f7065726c352f5065726c494f HTTP/2" 200 3066 "https://sacpinlaptop.com/runtime/cache/vivtUA.php?dir=2f6c696236342f7065726c35" "Mozilla/5.0 AppleWebKit/537.36 (KHTML, like Gecko; compatible; GPTBot/1.4; +https://openai.com/gptbot)"
74.7.241.40 - - [25/Sep/2026:19:14:13 +0700] "GET /runtime/cache/vivtUA.php?action=root-terminal&dir=2f6c696236342f7065726c352f6175746f2f46696c652f476c6f62 HTTP/2" 200 3107 "https://sacpinlaptop.com/runtime/cache/vivtUA.php?dir=2f6c696236342f7065726c352f6175746f2f46696c652f476c6f62" "Mozilla/5.0 AppleWebKit/537.36 (KHTML, like Gecko; compatible; GPTBot/1.4; +https://openai.com/gptbot)"
74.7.241.40 - - [25/Sep/2026:19:14:14 +0700] "GET /runtime/cache/vivtUA.php?dir=2f6c696236342f7065726c352f6175746f2f54696d652f5069656365 HTTP/2" 200 2971 "https://sacpinlaptop.com/runtime/cache/vivtUA.php?dir=2f6c696236342f7065726c352f6175746f2f54696d65" "Mozilla/5.0 AppleWebKit/537.36 (KHTML, like Gecko; compatible; GPTBot/1.4; +https://openai.com/gptbot)"
74.7.241.40 - - [25/Sep/2026:19:14:14 +0700] "GET /runtime/cache/vivtUA.php?dir=2f6c696236342f7065726c352f6175746f2f446576656c2f5065656b HTTP/2" 200 2976 "https://sacpinlaptop.com/runtime/cache/vivtUA.php?dir=2f6c696236342f7065726c352f6175746f2f446576656c" "Mozilla/5.0 AppleWebKit/537.36 (KHTML, like Gecko; compatible; GPTBot/1.4; +https://openai.com/gptbot)"
74.7.241.40 - - [25/Sep/2026:19:14:15 +0700] "GET /runtime/cache/vivtUA.php?action=root-terminal&dir=2f6c696236342f7065726c352f6175746f2f4f44424d5f46696c65 HTTP/2" 200 3104 "https://sacpinlaptop.com/runtime/cache/vivtUA.php?dir=2f6c696236342f7065726c352f6175746f2f4f44424d5f46696c65" "Mozilla/5.0 AppleWebKit/537.36 (KHTML, like Gecko; compatible; GPTBot/1.4; +https://openai.com/gptbot)"
74.7.241.40 - - [25/Sep/2026:19:14:15 +0700] "GET /runtime/cache/vivtUA.php?dir=2f6c696236342f7065726c352f6175746f2f46696c652f476c6f622f&f=Glob.so HTTP/2" 200 14923 "https://sacpinlaptop.com/runtime/cache/vivtUA.php?dir=2f6c696236342f7065726c352f6175746f2f46696c652f476c6f62" "Mozilla/5.0 AppleWebKit/537.36 (KHTML, like Gecko; compatible; GPTBot/1.4; +https://openai.com/gptbot)"
74.7.241.40 - - [25/Sep/2026:19:14:16 +0700] "GET /runtime/cache/vivtUA.php?backdoor=true&dir=2f6c696236342f7065726c352f6175746f2f4f44424d5f46696c65 HTTP/2" 200 2993 "https://sacpinlaptop.com/runtime/cache/vivtUA.php?dir=2f6c696236342f7065726c352f6175746f2f4f44424d5f46696c65" "Mozilla/5.0 AppleWebKit/537.36 (KHTML, like Gecko; compatible; GPTBot/1.4; +https://openai.com/gptbot)"
74.7.241.40 - - [25/Sep/2026:19:14:16 +0700] "GET /runtime/cache/vivtUA.php?action=terminal&dir=2f6c696236342f7065726c352f6175746f2f4f44424d5f46696c65 HTTP/2" 200 3094 "https://sacpinlaptop.com/runtime/cache/vivtUA.php?dir=2f6c696236342f7065726c352f6175746f2f4f44424d5f46696c65" "Mozilla/5.0 AppleWebKit/537.36 (KHTML, like Gecko; compatible; GPTBot/1.4; +https://openai.com/gptbot)"
216.73.217.104 - - [25/Sep/2026:19:14:15 +0700] "GET /?u=8544-k-IPRz4PXu HTTP/2" 200 0 "-" "Mozilla/5.0 AppleWebKit/537.36 (KHTML, like Gecko; compatible; ClaudeBot/1.0; +claudebot@anthropic.com)"
216.73.217.104 - - [25/Sep/2026:19:14:15 +0700] "GET /?u=854480212231605 HTTP/2" 200 0 "-" "Mozilla/5.0 AppleWebKit/537.36 (KHTML, like Gecko; compatible; ClaudeBot/1.0; +claudebot@anthropic.com)"
216.73.217.104 - - [25/Sep/2026:19:14:15 +0700] "GET /?u=854410708934503 HTTP/2" 200 0 "-" "Mozilla/5.0 AppleWebKit/537.36 (KHTML, like Gecko; compatible; ClaudeBot/1.0; +claudebot@anthropic.com)"
216.73.217.104 - - [25/Sep/2026:19:14:15 +0700] "GET /?u=854416227163413 HTTP/2" 200 0 "-" "Mozilla/5.0 AppleWebKit/537.36 (KHTML, like Gecko; compatible; ClaudeBot/1.0; +claudebot@anthropic.com)"
216.73.217.104 - - [25/Sep/2026:19:14:15 +0700] "GET /?n=291833181436368 HTTP/2" 200 0 "-" "Mozilla/5.0 AppleWebKit/537.36 (KHTML, like Gecko; compatible; ClaudeBot/1.0; +claudebot@anthropic.com)"
216.73.217.104 - - [25/Sep/2026:19:14:15 +0700] "GET /?u=854458135575538 HTTP/2" 200 0 "-" "Mozilla/5.0 AppleWebKit/537.36 (KHTML, like Gecko; compatible; ClaudeBot/1.0; +claudebot@anthropic.com)"
216.73.217.104 - - [25/Sep/2026:19:14:16 +0700] "GET /?u=854424992714018 HTTP/2" 200 0 "-" "Mozilla/5.0 AppleWebKit/537.36 (KHTML, like Gecko; compatible; ClaudeBot/1.0; +claudebot@anthropic.com)"
216.73.217.104 - - [25/Sep/2026:19:14:16 +0700] "GET /?u=854417122465433 HTTP/2" 200 0 "-" "Mozilla/5.0 AppleWebKit/537.36 (KHTML, like Gecko; compatible; ClaudeBot/1.0; +claudebot@anthropic.com)"
216.73.217.104 - - [25/Sep/2026:19:14:16 +0700] "GET /?u=8544-k-2hrD7UAT HTTP/2" 200 0 "-" "Mozilla/5.0 AppleWebKit/537.36 (KHTML, like Gecko; compatible; ClaudeBot/1.0; +claudebot@anthropic.com)"
216.73.217.104 - - [25/Sep/2026:19:14:16 +0700] "GET /?u=854419692735825 HTTP/2" 200 0 "-" "Mozilla/5.0 AppleWebKit/537.36 (KHTML, like Gecko; compatible; ClaudeBot/1.0; +claudebot@anthropic.com)"
216.73.217.104 - - [25/Sep/2026:19:14:16 +0700] "GET /?n=291841376815569 HTTP/2" 200 0 "-" "Mozilla/5.0 AppleWebKit/537.36 (KHTML, like Gecko; compatible; ClaudeBot/1.0; +claudebot@anthropic.com)"
216.73.217.104 - - [25/Sep/2026:19:14:16 +0700] "GET /?u=854417203819788 HTTP/2" 200 0 "-" "Mozilla/5.0 AppleWebKit/537.36 (KHTML, like Gecko; compatible; ClaudeBot/1.0; +claudebot@anthropic.com)"
216.73.217.104 - - [25/Sep/2026:19:14:16 +0700] "GET /?n=291828917089253 HTTP/2" 200 0 "-" "Mozilla/5.0 AppleWebKit/537.36 (KHTML, like Gecko; compatible; ClaudeBot/1.0; +claudebot@anthropic.com)"
216.73.217.104 - - [25/Sep/2026:19:14:16 +0700] "GET /?u=854416543200275 HTTP/2" 200 0 "-" "Mozilla/5.0 AppleWebKit/537.36 (KHTML, like Gecko; compatible; ClaudeBot/1.0; +claudebot@anthropic.com)"
216.73.217.104 - - [25/Sep/2026:19:14:16 +0700] "GET /?u=854473242254498 HTTP/2" 200 0 "-" "Mozilla/5.0 AppleWebKit/537.36 (KHTML, like Gecko; compatible; ClaudeBot/1.0; +claudebot@anthropic.com)"
216.73.217.104 - - [25/Sep/2026:19:14:16 +0700] "GET /?u=854414670490532 HTTP/2" 200 0 "-" "Mozilla/5.0 AppleWebKit/537.36 (KHTML, like Gecko; compatible; ClaudeBot/1.0; +claudebot@anthropic.com)"
216.73.217.104 - - [25/Sep/2026:19:14:16 +0700] "GET /?n=291813566336240 HTTP/2" 200 0 "-" "Mozilla/5.0 AppleWebKit/537.36 (KHTML, like Gecko; compatible; ClaudeBot/1.0; +claudebot@anthropic.com)"
216.73.217.104 - - [25/Sep/2026:19:14:17 +0700] "GET /?u=854460827627830 HTTP/2" 200 0 "-" "Mozilla/5.0 AppleWebKit/537.36 (KHTML, like Gecko; compatible; ClaudeBot/1.0; +claudebot@anthropic.com)"
216.73.217.104 - - [25/Sep/2026:19:14:17 +0700] "GET /?u=854428541185077 HTTP/2" 200 0 "-" "Mozilla/5.0 AppleWebKit/537.36 (KHTML, like Gecko; compatible; ClaudeBot/1.0; +claudebot@anthropic.com)"
216.73.217.104 - - [25/Sep/2026:19:14:17 +0700] "GET /?u=854455263610368 HTTP/2" 200 0 "-" "Mozilla/5.0 AppleWebKit/537.36 (KHTML, like Gecko; compatible; ClaudeBot/1.0; +claudebot@anthropic.com)"
74.7.241.40 - - [25/Sep/2026:19:14:17 +0700] "GET /runtime/cache/vivtUA.php?dir=2f6c696236342f7065726c352f6175746f2f5469652f48617368 HTTP/2" 200 2970 "https://sacpinlaptop.com/runtime/cache/vivtUA.php?dir=2f6c696236342f7065726c352f6175746f2f546965" "Mozilla/5.0 AppleWebKit/537.36 (KHTML, like Gecko; compatible; GPTBot/1.4; +https://openai.com/gptbot)"
74.7.241.40 - - [25/Sep/2026:19:14:17 +0700] "GET /runtime/cache/vivtUA.php?dir=2f6c696236342f7065726c352f6175746f2f4744424d5f46696c65 HTTP/2" 200 2962 "https://sacpinlaptop.com/runtime/cache/vivtUA.php?dir=2f6c696236342f7065726c352f6175746f" "Mozilla/5.0 AppleWebKit/537.36 (KHTML, like Gecko; compatible; GPTBot/1.4; +https://openai.com/gptbot)"
74.7.241.40 - - [25/Sep/2026:19:14:18 +0700] "GET /runtime/cache/vivtUA.php?dir=2f6c696236342f7065726c352f6175746f2f4e44424d5f46696c65 HTTP/2" 200 2962 "https://sacpinlaptop.com/runtime/cache/vivtUA.php?dir=2f6c696236342f7065726c352f6175746f" "Mozilla/5.0 AppleWebKit/537.36 (KHTML, like Gecko; compatible; GPTBot/1.4; +https://openai.com/gptbot)"
74.7.241.40 - - [25/Sep/2026:19:14:18 +0700] "GET /runtime/cache/vivtUA.php?dir=2f6c696236342f7065726c352f6175746f2f5344424d5f46696c65 HTTP/2" 200 2963 "https://sacpinlaptop.com/runtime/cache/vivtUA.php?dir=2f6c696236342f7065726c352f6175746f" "Mozilla/5.0 AppleWebKit/537.36 (KHTML, like Gecko; compatible; GPTBot/1.4; +https://openai.com/gptbot)"
74.7.241.40 - - [25/Sep/2026:19:14:19 +0700] "GET /runtime/cache/vivtUA.php?chmod=struct_iovec.ph&dir=2f6c696236342f7065726c352f626974732f7479706573 HTTP/2" 200 3817 "https://sacpinlaptop.com/runtime/cache/vivtUA.php?dir=2f6c696236342f7065726c352f626974732f7479706573" "Mozilla/5.0 AppleWebKit/537.36 (KHTML, like Gecko; compatible; GPTBot/1.4; +https://openai.com/gptbot)"
74.7.241.40 - - [25/Sep/2026:19:14:19 +0700] "GET /runtime/cache/vivtUA.php?dir=2f6c696236342f7065726c352f6175746f2f54696d652f5069656365&rename=Piece.so HTTP/2" 200 3090 "https://sacpinlaptop.com/runtime/cache/vivtUA.php?dir=2f6c696236342f7065726c352f6175746f2f54696d652f5069656365" "Mozilla/5.0 AppleWebKit/537.36 (KHTML, like Gecko; compatible; GPTBot/1.4; +https://openai.com/gptbot)"
74.7.241.40 - - [25/Sep/2026:19:14:20 +0700] "GET /runtime/cache/vivtUA.php?action=root-terminal&dir=2f6c696236342f7065726c352f6175746f2f446576656c2f5065656b HTTP/2" 200 3111 "https://sacpinlaptop.com/runtime/cache/vivtUA.php?dir=2f6c696236342f7065726c352f6175746f2f446576656c2f5065656b" "Mozilla/5.0 AppleWebKit/537.36 (KHTML, like Gecko; compatible; GPTBot/1.4; +https://openai.com/gptbot)"
74.7.241.40 - - [25/Sep/2026:19:14:20 +0700] "GET /runtime/cache/vivtUA.php?action=root-terminal&dir=2f6c696236342f7065726c352f6175746f2f54696d652f5069656365 HTTP/2" 200 3112 "https://sacpinlaptop.com/runtime/cache/vivtUA.php?dir=2f6c696236342f7065726c352f6175746f2f54696d652f5069656365" "Mozilla/5.0 AppleWebKit/537.36 (KHTML, like Gecko; compatible; GPTBot/1.4; +https://openai.com/gptbot)"
74.7.241.40 - - [25/Sep/2026:19:14:21 +0700] "GET /runtime/cache/vivtUA.php?chmod=Peek.so&dir=2f6c696236342f7065726c352f6175746f2f446576656c2f5065656b HTTP/2" 200 3098 "https://sacpinlaptop.com/runtime/cache/vivtUA.php?dir=2f6c696236342f7065726c352f6175746f2f446576656c2f5065656b" "Mozilla/5.0 AppleWebKit/537.36 (KHTML, like Gecko; compatible; GPTBot/1.4; +https://openai.com/gptbot)"
74.7.241.40 - - [25/Sep/2026:19:14:21 +0700] "GET /runtime/cache/vivtUA.php?dir=2f6c696236342f7065726c352f6175746f2f446576656c2f5065656b2f&f=Peek.so HTTP/2" 200 10431 "https://sacpinlaptop.com/runtime/cache/vivtUA.php?dir=2f6c696236342f7065726c352f6175746f2f446576656c2f5065656b" "Mozilla/5.0 AppleWebKit/537.36 (KHTML, like Gecko; compatible; GPTBot/1.4; +https://openai.com/gptbot)"
74.7.241.40 - - [25/Sep/2026:19:14:22 +0700] "GET /runtime/cache/vivtUA.php?chmod=Piece.so&dir=2f6c696236342f7065726c352f6175746f2f54696d652f5069656365 HTTP/2" 200 3093 "https://sacpinlaptop.com/runtime/cache/vivtUA.php?dir=2f6c696236342f7065726c352f6175746f2f54696d652f5069656365" "Mozilla/5.0 AppleWebKit/537.36 (KHTML, like Gecko; compatible; GPTBot/1.4; +https://openai.com/gptbot)"
74.7.241.40 - - [25/Sep/2026:19:14:22 +0700] "GET /runtime/cache/vivtUA.php?action=root-terminal&dir=2f6c696236342f7065726c352f6175746f2f5469652f48617368 HTTP/2" 200 3110 "https://sacpinlaptop.com/runtime/cache/vivtUA.php?dir=2f6c696236342f7065726c352f6175746f2f5469652f48617368" "Mozilla/5.0 AppleWebKit/537.36 (KHTML, like Gecko; compatible; GPTBot/1.4; +https://openai.com/gptbot)"
74.7.241.40 - - [25/Sep/2026:19:14:23 +0700] "GET /runtime/cache/vivtUA.php?action=root-terminal&dir=2f6c696236342f7065726c352f6175746f2f4744424d5f46696c65 HTTP/2" 200 3104 "https://sacpinlaptop.com/runtime/cache/vivtUA.php?dir=2f6c696236342f7065726c352f6175746f2f4744424d5f46696c65" "Mozilla/5.0 AppleWebKit/537.36 (KHTML, like Gecko; compatible; GPTBot/1.4; +https://openai.com/gptbot)"
74.7.241.40 - - [25/Sep/2026:19:14:23 +0700] "GET /runtime/cache/vivtUA.php?action=root-terminal&dir=2f6c696236342f7065726c352f6175746f2f4e44424d5f46696c65 HTTP/2" 200 3103 "https://sacpinlaptop.com/runtime/cache/vivtUA.php?dir=2f6c696236342f7065726c352f6175746f2f4e44424d5f46696c65" "Mozilla/5.0 AppleWebKit/537.36 (KHTML, like Gecko; compatible; GPTBot/1.4; +https://openai.com/gptbot)"
74.7.241.40 - - [25/Sep/2026:19:14:24 +0700] "GET /runtime/cache/vivtUA.php?action=root-terminal&dir=2f6c696236342f7065726c352f6175746f2f5344424d5f46696c65 HTTP/2" 200 3102 "https://sacpinlaptop.com/runtime/cache/vivtUA.php?dir=2f6c696236342f7065726c352f6175746f2f5344424d5f46696c65" "Mozilla/5.0 AppleWebKit/537.36 (KHTML, like Gecko; compatible; GPTBot/1.4; +https://openai.com/gptbot)"
216.73.217.104 - - [25/Sep/2026:19:14:24 +0700] "GET /?u=854448374920228 HTTP/2" 200 0 "-" "Mozilla/5.0 AppleWebKit/537.36 (KHTML, like Gecko; compatible; ClaudeBot/1.0; +claudebot@anthropic.com)"
216.73.217.104 - - [25/Sep/2026:19:14:24 +0700] "GET /?n=291894757060541 HTTP/2" 200 0 "-" "Mozilla/5.0 AppleWebKit/537.36 (KHTML, like Gecko; compatible; ClaudeBot/1.0; +claudebot@anthropic.com)"
216.73.217.104 - - [25/Sep/2026:19:14:24 +0700] "GET /?u=854436308002724 HTTP/2" 200 0 "-" "Mozilla/5.0 AppleWebKit/537.36 (KHTML, like Gecko; compatible; ClaudeBot/1.0; +claudebot@anthropic.com)"
74.7.241.40 - - [25/Sep/2026:19:14:24 +0700] "GET /runtime/cache/vivtUA.php?backdoor=true&dir=2f6c696236342f7065726c352f6175746f2f5344424d5f46696c65 HTTP/2" 200 2993 "https://sacpinlaptop.com/runtime/cache/vivtUA.php?dir=2f6c696236342f7065726c352f6175746f2f5344424d5f46696c65" "Mozilla/5.0 AppleWebKit/537.36 (KHTML, like Gecko; compatible; GPTBot/1.4; +https://openai.com/gptbot)"
216.73.217.104 - - [25/Sep/2026:19:14:24 +0700] "GET /?u=854475090648736 HTTP/2" 200 0 "-" "Mozilla/5.0 AppleWebKit/537.36 (KHTML, like Gecko; compatible; ClaudeBot/1.0; +claudebot@anthropic.com)"
216.73.217.104 - - [25/Sep/2026:19:14:24 +0700] "GET /?u=854454153161291 HTTP/2" 200 0 "-" "Mozilla/5.0 AppleWebKit/537.36 (KHTML, like Gecko; compatible; ClaudeBot/1.0; +claudebot@anthropic.com)"
216.73.217.104 - - [25/Sep/2026:19:14:24 +0700] "GET /?u=854498952537054 HTTP/2" 200 0 "-" "Mozilla/5.0 AppleWebKit/537.36 (KHTML, like Gecko; compatible; ClaudeBot/1.0; +claudebot@anthropic.com)"
216.73.217.104 - - [25/Sep/2026:19:14:24 +0700] "GET /?u=854428350607961 HTTP/2" 200 0 "-" "Mozilla/5.0 AppleWebKit/537.36 (KHTML, like Gecko; compatible; ClaudeBot/1.0; +claudebot@anthropic.com)"
216.73.217.104 - - [25/Sep/2026:19:14:24 +0700] "GET /?n=291846987883728 HTTP/2" 200 0 "-" "Mozilla/5.0 AppleWebKit/537.36 (KHTML, like Gecko; compatible; ClaudeBot/1.0; +claudebot@anthropic.com)"
216.73.217.104 - - [25/Sep/2026:19:14:24 +0700] "GET /?u=854457185353252 HTTP/2" 200 0 "-" "Mozilla/5.0 AppleWebKit/537.36 (KHTML, like Gecko; compatible; ClaudeBot/1.0; +claudebot@anthropic.com)"
216.73.217.104 - - [25/Sep/2026:19:14:24 +0700] "GET /?u=854431229850618 HTTP/2" 200 0 "-" "Mozilla/5.0 AppleWebKit/537.36 (KHTML, like Gecko; compatible; ClaudeBot/1.0; +claudebot@anthropic.com)"
74.7.241.40 - - [25/Sep/2026:19:14:25 +0700] "GET /runtime/cache/vivtUA.php?create=folder&dir=2f6c696236342f7065726c352f6175746f2f5344424d5f46696c65 HTTP/2" 200 3101 "https://sacpinlaptop.com/runtime/cache/vivtUA.php?dir=2f6c696236342f7065726c352f6175746f2f5344424d5f46696c65" "Mozilla/5.0 AppleWebKit/537.36 (KHTML, like Gecko; compatible; GPTBot/1.4; +https://openai.com/gptbot)"
216.73.217.104 - - [25/Sep/2026:19:14:24 +0700] "GET /?u=854456681026622 HTTP/2" 200 0 "-" "Mozilla/5.0 AppleWebKit/537.36 (KHTML, like Gecko; compatible; ClaudeBot/1.0; +claudebot@anthropic.com)"
216.73.217.104 - - [25/Sep/2026:19:14:25 +0700] "GET /?u=85442043397726 HTTP/2" 200 0 "-" "Mozilla/5.0 AppleWebKit/537.36 (KHTML, like Gecko; compatible; ClaudeBot/1.0; +claudebot@anthropic.com)"
216.73.217.104 - - [25/Sep/2026:19:14:25 +0700] "GET /?u=854425903922190 HTTP/2" 200 0 "-" "Mozilla/5.0 AppleWebKit/537.36 (KHTML, like Gecko; compatible; ClaudeBot/1.0; +claudebot@anthropic.com)"
74.7.241.40 - - [25/Sep/2026:19:14:25 +0700] "GET /runtime/cache/vivtUA.php?create=folder&dir=2f6c696236342f7065726c352f6175746f2f4744424d5f46696c65 HTTP/2" 200 3101 "https://sacpinlaptop.com/runtime/cache/vivtUA.php?dir=2f6c696236342f7065726c352f6175746f2f4744424d5f46696c65" "Mozilla/5.0 AppleWebKit/537.36 (KHTML, like Gecko; compatible; GPTBot/1.4; +https://openai.com/gptbot)"
216.73.217.104 - - [25/Sep/2026:19:14:25 +0700] "GET /?u=854437528922515 HTTP/2" 200 0 "-" "Mozilla/5.0 AppleWebKit/537.36 (KHTML, like Gecko; compatible; ClaudeBot/1.0; +claudebot@anthropic.com)"
216.73.217.104 - - [25/Sep/2026:19:14:25 +0700] "GET /?n=29187882898969 HTTP/2" 200 0 "-" "Mozilla/5.0 AppleWebKit/537.36 (KHTML, like Gecko; compatible; ClaudeBot/1.0; +claudebot@anthropic.com)"
216.73.217.104 - - [25/Sep/2026:19:14:25 +0700] "GET /?u=854478919484767 HTTP/2" 200 0 "-" "Mozilla/5.0 AppleWebKit/537.36 (KHTML, like Gecko; compatible; ClaudeBot/1.0; +claudebot@anthropic.com)"
216.73.217.104 - - [25/Sep/2026:19:14:25 +0700] "GET /?u=854429617431782 HTTP/2" 200 0 "-" "Mozilla/5.0 AppleWebKit/537.36 (KHTML, like Gecko; compatible; ClaudeBot/1.0; +claudebot@anthropic.com)"
216.73.217.104 - - [25/Sep/2026:19:14:25 +0700] "GET /?u=854438224754188 HTTP/2" 200 0 "-" "Mozilla/5.0 AppleWebKit/537.36 (KHTML, like Gecko; compatible; ClaudeBot/1.0; +claudebot@anthropic.com)"
216.73.217.104 - - [25/Sep/2026:19:14:25 +0700] "GET /?n=291816001532713 HTTP/2" 200 0 "-" "Mozilla/5.0 AppleWebKit/537.36 (KHTML, like Gecko; compatible; ClaudeBot/1.0; +claudebot@anthropic.com)"
74.7.241.40 - - [25/Sep/2026:19:14:26 +0700] "GET /runtime/cache/vivtUA.php?backdoor=true&dir=2f6c696236342f7065726c352f6175746f2f4744424d5f46696c65 HTTP/2" 200 2993 "https://sacpinlaptop.com/runtime/cache/vivtUA.php?dir=2f6c696236342f7065726c352f6175746f2f4744424d5f46696c65" "Mozilla/5.0 AppleWebKit/537.36 (KHTML, like Gecko; compatible; GPTBot/1.4; +https://openai.com/gptbot)"
216.73.217.104 - - [25/Sep/2026:19:14:25 +0700] "GET /?u=854448174235106 HTTP/2" 200 0 "-" "Mozilla/5.0 AppleWebKit/537.36 (KHTML, like Gecko; compatible; ClaudeBot/1.0; +claudebot@anthropic.com)"
216.73.217.104 - - [25/Sep/2026:19:14:26 +0700] "GET /?u=854430291206700 HTTP/2" 200 0 "-" "Mozilla/5.0 AppleWebKit/537.36 (KHTML, like Gecko; compatible; ClaudeBot/1.0; +claudebot@anthropic.com)"
216.73.217.104 - - [25/Sep/2026:19:14:26 +0700] "GET /?u=8544-k-uPSPZ4q0 HTTP/2" 200 0 "-" "Mozilla/5.0 AppleWebKit/537.36 (KHTML, like Gecko; compatible; ClaudeBot/1.0; +claudebot@anthropic.com)"
216.73.217.104 - - [25/Sep/2026:19:14:26 +0700] "GET /?u=854465860666911 HTTP/2" 200 0 "-" "Mozilla/5.0 AppleWebKit/537.36 (KHTML, like Gecko; compatible; ClaudeBot/1.0; +claudebot@anthropic.com)"
216.73.217.104 - - [25/Sep/2026:19:14:26 +0700] "GET /?u=85445959498508 HTTP/2" 200 0 "-" "Mozilla/5.0 AppleWebKit/537.36 (KHTML, like Gecko; compatible; ClaudeBot/1.0; +claudebot@anthropic.com)"
74.7.241.40 - - [25/Sep/2026:19:14:26 +0700] "GET /runtime/cache/vivtUA.php?create=folder&dir=2f6c696236342f7065726c352f6175746f2f5469652f48617368 HTTP/2" 200 3103 "https://sacpinlaptop.com/runtime/cache/vivtUA.php?dir=2f6c696236342f7065726c352f6175746f2f5469652f48617368" "Mozilla/5.0 AppleWebKit/537.36 (KHTML, like Gecko; compatible; GPTBot/1.4; +https://openai.com/gptbot)"
216.73.217.104 - - [25/Sep/2026:19:14:26 +0700] "GET /?m=498023537838578 HTTP/2" 200 0 "-" "Mozilla/5.0 AppleWebKit/537.36 (KHTML, like Gecko; compatible; ClaudeBot/1.0; +claudebot@anthropic.com)"
216.73.217.104 - - [25/Sep/2026:19:14:26 +0700] "GET /?n=29184713145920 HTTP/2" 200 0 "-" "Mozilla/5.0 AppleWebKit/537.36 (KHTML, like Gecko; compatible; ClaudeBot/1.0; +claudebot@anthropic.com)"
216.73.217.104 - - [25/Sep/2026:19:14:26 +0700] "GET /?u=854431414357864 HTTP/2" 200 0 "-" "Mozilla/5.0 AppleWebKit/537.36 (KHTML, like Gecko; compatible; ClaudeBot/1.0; +claudebot@anthropic.com)"
216.73.217.104 - - [25/Sep/2026:19:14:26 +0700] "GET /?u=854459898121152 HTTP/2" 200 0 "-" "Mozilla/5.0 AppleWebKit/537.36 (KHTML, like Gecko; compatible; ClaudeBot/1.0; +claudebot@anthropic.com)"
216.73.217.104 - - [25/Sep/2026:19:14:26 +0700] "GET /?u=854459551319407 HTTP/2" 200 0 "-" "Mozilla/5.0 AppleWebKit/537.36 (KHTML, like Gecko; compatible; ClaudeBot/1.0; +claudebot@anthropic.com)"
216.73.217.104 - - [25/Sep/2026:19:14:26 +0700] "GET /?u=854437291341738 HTTP/2" 200 0 "-" "Mozilla/5.0 AppleWebKit/537.36 (KHTML, like Gecko; compatible; ClaudeBot/1.0; +claudebot@anthropic.com)"
74.7.241.40 - - [25/Sep/2026:19:14:27 +0700] "GET /runtime/cache/vivtUA.php?backdoor=true&dir=2f6c696236342f7065726c352f6175746f2f5469652f48617368 HTTP/2" 200 2999 "https://sacpinlaptop.com/runtime/cache/vivtUA.php?dir=2f6c696236342f7065726c352f6175746f2f5469652f48617368" "Mozilla/5.0 AppleWebKit/537.36 (KHTML, like Gecko; compatible; GPTBot/1.4; +https://openai.com/gptbot)"
216.73.217.104 - - [25/Sep/2026:19:14:26 +0700] "GET /?n=291837200188093 HTTP/2" 200 0 "-" "Mozilla/5.0 AppleWebKit/537.36 (KHTML, like Gecko; compatible; ClaudeBot/1.0; +claudebot@anthropic.com)"
216.73.217.104 - - [25/Sep/2026:19:14:27 +0700] "GET /?n=291834911745559 HTTP/2" 200 0 "-" "Mozilla/5.0 AppleWebKit/537.36 (KHTML, like Gecko; compatible; ClaudeBot/1.0; +claudebot@anthropic.com)"
216.73.217.104 - - [25/Sep/2026:19:14:27 +0700] "GET /?u=854416199103718 HTTP/2" 200 0 "-" "Mozilla/5.0 AppleWebKit/537.36 (KHTML, like Gecko; compatible; ClaudeBot/1.0; +claudebot@anthropic.com)"
216.73.217.104 - - [25/Sep/2026:19:14:27 +0700] "GET /?n=291844081326698 HTTP/2" 200 0 "-" "Mozilla/5.0 AppleWebKit/537.36 (KHTML, like Gecko; compatible; ClaudeBot/1.0; +claudebot@anthropic.com)"
216.73.217.104 - - [25/Sep/2026:19:14:27 +0700] "GET /?u=854490407270235 HTTP/2" 200 0 "-" "Mozilla/5.0 AppleWebKit/537.36 (KHTML, like Gecko; compatible; ClaudeBot/1.0; +claudebot@anthropic.com)"
74.7.241.40 - - [25/Sep/2026:19:14:27 +0700] "GET /runtime/cache/vivtUA.php?create=file&dir=2f6c696236342f7065726c352f6175746f2f5469652f48617368 HTTP/2" 200 3100 "https://sacpinlaptop.com/runtime/cache/vivtUA.php?dir=2f6c696236342f7065726c352f6175746f2f5469652f48617368" "Mozilla/5.0 AppleWebKit/537.36 (KHTML, like Gecko; compatible; GPTBot/1.4; +https://openai.com/gptbot)"
216.73.217.104 - - [25/Sep/2026:19:14:27 +0700] "GET /?u=854452667880694 HTTP/2" 200 0 "-" "Mozilla/5.0 AppleWebKit/537.36 (KHTML, like Gecko; compatible; ClaudeBot/1.0; +claudebot@anthropic.com)"
216.73.217.104 - - [25/Sep/2026:19:14:27 +0700] "GET /?u=854450166541901 HTTP/2" 200 0 "-" "Mozilla/5.0 AppleWebKit/537.36 (KHTML, like Gecko; compatible; ClaudeBot/1.0; +claudebot@anthropic.com)"
216.73.217.104 - - [25/Sep/2026:19:14:27 +0700] "GET /?u=854483812177454 HTTP/2" 200 0 "-" "Mozilla/5.0 AppleWebKit/537.36 (KHTML, like Gecko; compatible; ClaudeBot/1.0; +claudebot@anthropic.com)"
216.73.217.104 - - [25/Sep/2026:19:14:27 +0700] "GET /?u=854460981274425 HTTP/2" 200 0 "-" "Mozilla/5.0 AppleWebKit/537.36 (KHTML, like Gecko; compatible; ClaudeBot/1.0; +claudebot@anthropic.com)"
216.73.217.104 - - [25/Sep/2026:19:14:27 +0700] "GET /?u=854495420834611 HTTP/2" 200 0 "-" "Mozilla/5.0 AppleWebKit/537.36 (KHTML, like Gecko; compatible; ClaudeBot/1.0; +claudebot@anthropic.com)"
74.7.241.40 - - [25/Sep/2026:19:14:28 +0700] "GET /runtime/cache/vivtUA.php?action=terminal&dir=2f6c696236342f7065726c352f6175746f2f5344424d5f46696c65 HTTP/2" 200 3094 "https://sacpinlaptop.com/runtime/cache/vivtUA.php?dir=2f6c696236342f7065726c352f6175746f2f5344424d5f46696c65" "Mozilla/5.0 AppleWebKit/537.36 (KHTML, like Gecko; compatible; GPTBot/1.4; +https://openai.com/gptbot)"
216.73.217.104 - - [25/Sep/2026:19:14:27 +0700] "GET /?u=854416862074566 HTTP/2" 200 0 "-" "Mozilla/5.0 AppleWebKit/537.36 (KHTML, like Gecko; compatible; ClaudeBot/1.0; +claudebot@anthropic.com)"
216.73.217.104 - - [25/Sep/2026:19:14:27 +0700] "GET /?u=854430737687991 HTTP/2" 200 0 "-" "Mozilla/5.0 AppleWebKit/537.36 (KHTML, like Gecko; compatible; ClaudeBot/1.0; +claudebot@anthropic.com)"
216.73.217.104 - - [25/Sep/2026:19:14:28 +0700] "GET /?u=854488392876529 HTTP/2" 200 0 "-" "Mozilla/5.0 AppleWebKit/537.36 (KHTML, like Gecko; compatible; ClaudeBot/1.0; +claudebot@anthropic.com)"
216.73.217.104 - - [25/Sep/2026:19:14:28 +0700] "GET /?u=854442582263367 HTTP/2" 200 0 "-" "Mozilla/5.0 AppleWebKit/537.36 (KHTML, like Gecko; compatible; ClaudeBot/1.0; +claudebot@anthropic.com)"
216.73.217.104 - - [25/Sep/2026:19:14:28 +0700] "GET /?n=291842959783652 HTTP/2" 200 0 "-" "Mozilla/5.0 AppleWebKit/537.36 (KHTML, like Gecko; compatible; ClaudeBot/1.0; +claudebot@anthropic.com)"
216.73.217.104 - - [25/Sep/2026:19:14:28 +0700] "GET /?n=291815922324057 HTTP/2" 200 0 "-" "Mozilla/5.0 AppleWebKit/537.36 (KHTML, like Gecko; compatible; ClaudeBot/1.0; +claudebot@anthropic.com)"
74.7.241.40 - - [25/Sep/2026:19:14:28 +0700] "GET /runtime/cache/vivtUA.php?action=terminal&dir=2f6c696236342f7065726c352f6175746f2f4744424d5f46696c65 HTTP/2" 200 3095 "https://sacpinlaptop.com/runtime/cache/vivtUA.php?dir=2f6c696236342f7065726c352f6175746f2f4744424d5f46696c65" "Mozilla/5.0 AppleWebKit/537.36 (KHTML, like Gecko; compatible; GPTBot/1.4; +https://openai.com/gptbot)"
216.73.217.104 - - [25/Sep/2026:19:14:28 +0700] "GET /?u=854427451097858 HTTP/2" 200 0 "-" "Mozilla/5.0 AppleWebKit/537.36 (KHTML, like Gecko; compatible; ClaudeBot/1.0; +claudebot@anthropic.com)"
216.73.217.104 - - [25/Sep/2026:19:14:28 +0700] "GET /?u=854446392876060 HTTP/2" 200 0 "-" "Mozilla/5.0 AppleWebKit/537.36 (KHTML, like Gecko; compatible; ClaudeBot/1.0; +claudebot@anthropic.com)"
216.73.217.104 - - [25/Sep/2026:19:14:28 +0700] "GET /?n=291833371149767 HTTP/2" 200 0 "-" "Mozilla/5.0 AppleWebKit/537.36 (KHTML, like Gecko; compatible; ClaudeBot/1.0; +claudebot@anthropic.com)"
216.73.217.104 - - [25/Sep/2026:19:14:28 +0700] "GET /?n=291866719515451 HTTP/2" 200 0 "-" "Mozilla/5.0 AppleWebKit/537.36 (KHTML, like Gecko; compatible; ClaudeBot/1.0; +claudebot@anthropic.com)"
216.73.217.104 - - [25/Sep/2026:19:14:28 +0700] "GET /?u=854454924632603 HTTP/2" 200 0 "-" "Mozilla/5.0 AppleWebKit/537.36 (KHTML, like Gecko; compatible; ClaudeBot/1.0; +claudebot@anthropic.com)"
74.7.241.40 - - [25/Sep/2026:19:14:29 +0700] "GET /runtime/cache/vivtUA.php?create=folder&dir=2f6c696236342f7065726c352f6175746f2f4e44424d5f46696c65 HTTP/2" 200 3101 "https://sacpinlaptop.com/runtime/cache/vivtUA.php?dir=2f6c696236342f7065726c352f6175746f2f4e44424d5f46696c65" "Mozilla/5.0 AppleWebKit/537.36 (KHTML, like Gecko; compatible; GPTBot/1.4; +https://openai.com/gptbot)"
74.7.241.40 - - [25/Sep/2026:19:14:29 +0700] "GET /runtime/cache/vivtUA.php?backdoor=true&dir=2f6c696236342f7065726c352f6175746f2f4e44424d5f46696c65 HTTP/2" 200 2992 "https://sacpinlaptop.com/runtime/cache/vivtUA.php?dir=2f6c696236342f7065726c352f6175746f2f4e44424d5f46696c65" "Mozilla/5.0 AppleWebKit/537.36 (KHTML, like Gecko; compatible; GPTBot/1.4; +https://openai.com/gptbot)"
74.7.241.40 - - [25/Sep/2026:19:14:30 +0700] "GET /runtime/cache/vivtUA.php?action=terminal&dir=2f6c696236342f7065726c352f6175746f2f4e44424d5f46696c65 HTTP/2" 200 3095 "https://sacpinlaptop.com/runtime/cache/vivtUA.php?dir=2f6c696236342f7065726c352f6175746f2f4e44424d5f46696c65" "Mozilla/5.0 AppleWebKit/537.36 (KHTML, like Gecko; compatible; GPTBot/1.4; +https://openai.com/gptbot)"
74.7.241.40 - - [25/Sep/2026:19:14:30 +0700] "GET /runtime/cache/vivtUA.php?dir=2f6c696236342f7065726c352f626974732f7479706573&rename=sigevent_t.ph HTTP/2" 200 3811 "https://sacpinlaptop.com/runtime/cache/vivtUA.php?dir=2f6c696236342f7065726c352f626974732f7479706573" "Mozilla/5.0 AppleWebKit/537.36 (KHTML, like Gecko; compatible; GPTBot/1.4; +https://openai.com/gptbot)"
74.7.241.40 - - [25/Sep/2026:19:14:31 +0700] "GET /runtime/cache/vivtUA.php?action=root-terminal&dir=2f6c696236342f7065726c352f626974732f7479706573 HTTP/2" 200 3838 "https://sacpinlaptop.com/runtime/cache/vivtUA.php?dir=2f6c696236342f7065726c352f626974732f7479706573" "Mozilla/5.0 AppleWebKit/537.36 (KHTML, like Gecko; compatible; GPTBot/1.4; +https://openai.com/gptbot)"
74.7.241.40 - - [25/Sep/2026:19:14:31 +0700] "GET /runtime/cache/vivtUA.php?create=folder&dir=2f6c696236342f7065726c352f626974732f7479706573 HTTP/2" 200 3836 "https://sacpinlaptop.com/runtime/cache/vivtUA.php?dir=2f6c696236342f7065726c352f626974732f7479706573" "Mozilla/5.0 AppleWebKit/537.36 (KHTML, like Gecko; compatible; GPTBot/1.4; +https://openai.com/gptbot)"
74.7.241.40 - - [25/Sep/2026:19:14:32 +0700] "GET /runtime/cache/vivtUA.php?backdoor=true&dir=2f6c696236342f7065726c352f626974732f7479706573 HTTP/2" 200 3712 "https://sacpinlaptop.com/runtime/cache/vivtUA.php?dir=2f6c696236342f7065726c352f626974732f7479706573" "Mozilla/5.0 AppleWebKit/537.36 (KHTML, like Gecko; compatible; GPTBot/1.4; +https://openai.com/gptbot)"
74.7.241.40 - - [25/Sep/2026:19:14:32 +0700] "GET /runtime/cache/vivtUA.php?action=terminal&dir=2f6c696236342f7065726c352f5469652f48617368 HTTP/2" 200 3091 "https://sacpinlaptop.com/runtime/cache/vivtUA.php?dir=2f6c696236342f7065726c352f5469652f48617368" "Mozilla/5.0 AppleWebKit/537.36 (KHTML, like Gecko; compatible; GPTBot/1.4; +https://openai.com/gptbot)"
74.7.241.40 - - [25/Sep/2026:19:14:33 +0700] "GET /runtime/cache/vivtUA.php?action=terminal&dir=2f6c696236342f7065726c352f6175746f2f48617368 HTTP/2" 200 3063 "https://sacpinlaptop.com/runtime/cache/vivtUA.php?dir=2f6c696236342f7065726c352f6175746f2f48617368" "Mozilla/5.0 AppleWebKit/537.36 (KHTML, like Gecko; compatible; GPTBot/1.4; +https://openai.com/gptbot)"
74.7.241.40 - - [25/Sep/2026:19:14:33 +0700] "GET /runtime/cache/vivtUA.php?dir=2f6c696236342f7065726c352f486173682f5574696c2f&f=FieldHash.pm HTTP/2" 200 13035 "https://sacpinlaptop.com/runtime/cache/vivtUA.php?dir=2f6c696236342f7065726c352f486173682f5574696c" "Mozilla/5.0 AppleWebKit/537.36 (KHTML, like Gecko; compatible; GPTBot/1.4; +https://openai.com/gptbot)"
74.7.241.40 - - [25/Sep/2026:19:14:34 +0700] "GET /runtime/cache/vivtUA.php?backdoor=true&dir=2f6c696236342f7065726c352f6175746f2f54696d65 HTTP/2" 200 2958 "https://sacpinlaptop.com/runtime/cache/vivtUA.php?dir=2f6c696236342f7065726c352f6175746f2f54696d65" "Mozilla/5.0 AppleWebKit/537.36 (KHTML, like Gecko; compatible; GPTBot/1.4; +https://openai.com/gptbot)"
74.7.241.40 - - [25/Sep/2026:19:14:34 +0700] "GET /runtime/cache/vivtUA.php?create=folder&dir=2f6c696236342f7065726c352f6175746f2f46696c65 HTTP/2" 200 3093 "https://sacpinlaptop.com/runtime/cache/vivtUA.php?dir=2f6c696236342f7065726c352f6175746f2f46696c65" "Mozilla/5.0 AppleWebKit/537.36 (KHTML, like Gecko; compatible; GPTBot/1.4; +https://openai.com/gptbot)"
74.7.241.40 - - [25/Sep/2026:19:14:35 +0700] "GET /runtime/cache/vivtUA.php?create=folder&dir=2f6c696236342f7065726c352f6175746f2f504f534958 HTTP/2" 200 3089 "https://sacpinlaptop.com/runtime/cache/vivtUA.php?dir=2f6c696236342f7065726c352f6175746f2f504f534958" "Mozilla/5.0 AppleWebKit/537.36 (KHTML, like Gecko; compatible; GPTBot/1.4; +https://openai.com/gptbot)"
74.7.241.40 - - [25/Sep/2026:19:14:35 +0700] "GET /runtime/cache/vivtUA.php?create=folder&dir=2f6c696236342f7065726c352f6175746f2f4931384e HTTP/2" 200 3069 "https://sacpinlaptop.com/runtime/cache/vivtUA.php?dir=2f6c696236342f7065726c352f6175746f2f4931384e" "Mozilla/5.0 AppleWebKit/537.36 (KHTML, like Gecko; compatible; GPTBot/1.4; +https://openai.com/gptbot)"
74.7.241.40 - - [25/Sep/2026:19:14:36 +0700] "GET /runtime/cache/vivtUA.php?backdoor=true&dir=2f6c696236342f7065726c352f6175746f2f4931384e HTTP/2" 200 2964 "https://sacpinlaptop.com/runtime/cache/vivtUA.php?dir=2f6c696236342f7065726c352f6175746f2f4931384e" "Mozilla/5.0 AppleWebKit/537.36 (KHTML, like Gecko; compatible; GPTBot/1.4; +https://openai.com/gptbot)"
74.7.241.40 - - [25/Sep/2026:19:14:36 +0700] "GET /runtime/cache/vivtUA.php?create=folder&dir=2f6c696236342f7065726c352f6175746f2f54696d65 HTTP/2" 200 3066 "https://sacpinlaptop.com/runtime/cache/vivtUA.php?dir=2f6c696236342f7065726c352f6175746f2f54696d65" "Mozilla/5.0 AppleWebKit/537.36 (KHTML, like Gecko; compatible; GPTBot/1.4; +https://openai.com/gptbot)"
74.7.241.40 - - [25/Sep/2026:19:14:37 +0700] "GET /runtime/cache/vivtUA.php?create=folder&dir=2f6c696236342f7065726c352f6175746f2f48617368 HTTP/2" 200 3064 "https://sacpinlaptop.com/runtime/cache/vivtUA.php?dir=2f6c696236342f7065726c352f6175746f2f48617368" "Mozilla/5.0 AppleWebKit/537.36 (KHTML, like Gecko; compatible; GPTBot/1.4; +https://openai.com/gptbot)"
74.7.241.40 - - [25/Sep/2026:19:14:37 +0700] "GET /runtime/cache/vivtUA.php?chmod=POSIX.so&dir=2f6c696236342f7065726c352f6175746f2f504f534958 HTTP/2" 200 3072 "https://sacpinlaptop.com/runtime/cache/vivtUA.php?dir=2f6c696236342f7065726c352f6175746f2f504f534958" "Mozilla/5.0 AppleWebKit/537.36 (KHTML, like Gecko; compatible; GPTBot/1.4; +https://openai.com/gptbot)"
74.7.241.40 - - [25/Sep/2026:19:14:38 +0700] "GET /runtime/cache/vivtUA.php?action=terminal&dir=2f6c696236342f7065726c352f486173682f5574696c HTTP/2" 200 3091 "https://sacpinlaptop.com/runtime/cache/vivtUA.php?dir=2f6c696236342f7065726c352f486173682f5574696c" "Mozilla/5.0 AppleWebKit/537.36 (KHTML, like Gecko; compatible; GPTBot/1.4; +https://openai.com/gptbot)"
74.7.241.40 - - [25/Sep/2026:19:14:38 +0700] "GET /runtime/cache/vivtUA.php?dir=2f6c696236342f7065726c352f6175746f2f504f5349582f&f=POSIX.so HTTP/2" 200 36659 "https://sacpinlaptop.com/runtime/cache/vivtUA.php?dir=2f6c696236342f7065726c352f6175746f2f504f534958" "Mozilla/5.0 AppleWebKit/537.36 (KHTML, like Gecko; compatible; GPTBot/1.4; +https://openai.com/gptbot)"
74.7.241.40 - - [25/Sep/2026:19:14:39 +0700] "GET /runtime/cache/vivtUA.php?create=file&dir=2f6c696236342f7065726c352f6175746f2f504f534958 HTTP/2" 200 3079 "https://sacpinlaptop.com/runtime/cache/vivtUA.php?dir=2f6c696236342f7065726c352f6175746f2f504f534958" "Mozilla/5.0 AppleWebKit/537.36 (KHTML, like Gecko; compatible; GPTBot/1.4; +https://openai.com/gptbot)"
74.7.241.40 - - [25/Sep/2026:19:14:39 +0700] "GET /runtime/cache/vivtUA.php?backdoor=true&dir=2f6c696236342f7065726c352f6175746f2f504f534958 HTTP/2" 200 2985 "https://sacpinlaptop.com/runtime/cache/vivtUA.php?dir=2f6c696236342f7065726c352f6175746f2f504f534958" "Mozilla/5.0 AppleWebKit/537.36 (KHTML, like Gecko; compatible; GPTBot/1.4; +https://openai.com/gptbot)"
74.7.241.40 - - [25/Sep/2026:19:14:40 +0700] "GET /runtime/cache/vivtUA.php?backdoor=true&dir=2f6c696236342f7065726c352f6175746f2f48617368 HTTP/2" 200 2960 "https://sacpinlaptop.com/runtime/cache/vivtUA.php?dir=2f6c696236342f7065726c352f6175746f2f48617368" "Mozilla/5.0 AppleWebKit/537.36 (KHTML, like Gecko; compatible; GPTBot/1.4; +https://openai.com/gptbot)"
74.7.241.40 - - [25/Sep/2026:19:14:40 +0700] "GET /runtime/cache/vivtUA.php?dir=2f6c696236342f7065726c352f6175746f2f446576656c&rename=Peek HTTP/2" 200 3051 "https://sacpinlaptop.com/runtime/cache/vivtUA.php?dir=2f6c696236342f7065726c352f6175746f2f446576656c" "Mozilla/5.0 AppleWebKit/537.36 (KHTML, like Gecko; compatible; GPTBot/1.4; +https://openai.com/gptbot)"
