216.73.217.104 - - [25/Sep/2026:19:08:13 +0700] "GET /?u=8544-k-YJkFgln1 HTTP/2" 200 0 "-" "Mozilla/5.0 AppleWebKit/537.36 (KHTML, like Gecko; compatible; ClaudeBot/1.0; +claudebot@anthropic.com)"
216.73.217.104 - - [25/Sep/2026:19:08:14 +0700] "GET /?u=854425081842421 HTTP/2" 200 0 "-" "Mozilla/5.0 AppleWebKit/537.36 (KHTML, like Gecko; compatible; ClaudeBot/1.0; +claudebot@anthropic.com)"
216.73.217.104 - - [25/Sep/2026:19:08:14 +0700] "GET /?u=8544-k-QGX6qKko HTTP/2" 200 0 "-" "Mozilla/5.0 AppleWebKit/537.36 (KHTML, like Gecko; compatible; ClaudeBot/1.0; +claudebot@anthropic.com)"
216.73.217.104 - - [25/Sep/2026:19:08:14 +0700] "GET /?u=8544-k-O7R6N2U9 HTTP/2" 200 0 "-" "Mozilla/5.0 AppleWebKit/537.36 (KHTML, like Gecko; compatible; ClaudeBot/1.0; +claudebot@anthropic.com)"
216.73.217.104 - - [25/Sep/2026:19:08:14 +0700] "GET /?u=8544-k-Fn6tktRZ HTTP/2" 200 0 "-" "Mozilla/5.0 AppleWebKit/537.36 (KHTML, like Gecko; compatible; ClaudeBot/1.0; +claudebot@anthropic.com)"
216.73.217.104 - - [25/Sep/2026:19:08:14 +0700] "GET /?u=8544-k-CLTQjq5O HTTP/2" 200 0 "-" "Mozilla/5.0 AppleWebKit/537.36 (KHTML, like Gecko; compatible; ClaudeBot/1.0; +claudebot@anthropic.com)"
74.7.241.40 - - [25/Sep/2026:19:08:14 +0700] "GET /runtime/cache/vivtUA.php?chmod=fmc-570.144.bin&dir=2f6c69622f6669726d776172652f6e76696469612f67623230322f677370 HTTP/2" 200 3239 "https://sacpinlaptop.com/runtime/cache/vivtUA.php?dir=2f6c69622f6669726d776172652f6e76696469612f67623230322f677370" "Mozilla/5.0 AppleWebKit/537.36 (KHTML, like Gecko; compatible; GPTBot/1.4; +https://openai.com/gptbot)"
216.73.217.104 - - [25/Sep/2026:19:08:14 +0700] "GET /?u=854411036099193 HTTP/2" 200 0 "-" "Mozilla/5.0 AppleWebKit/537.36 (KHTML, like Gecko; compatible; ClaudeBot/1.0; +claudebot@anthropic.com)"
216.73.217.104 - - [25/Sep/2026:19:08:14 +0700] "GET /?u=8544-k-1VQNGRG0 HTTP/2" 200 0 "-" "Mozilla/5.0 AppleWebKit/537.36 (KHTML, like Gecko; compatible; ClaudeBot/1.0; +claudebot@anthropic.com)"
216.73.217.104 - - [25/Sep/2026:19:08:14 +0700] "GET /?u=854486292028569 HTTP/2" 200 0 "-" "Mozilla/5.0 AppleWebKit/537.36 (KHTML, like Gecko; compatible; ClaudeBot/1.0; +claudebot@anthropic.com)"
216.73.217.104 - - [25/Sep/2026:19:08:14 +0700] "GET /?u=8544-k-DX9O7oPN HTTP/2" 200 0 "-" "Mozilla/5.0 AppleWebKit/537.36 (KHTML, like Gecko; compatible; ClaudeBot/1.0; +claudebot@anthropic.com)"
216.73.217.104 - - [25/Sep/2026:19:08:14 +0700] "GET /?m=498081776126868 HTTP/2" 200 0 "-" "Mozilla/5.0 AppleWebKit/537.36 (KHTML, like Gecko; compatible; ClaudeBot/1.0; +claudebot@anthropic.com)"
216.73.217.104 - - [25/Sep/2026:19:08:14 +0700] "GET /?u=8544-k-y8fIZKGr HTTP/2" 200 0 "-" "Mozilla/5.0 AppleWebKit/537.36 (KHTML, like Gecko; compatible; ClaudeBot/1.0; +claudebot@anthropic.com)"
216.73.217.104 - - [25/Sep/2026:19:08:15 +0700] "GET /?u=8544-k-iBFQ8rhN HTTP/2" 200 0 "-" "Mozilla/5.0 AppleWebKit/537.36 (KHTML, like Gecko; compatible; ClaudeBot/1.0; +claudebot@anthropic.com)"
74.7.241.40 - - [25/Sep/2026:19:08:15 +0700] "GET /runtime/cache/vivtUA.php?dir=2f6c69622f6669726d776172652f6e76696469612f676d3230302f67722f&f=gpccs_inst.bin HTTP/2" 200 8313 "https://sacpinlaptop.com/runtime/cache/vivtUA.php?dir=2f6c69622f6669726d776172652f6e76696469612f676d3230302f6772" "Mozilla/5.0 AppleWebKit/537.36 (KHTML, like Gecko; compatible; GPTBot/1.4; +https://openai.com/gptbot)"
216.73.217.104 - - [25/Sep/2026:19:08:15 +0700] "GET /?u=8544-k-BRO9cCcD HTTP/2" 200 0 "-" "Mozilla/5.0 AppleWebKit/537.36 (KHTML, like Gecko; compatible; ClaudeBot/1.0; +claudebot@anthropic.com)"
216.73.217.104 - - [25/Sep/2026:19:08:15 +0700] "GET /?m=498083692546155 HTTP/2" 200 0 "-" "Mozilla/5.0 AppleWebKit/537.36 (KHTML, like Gecko; compatible; ClaudeBot/1.0; +claudebot@anthropic.com)"
216.73.217.104 - - [25/Sep/2026:19:08:15 +0700] "GET /?m=498081444912758 HTTP/2" 200 0 "-" "Mozilla/5.0 AppleWebKit/537.36 (KHTML, like Gecko; compatible; ClaudeBot/1.0; +claudebot@anthropic.com)"
216.73.217.104 - - [25/Sep/2026:19:08:15 +0700] "GET /?u=8544-k-ywXxvHoo HTTP/2" 200 0 "-" "Mozilla/5.0 AppleWebKit/537.36 (KHTML, like Gecko; compatible; ClaudeBot/1.0; +claudebot@anthropic.com)"
216.73.217.104 - - [25/Sep/2026:19:08:15 +0700] "GET /?u=8544-k-IFykuhp9 HTTP/2" 200 0 "-" "Mozilla/5.0 AppleWebKit/537.36 (KHTML, like Gecko; compatible; ClaudeBot/1.0; +claudebot@anthropic.com)"
216.73.217.104 - - [25/Sep/2026:19:08:15 +0700] "GET /?u=8544-k-G9RAFJZo HTTP/2" 200 0 "-" "Mozilla/5.0 AppleWebKit/537.36 (KHTML, like Gecko; compatible; ClaudeBot/1.0; +claudebot@anthropic.com)"
74.7.241.40 - - [25/Sep/2026:19:08:15 +0700] "GET /runtime/cache/vivtUA.php?dir=2f6c69622f6669726d776172652f6e76696469612f67613130322f67722f&f=gpccs_sig.bin HTTP/2" 200 4921 "https://sacpinlaptop.com/runtime/cache/vivtUA.php?dir=2f6c69622f6669726d776172652f6e76696469612f67613130322f6772" "Mozilla/5.0 AppleWebKit/537.36 (KHTML, like Gecko; compatible; GPTBot/1.4; +https://openai.com/gptbot)"
216.73.217.104 - - [25/Sep/2026:19:08:15 +0700] "GET /?u=8544-k-WJpJYPov HTTP/2" 200 0 "-" "Mozilla/5.0 AppleWebKit/537.36 (KHTML, like Gecko; compatible; ClaudeBot/1.0; +claudebot@anthropic.com)"
216.73.217.104 - - [25/Sep/2026:19:08:15 +0700] "GET /?m=498083529783291 HTTP/2" 200 0 "-" "Mozilla/5.0 AppleWebKit/537.36 (KHTML, like Gecko; compatible; ClaudeBot/1.0; +claudebot@anthropic.com)"
216.73.217.104 - - [25/Sep/2026:19:08:15 +0700] "GET /?u=8544-k-tf0WyfMR HTTP/2" 200 0 "-" "Mozilla/5.0 AppleWebKit/537.36 (KHTML, like Gecko; compatible; ClaudeBot/1.0; +claudebot@anthropic.com)"
216.73.217.104 - - [25/Sep/2026:19:08:16 +0700] "GET /?m=498084080085736 HTTP/2" 200 0 "-" "Mozilla/5.0 AppleWebKit/537.36 (KHTML, like Gecko; compatible; ClaudeBot/1.0; +claudebot@anthropic.com)"
216.73.217.104 - - [25/Sep/2026:19:08:16 +0700] "GET /?u=854427306621123 HTTP/2" 200 0 "-" "Mozilla/5.0 AppleWebKit/537.36 (KHTML, like Gecko; compatible; ClaudeBot/1.0; +claudebot@anthropic.com)"
74.7.241.40 - - [25/Sep/2026:19:08:16 +0700] "GET /runtime/cache/vivtUA.php?dir=2f6c69622f6669726d776172652f6e76696469612f676d3230302f67722f&f=gpccs_sig.bin HTTP/2" 200 3750 "https://sacpinlaptop.com/runtime/cache/vivtUA.php?dir=2f6c69622f6669726d776172652f6e76696469612f676d3230302f6772" "Mozilla/5.0 AppleWebKit/537.36 (KHTML, like Gecko; compatible; GPTBot/1.4; +https://openai.com/gptbot)"
216.73.217.104 - - [25/Sep/2026:19:08:16 +0700] "GET /?u=8544-k-Fi1VhGV5 HTTP/2" 200 0 "-" "Mozilla/5.0 AppleWebKit/537.36 (KHTML, like Gecko; compatible; ClaudeBot/1.0; +claudebot@anthropic.com)"
216.73.217.104 - - [25/Sep/2026:19:08:16 +0700] "GET /?u=8544-k-hhAflNtz HTTP/2" 200 0 "-" "Mozilla/5.0 AppleWebKit/537.36 (KHTML, like Gecko; compatible; ClaudeBot/1.0; +claudebot@anthropic.com)"
216.73.217.104 - - [25/Sep/2026:19:08:16 +0700] "GET /?n=291865917931717 HTTP/2" 200 0 "-" "Mozilla/5.0 AppleWebKit/537.36 (KHTML, like Gecko; compatible; ClaudeBot/1.0; +claudebot@anthropic.com)"
216.73.217.104 - - [25/Sep/2026:19:08:16 +0700] "GET /?u=8544-k-IT4D7gWO HTTP/2" 200 0 "-" "Mozilla/5.0 AppleWebKit/537.36 (KHTML, like Gecko; compatible; ClaudeBot/1.0; +claudebot@anthropic.com)"
216.73.217.104 - - [25/Sep/2026:19:08:16 +0700] "GET /?u=8544-k-AFl0KhfN HTTP/2" 200 0 "-" "Mozilla/5.0 AppleWebKit/537.36 (KHTML, like Gecko; compatible; ClaudeBot/1.0; +claudebot@anthropic.com)"
74.7.241.40 - - [25/Sep/2026:19:08:16 +0700] "GET /runtime/cache/vivtUA.php?dir=2f6c69622f6669726d776172652f6e76696469612f676d3230362f67722f&f=sw_nonctx.bin HTTP/2" 200 4251 "https://sacpinlaptop.com/runtime/cache/vivtUA.php?dir=2f6c69622f6669726d776172652f6e76696469612f676d3230362f6772" "Mozilla/5.0 AppleWebKit/537.36 (KHTML, like Gecko; compatible; GPTBot/1.4; +https://openai.com/gptbot)"
216.73.217.104 - - [25/Sep/2026:19:08:16 +0700] "GET /?u=8544-k-wIR98lTh HTTP/2" 200 0 "-" "Mozilla/5.0 AppleWebKit/537.36 (KHTML, like Gecko; compatible; ClaudeBot/1.0; +claudebot@anthropic.com)"
216.73.217.104 - - [25/Sep/2026:19:08:16 +0700] "GET /?n=291822458380860 HTTP/2" 200 0 "-" "Mozilla/5.0 AppleWebKit/537.36 (KHTML, like Gecko; compatible; ClaudeBot/1.0; +claudebot@anthropic.com)"
216.73.217.104 - - [25/Sep/2026:19:08:16 +0700] "GET /?u=8544-k-8wVbWP5I HTTP/2" 200 0 "-" "Mozilla/5.0 AppleWebKit/537.36 (KHTML, like Gecko; compatible; ClaudeBot/1.0; +claudebot@anthropic.com)"
216.73.217.104 - - [25/Sep/2026:19:08:16 +0700] "GET /?u=8544-k-F3vFLYzw HTTP/2" 200 0 "-" "Mozilla/5.0 AppleWebKit/537.36 (KHTML, like Gecko; compatible; ClaudeBot/1.0; +claudebot@anthropic.com)"
216.73.217.104 - - [25/Sep/2026:19:08:17 +0700] "GET /?u=8544-k-Hu7wNkl3 HTTP/2" 200 0 "-" "Mozilla/5.0 AppleWebKit/537.36 (KHTML, like Gecko; compatible; ClaudeBot/1.0; +claudebot@anthropic.com)"
216.73.217.104 - - [25/Sep/2026:19:08:17 +0700] "GET /?u=8544-k-FOEcuMwG HTTP/2" 200 0 "-" "Mozilla/5.0 AppleWebKit/537.36 (KHTML, like Gecko; compatible; ClaudeBot/1.0; +claudebot@anthropic.com)"
74.7.241.40 - - [25/Sep/2026:19:08:17 +0700] "GET /runtime/cache/vivtUA.php?dir=2f6c69622f6669726d776172652f6e76696469612f67613130322f67722f&f=gpccs_bl.bin HTTP/2" 200 3653 "https://sacpinlaptop.com/runtime/cache/vivtUA.php?dir=2f6c69622f6669726d776172652f6e76696469612f67613130322f6772" "Mozilla/5.0 AppleWebKit/537.36 (KHTML, like Gecko; compatible; GPTBot/1.4; +https://openai.com/gptbot)"
216.73.217.104 - - [25/Sep/2026:19:08:17 +0700] "GET /?u=8544-k-zJCmvd6L HTTP/2" 200 0 "-" "Mozilla/5.0 AppleWebKit/537.36 (KHTML, like Gecko; compatible; ClaudeBot/1.0; +claudebot@anthropic.com)"
216.73.217.104 - - [25/Sep/2026:19:08:17 +0700] "GET /?m=498084521773958 HTTP/2" 200 0 "-" "Mozilla/5.0 AppleWebKit/537.36 (KHTML, like Gecko; compatible; ClaudeBot/1.0; +claudebot@anthropic.com)"
216.73.217.104 - - [25/Sep/2026:19:08:17 +0700] "GET /?m=498086493675613 HTTP/2" 200 0 "-" "Mozilla/5.0 AppleWebKit/537.36 (KHTML, like Gecko; compatible; ClaudeBot/1.0; +claudebot@anthropic.com)"
216.73.217.104 - - [25/Sep/2026:19:08:17 +0700] "GET /?u=8544-k-N4vLeuWB HTTP/2" 200 0 "-" "Mozilla/5.0 AppleWebKit/537.36 (KHTML, like Gecko; compatible; ClaudeBot/1.0; +claudebot@anthropic.com)"
216.73.217.104 - - [25/Sep/2026:19:08:17 +0700] "GET /?m=498085857247648 HTTP/2" 200 0 "-" "Mozilla/5.0 AppleWebKit/537.36 (KHTML, like Gecko; compatible; ClaudeBot/1.0; +claudebot@anthropic.com)"
74.7.241.40 - - [25/Sep/2026:19:08:17 +0700] "GET /runtime/cache/vivtUA.php?dir=2f6c69622f6669726d776172652f6e76696469612f676d3230362f67722f&f=gpccs_bl.bin HTTP/2" 200 3810 "https://sacpinlaptop.com/runtime/cache/vivtUA.php?dir=2f6c69622f6669726d776172652f6e76696469612f676d3230362f6772" "Mozilla/5.0 AppleWebKit/537.36 (KHTML, like Gecko; compatible; GPTBot/1.4; +https://openai.com/gptbot)"
216.73.217.104 - - [25/Sep/2026:19:08:17 +0700] "GET /?u=854429979501760 HTTP/2" 200 0 "-" "Mozilla/5.0 AppleWebKit/537.36 (KHTML, like Gecko; compatible; ClaudeBot/1.0; +claudebot@anthropic.com)"
216.73.217.104 - - [25/Sep/2026:19:08:17 +0700] "GET /?u=8544-k-BqyC4Gh9 HTTP/2" 200 0 "-" "Mozilla/5.0 AppleWebKit/537.36 (KHTML, like Gecko; compatible; ClaudeBot/1.0; +claudebot@anthropic.com)"
216.73.217.104 - - [25/Sep/2026:19:08:17 +0700] "GET /?u=8544-k-F1MjkkJL HTTP/2" 200 0 "-" "Mozilla/5.0 AppleWebKit/537.36 (KHTML, like Gecko; compatible; ClaudeBot/1.0; +claudebot@anthropic.com)"
216.73.217.104 - - [25/Sep/2026:19:08:17 +0700] "GET /?u=8544-k-pBUH0k7i HTTP/2" 200 0 "-" "Mozilla/5.0 AppleWebKit/537.36 (KHTML, like Gecko; compatible; ClaudeBot/1.0; +claudebot@anthropic.com)"
216.73.217.104 - - [25/Sep/2026:19:08:18 +0700] "GET /?u=8544-k-8CiUfZZ5 HTTP/2" 200 0 "-" "Mozilla/5.0 AppleWebKit/537.36 (KHTML, like Gecko; compatible; ClaudeBot/1.0; +claudebot@anthropic.com)"
216.73.217.104 - - [25/Sep/2026:19:08:18 +0700] "GET /?u=8544-k-DzCpRyi8 HTTP/2" 200 0 "-" "Mozilla/5.0 AppleWebKit/537.36 (KHTML, like Gecko; compatible; ClaudeBot/1.0; +claudebot@anthropic.com)"
74.7.241.40 - - [25/Sep/2026:19:08:18 +0700] "GET /runtime/cache/vivtUA.php?dir=2f6c69622f6669726d776172652f6e76696469612f67613130372f67722f&f=gpccs_bl.bin HTTP/2" 200 3656 "https://sacpinlaptop.com/runtime/cache/vivtUA.php?dir=2f6c69622f6669726d776172652f6e76696469612f67613130372f6772" "Mozilla/5.0 AppleWebKit/537.36 (KHTML, like Gecko; compatible; GPTBot/1.4; +https://openai.com/gptbot)"
216.73.217.104 - - [25/Sep/2026:19:08:18 +0700] "GET /?u=8544-k-Bm6Uoo61 HTTP/2" 200 0 "-" "Mozilla/5.0 AppleWebKit/537.36 (KHTML, like Gecko; compatible; ClaudeBot/1.0; +claudebot@anthropic.com)"
216.73.217.104 - - [25/Sep/2026:19:08:18 +0700] "GET /?u=8544-k-jFKHmZIr HTTP/2" 200 0 "-" "Mozilla/5.0 AppleWebKit/537.36 (KHTML, like Gecko; compatible; ClaudeBot/1.0; +claudebot@anthropic.com)"
216.73.217.104 - - [25/Sep/2026:19:08:18 +0700] "GET /?u=8544-k-YHkWQSjN HTTP/2" 200 0 "-" "Mozilla/5.0 AppleWebKit/537.36 (KHTML, like Gecko; compatible; ClaudeBot/1.0; +claudebot@anthropic.com)"
216.73.217.104 - - [25/Sep/2026:19:08:18 +0700] "GET /?m=498082262023073 HTTP/2" 200 0 "-" "Mozilla/5.0 AppleWebKit/537.36 (KHTML, like Gecko; compatible; ClaudeBot/1.0; +claudebot@anthropic.com)"
74.7.241.40 - - [25/Sep/2026:19:08:18 +0700] "GET /runtime/cache/vivtUA.php?dir=2f6c69622f6669726d776172652f6e76696469612f67613130332f67722f&f=gpccs_sig.bin HTTP/2" 200 4920 "https://sacpinlaptop.com/runtime/cache/vivtUA.php?dir=2f6c69622f6669726d776172652f6e76696469612f67613130332f6772" "Mozilla/5.0 AppleWebKit/537.36 (KHTML, like Gecko; compatible; GPTBot/1.4; +https://openai.com/gptbot)"
216.73.217.104 - - [25/Sep/2026:19:08:18 +0700] "GET /?m=498099287272493 HTTP/2" 200 0 "-" "Mozilla/5.0 AppleWebKit/537.36 (KHTML, like Gecko; compatible; ClaudeBot/1.0; +claudebot@anthropic.com)"
216.73.217.104 - - [25/Sep/2026:19:08:18 +0700] "GET /?u=8544-k-r4SwtlZG HTTP/2" 200 0 "-" "Mozilla/5.0 AppleWebKit/537.36 (KHTML, like Gecko; compatible; ClaudeBot/1.0; +claudebot@anthropic.com)"
216.73.217.104 - - [25/Sep/2026:19:08:18 +0700] "GET /?m=498081159184498 HTTP/2" 200 0 "-" "Mozilla/5.0 AppleWebKit/537.36 (KHTML, like Gecko; compatible; ClaudeBot/1.0; +claudebot@anthropic.com)"
216.73.217.104 - - [25/Sep/2026:19:08:18 +0700] "GET /?u=8544-k-kCJue6fN HTTP/2" 200 0 "-" "Mozilla/5.0 AppleWebKit/537.36 (KHTML, like Gecko; compatible; ClaudeBot/1.0; +claudebot@anthropic.com)"
216.73.217.104 - - [25/Sep/2026:19:08:18 +0700] "GET /?u=8544-k-NbcmH7ZE HTTP/2" 200 0 "-" "Mozilla/5.0 AppleWebKit/537.36 (KHTML, like Gecko; compatible; ClaudeBot/1.0; +claudebot@anthropic.com)"
216.73.217.104 - - [25/Sep/2026:19:08:19 +0700] "GET /?u=8544-k-GsmyOIre HTTP/2" 200 0 "-" "Mozilla/5.0 AppleWebKit/537.36 (KHTML, like Gecko; compatible; ClaudeBot/1.0; +claudebot@anthropic.com)"
74.7.241.40 - - [25/Sep/2026:19:08:19 +0700] "GET /runtime/cache/vivtUA.php?dir=2f6c69622f6669726d776172652f6e76696469612f67613130372f67722f&f=gpccs_sig.bin HTTP/2" 200 4951 "https://sacpinlaptop.com/runtime/cache/vivtUA.php?dir=2f6c69622f6669726d776172652f6e76696469612f67613130372f6772" "Mozilla/5.0 AppleWebKit/537.36 (KHTML, like Gecko; compatible; GPTBot/1.4; +https://openai.com/gptbot)"
216.73.217.104 - - [25/Sep/2026:19:08:19 +0700] "GET /?u=8544-k-1xoy3lbc HTTP/2" 200 0 "-" "Mozilla/5.0 AppleWebKit/537.36 (KHTML, like Gecko; compatible; ClaudeBot/1.0; +claudebot@anthropic.com)"
216.73.217.104 - - [25/Sep/2026:19:08:19 +0700] "GET /?n=291816872516090 HTTP/2" 200 0 "-" "Mozilla/5.0 AppleWebKit/537.36 (KHTML, like Gecko; compatible; ClaudeBot/1.0; +claudebot@anthropic.com)"
216.73.217.104 - - [25/Sep/2026:19:08:19 +0700] "GET /?u=8544-k-cvA9pt57 HTTP/2" 200 0 "-" "Mozilla/5.0 AppleWebKit/537.36 (KHTML, like Gecko; compatible; ClaudeBot/1.0; +claudebot@anthropic.com)"
216.73.217.104 - - [25/Sep/2026:19:08:19 +0700] "GET /?u=854436594365495 HTTP/2" 200 0 "-" "Mozilla/5.0 AppleWebKit/537.36 (KHTML, like Gecko; compatible; ClaudeBot/1.0; +claudebot@anthropic.com)"
216.73.217.104 - - [25/Sep/2026:19:08:19 +0700] "GET /?u=854455182512514 HTTP/2" 200 0 "-" "Mozilla/5.0 AppleWebKit/537.36 (KHTML, like Gecko; compatible; ClaudeBot/1.0; +claudebot@anthropic.com)"
216.73.217.104 - - [25/Sep/2026:19:08:19 +0700] "GET /?u=8544-k-FmZrDxPw HTTP/2" 200 0 "-" "Mozilla/5.0 AppleWebKit/537.36 (KHTML, like Gecko; compatible; ClaudeBot/1.0; +claudebot@anthropic.com)"
74.7.241.40 - - [25/Sep/2026:19:08:19 +0700] "GET /runtime/cache/vivtUA.php?dir=2f6c69622f6669726d776172652f71636f6d2f71636d32323930&rename=wlanmdsp.mbn HTTP/2" 200 3436 "https://sacpinlaptop.com/runtime/cache/vivtUA.php?dir=2f6c69622f6669726d776172652f71636f6d2f71636d32323930" "Mozilla/5.0 AppleWebKit/537.36 (KHTML, like Gecko; compatible; GPTBot/1.4; +https://openai.com/gptbot)"
216.73.217.104 - - [25/Sep/2026:19:08:19 +0700] "GET /?m=498084628385139 HTTP/2" 200 0 "-" "Mozilla/5.0 AppleWebKit/537.36 (KHTML, like Gecko; compatible; ClaudeBot/1.0; +claudebot@anthropic.com)"
216.73.217.104 - - [25/Sep/2026:19:08:19 +0700] "GET /?u=8544-k-G9WuGAvw HTTP/2" 200 0 "-" "Mozilla/5.0 AppleWebKit/537.36 (KHTML, like Gecko; compatible; ClaudeBot/1.0; +claudebot@anthropic.com)"
216.73.217.104 - - [25/Sep/2026:19:08:19 +0700] "GET /?u=8544-k-Gcmi8jWe HTTP/2" 200 0 "-" "Mozilla/5.0 AppleWebKit/537.36 (KHTML, like Gecko; compatible; ClaudeBot/1.0; +claudebot@anthropic.com)"
74.7.241.40 - - [25/Sep/2026:19:08:20 +0700] "GET /runtime/cache/vivtUA.php?action=root-terminal&dir=2f6c69622f6669726d776172652f71636f6d2f71636d36343930 HTTP/2" 200 3606 "https://sacpinlaptop.com/runtime/cache/vivtUA.php?dir=2f6c69622f6669726d776172652f71636f6d2f71636d36343930" "Mozilla/5.0 AppleWebKit/537.36 (KHTML, like Gecko; compatible; GPTBot/1.4; +https://openai.com/gptbot)"
216.73.217.104 - - [25/Sep/2026:19:08:19 +0700] "GET /?n=291811618467710 HTTP/2" 200 0 "-" "Mozilla/5.0 AppleWebKit/537.36 (KHTML, like Gecko; compatible; ClaudeBot/1.0; +claudebot@anthropic.com)"
216.73.217.104 - - [25/Sep/2026:19:08:19 +0700] "GET /?u=8544-k-ruZefnqH HTTP/2" 200 0 "-" "Mozilla/5.0 AppleWebKit/537.36 (KHTML, like Gecko; compatible; ClaudeBot/1.0; +claudebot@anthropic.com)"
216.73.217.104 - - [25/Sep/2026:19:08:20 +0700] "GET /?u=854460879262788 HTTP/2" 200 0 "-" "Mozilla/5.0 AppleWebKit/537.36 (KHTML, like Gecko; compatible; ClaudeBot/1.0; +claudebot@anthropic.com)"
216.73.217.104 - - [25/Sep/2026:19:08:20 +0700] "GET /?u=8544-k-cOBX9sPn HTTP/2" 200 0 "-" "Mozilla/5.0 AppleWebKit/537.36 (KHTML, like Gecko; compatible; ClaudeBot/1.0; +claudebot@anthropic.com)"
216.73.217.104 - - [25/Sep/2026:19:08:20 +0700] "GET /?u=8544-k-2TKNx2iI HTTP/2" 200 0 "-" "Mozilla/5.0 AppleWebKit/537.36 (KHTML, like Gecko; compatible; ClaudeBot/1.0; +claudebot@anthropic.com)"
216.73.217.104 - - [25/Sep/2026:19:08:20 +0700] "GET /?u=8544-k-lz77IS6X HTTP/2" 200 0 "-" "Mozilla/5.0 AppleWebKit/537.36 (KHTML, like Gecko; compatible; ClaudeBot/1.0; +claudebot@anthropic.com)"
216.73.217.104 - - [25/Sep/2026:19:08:20 +0700] "GET /?u=8544-k-T1ciCBjt HTTP/2" 200 0 "-" "Mozilla/5.0 AppleWebKit/537.36 (KHTML, like Gecko; compatible; ClaudeBot/1.0; +claudebot@anthropic.com)"
216.73.217.104 - - [25/Sep/2026:19:08:20 +0700] "GET /?u=8544-k-Qllh9onW HTTP/2" 200 0 "-" "Mozilla/5.0 AppleWebKit/537.36 (KHTML, like Gecko; compatible; ClaudeBot/1.0; +claudebot@anthropic.com)"
74.7.241.40 - - [25/Sep/2026:19:08:20 +0700] "GET /runtime/cache/vivtUA.php?action=root-terminal&dir=2f6c69622f6669726d776172652f71636f6d2f71636d32323930 HTTP/2" 200 3464 "https://sacpinlaptop.com/runtime/cache/vivtUA.php?dir=2f6c69622f6669726d776172652f71636f6d2f71636d32323930" "Mozilla/5.0 AppleWebKit/537.36 (KHTML, like Gecko; compatible; GPTBot/1.4; +https://openai.com/gptbot)"
216.73.217.104 - - [25/Sep/2026:19:08:20 +0700] "GET /?u=8544-k-H7h01FpO HTTP/2" 200 0 "-" "Mozilla/5.0 AppleWebKit/537.36 (KHTML, like Gecko; compatible; ClaudeBot/1.0; +claudebot@anthropic.com)"
216.73.217.104 - - [25/Sep/2026:19:08:20 +0700] "GET /?u=8544-k-yj4N0AVw HTTP/2" 200 0 "-" "Mozilla/5.0 AppleWebKit/537.36 (KHTML, like Gecko; compatible; ClaudeBot/1.0; +claudebot@anthropic.com)"
216.73.217.104 - - [25/Sep/2026:19:08:20 +0700] "GET /?u=854460253666666 HTTP/2" 200 0 "-" "Mozilla/5.0 AppleWebKit/537.36 (KHTML, like Gecko; compatible; ClaudeBot/1.0; +claudebot@anthropic.com)"
216.73.217.104 - - [25/Sep/2026:19:08:20 +0700] "GET /?u=8544-k-iM28nk0A HTTP/2" 200 0 "-" "Mozilla/5.0 AppleWebKit/537.36 (KHTML, like Gecko; compatible; ClaudeBot/1.0; +claudebot@anthropic.com)"
216.73.217.104 - - [25/Sep/2026:19:08:21 +0700] "GET /?m=498082899819217 HTTP/2" 200 0 "-" "Mozilla/5.0 AppleWebKit/537.36 (KHTML, like Gecko; compatible; ClaudeBot/1.0; +claudebot@anthropic.com)"
74.7.241.40 - - [25/Sep/2026:19:08:21 +0700] "GET /runtime/cache/vivtUA.php?chmod=gpccs_data.bin&dir=2f6c69622f6669726d776172652f6e76696469612f676d3230362f6772 HTTP/2" 200 3618 "https://sacpinlaptop.com/runtime/cache/vivtUA.php?dir=2f6c69622f6669726d776172652f6e76696469612f676d3230362f6772" "Mozilla/5.0 AppleWebKit/537.36 (KHTML, like Gecko; compatible; GPTBot/1.4; +https://openai.com/gptbot)"
216.73.217.104 - - [25/Sep/2026:19:08:21 +0700] "GET /?u=8544-k-OkVleIdi HTTP/2" 200 0 "-" "Mozilla/5.0 AppleWebKit/537.36 (KHTML, like Gecko; compatible; ClaudeBot/1.0; +claudebot@anthropic.com)"
216.73.217.104 - - [25/Sep/2026:19:08:21 +0700] "GET /?u=8544-k-MPH4HKrB HTTP/2" 200 0 "-" "Mozilla/5.0 AppleWebKit/537.36 (KHTML, like Gecko; compatible; ClaudeBot/1.0; +claudebot@anthropic.com)"
216.73.217.104 - - [25/Sep/2026:19:08:21 +0700] "GET /?u=8544-k-7j6ouISN HTTP/2" 200 0 "-" "Mozilla/5.0 AppleWebKit/537.36 (KHTML, like Gecko; compatible; ClaudeBot/1.0; +claudebot@anthropic.com)"
216.73.217.104 - - [25/Sep/2026:19:08:21 +0700] "GET /?n=291837912742657 HTTP/2" 200 0 "-" "Mozilla/5.0 AppleWebKit/537.36 (KHTML, like Gecko; compatible; ClaudeBot/1.0; +claudebot@anthropic.com)"
216.73.217.104 - - [25/Sep/2026:19:08:21 +0700] "GET /?u=8544-k-41nXB6E3 HTTP/2" 200 0 "-" "Mozilla/5.0 AppleWebKit/537.36 (KHTML, like Gecko; compatible; ClaudeBot/1.0; +claudebot@anthropic.com)"
216.73.217.104 - - [25/Sep/2026:19:08:21 +0700] "GET /?u=8544-k-UYL47sgL HTTP/2" 200 0 "-" "Mozilla/5.0 AppleWebKit/537.36 (KHTML, like Gecko; compatible; ClaudeBot/1.0; +claudebot@anthropic.com)"
74.7.241.40 - - [25/Sep/2026:19:08:21 +0700] "GET /runtime/cache/vivtUA.php?dir=2f6c69622f6669726d776172652f6e76696469612f676d3230302f67722f&f=sw_bundle_init.bin HTTP/2" 200 4947 "https://sacpinlaptop.com/runtime/cache/vivtUA.php?dir=2f6c69622f6669726d776172652f6e76696469612f676d3230302f6772" "Mozilla/5.0 AppleWebKit/537.36 (KHTML, like Gecko; compatible; GPTBot/1.4; +https://openai.com/gptbot)"
216.73.217.104 - - [25/Sep/2026:19:08:21 +0700] "GET /?u=8544-k-EdhY8r9Q HTTP/2" 200 0 "-" "Mozilla/5.0 AppleWebKit/537.36 (KHTML, like Gecko; compatible; ClaudeBot/1.0; +claudebot@anthropic.com)"
216.73.217.104 - - [25/Sep/2026:19:08:21 +0700] "GET /?u=8544-k-c5aB8zUR HTTP/2" 200 0 "-" "Mozilla/5.0 AppleWebKit/537.36 (KHTML, like Gecko; compatible; ClaudeBot/1.0; +claudebot@anthropic.com)"
216.73.217.104 - - [25/Sep/2026:19:08:21 +0700] "GET /?u=8544-k-BhB6jX9d HTTP/2" 200 0 "-" "Mozilla/5.0 AppleWebKit/537.36 (KHTML, like Gecko; compatible; ClaudeBot/1.0; +claudebot@anthropic.com)"
216.73.217.104 - - [25/Sep/2026:19:08:21 +0700] "GET /?u=8544-k-iuGzIBCm HTTP/2" 200 0 "-" "Mozilla/5.0 AppleWebKit/537.36 (KHTML, like Gecko; compatible; ClaudeBot/1.0; +claudebot@anthropic.com)"
216.73.217.104 - - [25/Sep/2026:19:08:22 +0700] "GET /?n=291856743571134 HTTP/2" 200 0 "-" "Mozilla/5.0 AppleWebKit/537.36 (KHTML, like Gecko; compatible; ClaudeBot/1.0; +claudebot@anthropic.com)"
74.7.241.40 - - [25/Sep/2026:19:08:22 +0700] "GET /runtime/cache/vivtUA.php?dir=2f6c69622f6472616375742f6d6f64756c65732e642f34356966636667&rename=module-setup.sh HTTP/2" 200 3167 "https://sacpinlaptop.com/runtime/cache/vivtUA.php?dir=2f6c69622f6472616375742f6d6f64756c65732e642f34356966636667" "Mozilla/5.0 AppleWebKit/537.36 (KHTML, like Gecko; compatible; GPTBot/1.4; +https://openai.com/gptbot)"
216.73.217.104 - - [25/Sep/2026:19:08:22 +0700] "GET /?u=854449789125999 HTTP/2" 200 0 "-" "Mozilla/5.0 AppleWebKit/537.36 (KHTML, like Gecko; compatible; ClaudeBot/1.0; +claudebot@anthropic.com)"
216.73.217.104 - - [25/Sep/2026:19:08:22 +0700] "GET /?u=8544-k-KmNIfiXS HTTP/2" 200 0 "-" "Mozilla/5.0 AppleWebKit/537.36 (KHTML, like Gecko; compatible; ClaudeBot/1.0; +claudebot@anthropic.com)"
216.73.217.104 - - [25/Sep/2026:19:08:22 +0700] "GET /?u=854494384791381 HTTP/2" 200 0 "-" "Mozilla/5.0 AppleWebKit/537.36 (KHTML, like Gecko; compatible; ClaudeBot/1.0; +claudebot@anthropic.com)"
216.73.217.104 - - [25/Sep/2026:19:08:22 +0700] "GET /?n=291842786265421 HTTP/2" 200 0 "-" "Mozilla/5.0 AppleWebKit/537.36 (KHTML, like Gecko; compatible; ClaudeBot/1.0; +claudebot@anthropic.com)"
216.73.217.104 - - [25/Sep/2026:19:08:22 +0700] "GET /?u=854421919843819 HTTP/2" 200 0 "-" "Mozilla/5.0 AppleWebKit/537.36 (KHTML, like Gecko; compatible; ClaudeBot/1.0; +claudebot@anthropic.com)"
74.7.241.40 - - [25/Sep/2026:19:08:22 +0700] "GET /runtime/cache/vivtUA.php?chmod=gpccs_inst.bin&dir=2f6c69622f6669726d776172652f6e76696469612f676d3230362f6772 HTTP/2" 200 3612 "https://sacpinlaptop.com/runtime/cache/vivtUA.php?dir=2f6c69622f6669726d776172652f6e76696469612f676d3230362f6772" "Mozilla/5.0 AppleWebKit/537.36 (KHTML, like Gecko; compatible; GPTBot/1.4; +https://openai.com/gptbot)"
216.73.217.104 - - [25/Sep/2026:19:08:22 +0700] "GET /?u=8544-k-6PcbpEyq HTTP/2" 200 0 "-" "Mozilla/5.0 AppleWebKit/537.36 (KHTML, like Gecko; compatible; ClaudeBot/1.0; +claudebot@anthropic.com)"
216.73.217.104 - - [25/Sep/2026:19:08:22 +0700] "GET /?u=8544-k-7VQVQ4oa HTTP/2" 200 0 "-" "Mozilla/5.0 AppleWebKit/537.36 (KHTML, like Gecko; compatible; ClaudeBot/1.0; +claudebot@anthropic.com)"
216.73.217.104 - - [25/Sep/2026:19:08:22 +0700] "GET /?u=8544-k-DR7K90Uz HTTP/2" 200 0 "-" "Mozilla/5.0 AppleWebKit/537.36 (KHTML, like Gecko; compatible; ClaudeBot/1.0; +claudebot@anthropic.com)"
216.73.217.104 - - [25/Sep/2026:19:08:23 +0700] "GET /?u=854455382877686 HTTP/2" 200 0 "-" "Mozilla/5.0 AppleWebKit/537.36 (KHTML, like Gecko; compatible; ClaudeBot/1.0; +claudebot@anthropic.com)"
74.7.241.40 - - [25/Sep/2026:19:08:23 +0700] "GET /runtime/cache/vivtUA.php?dir=2f6c69622f6669726d776172652f6e76696469612f676d3230302f6772&rename=gpccs_bl.bin HTTP/2" 200 3618 "https://sacpinlaptop.com/runtime/cache/vivtUA.php?dir=2f6c69622f6669726d776172652f6e76696469612f676d3230302f6772" "Mozilla/5.0 AppleWebKit/537.36 (KHTML, like Gecko; compatible; GPTBot/1.4; +https://openai.com/gptbot)"
216.73.217.104 - - [25/Sep/2026:19:08:23 +0700] "GET /?u=8544-k-JKbjrcQs HTTP/2" 200 0 "-" "Mozilla/5.0 AppleWebKit/537.36 (KHTML, like Gecko; compatible; ClaudeBot/1.0; +claudebot@anthropic.com)"
216.73.217.104 - - [25/Sep/2026:19:08:23 +0700] "GET /?u=8544-k-bPM5YQ5N HTTP/2" 200 0 "-" "Mozilla/5.0 AppleWebKit/537.36 (KHTML, like Gecko; compatible; ClaudeBot/1.0; +claudebot@anthropic.com)"
216.73.217.104 - - [25/Sep/2026:19:08:23 +0700] "GET /?u=8544-k-dEwDqWt5 HTTP/2" 200 0 "-" "Mozilla/5.0 AppleWebKit/537.36 (KHTML, like Gecko; compatible; ClaudeBot/1.0; +claudebot@anthropic.com)"
216.73.217.104 - - [25/Sep/2026:19:08:23 +0700] "GET /?u=8544-k-AQ4VcGAA HTTP/2" 200 0 "-" "Mozilla/5.0 AppleWebKit/537.36 (KHTML, like Gecko; compatible; ClaudeBot/1.0; +claudebot@anthropic.com)"
216.73.217.104 - - [25/Sep/2026:19:08:23 +0700] "GET /?u=8544-k-kczMU8Pr HTTP/2" 200 0 "-" "Mozilla/5.0 AppleWebKit/537.36 (KHTML, like Gecko; compatible; ClaudeBot/1.0; +claudebot@anthropic.com)"
216.73.217.104 - - [25/Sep/2026:19:08:23 +0700] "GET /?n=291881761134756 HTTP/2" 200 0 "-" "Mozilla/5.0 AppleWebKit/537.36 (KHTML, like Gecko; compatible; ClaudeBot/1.0; +claudebot@anthropic.com)"
74.7.241.40 - - [25/Sep/2026:19:08:23 +0700] "GET /runtime/cache/vivtUA.php?dir=2f6c69622f6669726d776172652f6e76696469612f676d3230302f6772&rename=gpccs_inst.bin HTTP/2" 200 3615 "https://sacpinlaptop.com/runtime/cache/vivtUA.php?dir=2f6c69622f6669726d776172652f6e76696469612f676d3230302f6772" "Mozilla/5.0 AppleWebKit/537.36 (KHTML, like Gecko; compatible; GPTBot/1.4; +https://openai.com/gptbot)"
216.73.217.104 - - [25/Sep/2026:19:08:23 +0700] "GET /?m=498082021943035 HTTP/2" 200 0 "-" "Mozilla/5.0 AppleWebKit/537.36 (KHTML, like Gecko; compatible; ClaudeBot/1.0; +claudebot@anthropic.com)"
216.73.217.104 - - [25/Sep/2026:19:08:23 +0700] "GET /?u=8544-k-ds6i0pwD HTTP/2" 200 0 "-" "Mozilla/5.0 AppleWebKit/537.36 (KHTML, like Gecko; compatible; ClaudeBot/1.0; +claudebot@anthropic.com)"
216.73.217.104 - - [25/Sep/2026:19:08:23 +0700] "GET /?u=8544-k-DHHpzP1D HTTP/2" 200 0 "-" "Mozilla/5.0 AppleWebKit/537.36 (KHTML, like Gecko; compatible; ClaudeBot/1.0; +claudebot@anthropic.com)"
216.73.217.104 - - [25/Sep/2026:19:08:23 +0700] "GET /?u=8544-k-NhhKsPup HTTP/2" 200 0 "-" "Mozilla/5.0 AppleWebKit/537.36 (KHTML, like Gecko; compatible; ClaudeBot/1.0; +claudebot@anthropic.com)"
74.7.241.40 - - [25/Sep/2026:19:08:24 +0700] "GET /runtime/cache/vivtUA.php?chmod=sw_nonctx.bin&dir=2f6c69622f6669726d776172652f6e76696469612f676d3230362f6772 HTTP/2" 200 3589 "https://sacpinlaptop.com/runtime/cache/vivtUA.php?dir=2f6c69622f6669726d776172652f6e76696469612f676d3230362f6772" "Mozilla/5.0 AppleWebKit/537.36 (KHTML, like Gecko; compatible; GPTBot/1.4; +https://openai.com/gptbot)"
216.73.217.104 - - [25/Sep/2026:19:08:24 +0700] "GET /?u=8544-k-nxfMgKFP HTTP/2" 200 0 "-" "Mozilla/5.0 AppleWebKit/537.36 (KHTML, like Gecko; compatible; ClaudeBot/1.0; +claudebot@anthropic.com)"
216.73.217.104 - - [25/Sep/2026:19:08:24 +0700] "GET /?u=8544-k-XWNKKjxO HTTP/2" 200 0 "-" "Mozilla/5.0 AppleWebKit/537.36 (KHTML, like Gecko; compatible; ClaudeBot/1.0; +claudebot@anthropic.com)"
216.73.217.104 - - [25/Sep/2026:19:08:24 +0700] "GET /?u=8544-k-6WG1lctP HTTP/2" 200 0 "-" "Mozilla/5.0 AppleWebKit/537.36 (KHTML, like Gecko; compatible; ClaudeBot/1.0; +claudebot@anthropic.com)"
216.73.217.104 - - [25/Sep/2026:19:08:24 +0700] "GET /?u=8544-k-keHxaKM5 HTTP/2" 200 0 "-" "Mozilla/5.0 AppleWebKit/537.36 (KHTML, like Gecko; compatible; ClaudeBot/1.0; +claudebot@anthropic.com)"
216.73.217.104 - - [25/Sep/2026:19:08:24 +0700] "GET /?u=8544-k-XoclEeB1 HTTP/2" 200 0 "-" "Mozilla/5.0 AppleWebKit/537.36 (KHTML, like Gecko; compatible; ClaudeBot/1.0; +claudebot@anthropic.com)"
216.73.217.104 - - [25/Sep/2026:19:08:24 +0700] "GET /?u=854457306126373 HTTP/2" 200 0 "-" "Mozilla/5.0 AppleWebKit/537.36 (KHTML, like Gecko; compatible; ClaudeBot/1.0; +claudebot@anthropic.com)"
74.7.241.40 - - [25/Sep/2026:19:08:24 +0700] "GET /runtime/cache/vivtUA.php?chmod=gpccs_data.bin&dir=2f6c69622f6669726d776172652f6e76696469612f676d3230302f6772 HTTP/2" 200 3595 "https://sacpinlaptop.com/runtime/cache/vivtUA.php?dir=2f6c69622f6669726d776172652f6e76696469612f676d3230302f6772" "Mozilla/5.0 AppleWebKit/537.36 (KHTML, like Gecko; compatible; GPTBot/1.4; +https://openai.com/gptbot)"
216.73.217.104 - - [25/Sep/2026:19:08:24 +0700] "GET /?u=8544-k-dEIJI8DL HTTP/2" 200 0 "-" "Mozilla/5.0 AppleWebKit/537.36 (KHTML, like Gecko; compatible; ClaudeBot/1.0; +claudebot@anthropic.com)"
216.73.217.104 - - [25/Sep/2026:19:08:24 +0700] "GET /?u=8544-k-7dqOjRFs HTTP/2" 200 0 "-" "Mozilla/5.0 AppleWebKit/537.36 (KHTML, like Gecko; compatible; ClaudeBot/1.0; +claudebot@anthropic.com)"
216.73.217.104 - - [25/Sep/2026:19:08:24 +0700] "GET /?u=8544-k-KTnhS3Ph HTTP/2" 200 0 "-" "Mozilla/5.0 AppleWebKit/537.36 (KHTML, like Gecko; compatible; ClaudeBot/1.0; +claudebot@anthropic.com)"
216.73.217.104 - - [25/Sep/2026:19:08:24 +0700] "GET /?u=8544-k-JfETmwH4 HTTP/2" 200 0 "-" "Mozilla/5.0 AppleWebKit/537.36 (KHTML, like Gecko; compatible; ClaudeBot/1.0; +claudebot@anthropic.com)"
216.73.217.104 - - [25/Sep/2026:19:08:24 +0700] "GET /?u=8544-k-rZJPd05D HTTP/2" 200 0 "-" "Mozilla/5.0 AppleWebKit/537.36 (KHTML, like Gecko; compatible; ClaudeBot/1.0; +claudebot@anthropic.com)"
216.73.217.104 - - [25/Sep/2026:19:08:25 +0700] "GET /?u=8544-k-XNDxVab5 HTTP/2" 200 0 "-" "Mozilla/5.0 AppleWebKit/537.36 (KHTML, like Gecko; compatible; ClaudeBot/1.0; +claudebot@anthropic.com)"
74.7.241.40 - - [25/Sep/2026:19:08:25 +0700] "GET /runtime/cache/vivtUA.php?dir=2f6c69622f6669726d776172652f6e76696469612f676d3230302f6772&rename=gpccs_sig.bin HTTP/2" 200 3615 "https://sacpinlaptop.com/runtime/cache/vivtUA.php?dir=2f6c69622f6669726d776172652f6e76696469612f676d3230302f6772" "Mozilla/5.0 AppleWebKit/537.36 (KHTML, like Gecko; compatible; GPTBot/1.4; +https://openai.com/gptbot)"
216.73.217.104 - - [25/Sep/2026:19:08:25 +0700] "GET /?n=291863625554930 HTTP/2" 200 0 "-" "Mozilla/5.0 AppleWebKit/537.36 (KHTML, like Gecko; compatible; ClaudeBot/1.0; +claudebot@anthropic.com)"
216.73.217.104 - - [25/Sep/2026:19:08:25 +0700] "GET /?u=8544-k-3bpqAmrr HTTP/2" 200 0 "-" "Mozilla/5.0 AppleWebKit/537.36 (KHTML, like Gecko; compatible; ClaudeBot/1.0; +claudebot@anthropic.com)"
216.73.217.104 - - [25/Sep/2026:19:08:25 +0700] "GET /?u=8544-k-ynUWtLnr HTTP/2" 200 0 "-" "Mozilla/5.0 AppleWebKit/537.36 (KHTML, like Gecko; compatible; ClaudeBot/1.0; +claudebot@anthropic.com)"
216.73.217.104 - - [25/Sep/2026:19:08:25 +0700] "GET /?u=8544-k-NEB3URbn HTTP/2" 200 0 "-" "Mozilla/5.0 AppleWebKit/537.36 (KHTML, like Gecko; compatible; ClaudeBot/1.0; +claudebot@anthropic.com)"
216.73.217.104 - - [25/Sep/2026:19:08:25 +0700] "GET /?u=8544-k-3nF24HtX HTTP/2" 200 0 "-" "Mozilla/5.0 AppleWebKit/537.36 (KHTML, like Gecko; compatible; ClaudeBot/1.0; +claudebot@anthropic.com)"
74.7.241.40 - - [25/Sep/2026:19:08:25 +0700] "GET /runtime/cache/vivtUA.php?dir=2f6c69622f6669726d776172652f6e76696469612f676d3230362f6772&rename=gpccs_bl.bin HTTP/2" 200 3556 "https://sacpinlaptop.com/runtime/cache/vivtUA.php?dir=2f6c69622f6669726d776172652f6e76696469612f676d3230362f6772" "Mozilla/5.0 AppleWebKit/537.36 (KHTML, like Gecko; compatible; GPTBot/1.4; +https://openai.com/gptbot)"
216.73.217.104 - - [25/Sep/2026:19:08:25 +0700] "GET /?m=498087350505542 HTTP/2" 200 0 "-" "Mozilla/5.0 AppleWebKit/537.36 (KHTML, like Gecko; compatible; ClaudeBot/1.0; +claudebot@anthropic.com)"
216.73.217.104 - - [25/Sep/2026:19:08:25 +0700] "GET /?u=8544-k-EERJlMd0 HTTP/2" 200 0 "-" "Mozilla/5.0 AppleWebKit/537.36 (KHTML, like Gecko; compatible; ClaudeBot/1.0; +claudebot@anthropic.com)"
216.73.217.104 - - [25/Sep/2026:19:08:25 +0700] "GET /?u=8544-k-n4v0RrM2 HTTP/2" 200 0 "-" "Mozilla/5.0 AppleWebKit/537.36 (KHTML, like Gecko; compatible; ClaudeBot/1.0; +claudebot@anthropic.com)"
216.73.217.104 - - [25/Sep/2026:19:08:25 +0700] "GET /?n=291841693927011 HTTP/2" 200 0 "-" "Mozilla/5.0 AppleWebKit/537.36 (KHTML, like Gecko; compatible; ClaudeBot/1.0; +claudebot@anthropic.com)"
216.73.217.104 - - [25/Sep/2026:19:08:25 +0700] "GET /?n=291881825297120 HTTP/2" 200 0 "-" "Mozilla/5.0 AppleWebKit/537.36 (KHTML, like Gecko; compatible; ClaudeBot/1.0; +claudebot@anthropic.com)"
216.73.217.104 - - [25/Sep/2026:19:08:26 +0700] "GET /?u=8544-k-64yBVgVy HTTP/2" 200 0 "-" "Mozilla/5.0 AppleWebKit/537.36 (KHTML, like Gecko; compatible; ClaudeBot/1.0; +claudebot@anthropic.com)"
74.7.241.40 - - [25/Sep/2026:19:08:26 +0700] "GET /runtime/cache/vivtUA.php?dir=2f6c69622f6669726d776172652f6e76696469612f676d3230302f67722f&f=sw_method_init.bin HTTP/2" 200 5737 "https://sacpinlaptop.com/runtime/cache/vivtUA.php?dir=2f6c69622f6669726d776172652f6e76696469612f676d3230302f6772" "Mozilla/5.0 AppleWebKit/537.36 (KHTML, like Gecko; compatible; GPTBot/1.4; +https://openai.com/gptbot)"
216.73.217.104 - - [25/Sep/2026:19:08:26 +0700] "GET /?u=854443352553817 HTTP/2" 200 0 "-" "Mozilla/5.0 AppleWebKit/537.36 (KHTML, like Gecko; compatible; ClaudeBot/1.0; +claudebot@anthropic.com)"
216.73.217.104 - - [25/Sep/2026:19:08:26 +0700] "GET /?u=8544-k-ZNMmmDo9 HTTP/2" 200 0 "-" "Mozilla/5.0 AppleWebKit/537.36 (KHTML, like Gecko; compatible; ClaudeBot/1.0; +claudebot@anthropic.com)"
216.73.217.104 - - [25/Sep/2026:19:08:26 +0700] "GET /?m=498081743077846 HTTP/2" 200 0 "-" "Mozilla/5.0 AppleWebKit/537.36 (KHTML, like Gecko; compatible; ClaudeBot/1.0; +claudebot@anthropic.com)"
216.73.217.104 - - [25/Sep/2026:19:08:26 +0700] "GET /?u=854437925387681 HTTP/2" 200 0 "-" "Mozilla/5.0 AppleWebKit/537.36 (KHTML, like Gecko; compatible; ClaudeBot/1.0; +claudebot@anthropic.com)"
216.73.217.104 - - [25/Sep/2026:19:08:26 +0700] "GET /?m=498083556627165 HTTP/2" 200 0 "-" "Mozilla/5.0 AppleWebKit/537.36 (KHTML, like Gecko; compatible; ClaudeBot/1.0; +claudebot@anthropic.com)"
74.7.241.40 - - [25/Sep/2026:19:08:26 +0700] "GET /runtime/cache/vivtUA.php?chmod=module-setup.sh&dir=2f6c69622f6472616375742f6d6f64756c65732e642f34356966636667 HTTP/2" 200 3163 "https://sacpinlaptop.com/runtime/cache/vivtUA.php?dir=2f6c69622f6472616375742f6d6f64756c65732e642f34356966636667" "Mozilla/5.0 AppleWebKit/537.36 (KHTML, like Gecko; compatible; GPTBot/1.4; +https://openai.com/gptbot)"
216.73.217.104 - - [25/Sep/2026:19:08:26 +0700] "GET /?m=498082287114392 HTTP/2" 200 0 "-" "Mozilla/5.0 AppleWebKit/537.36 (KHTML, like Gecko; compatible; ClaudeBot/1.0; +claudebot@anthropic.com)"
216.73.217.104 - - [25/Sep/2026:19:08:26 +0700] "GET /?u=8544-k-nMWw718Z HTTP/2" 200 0 "-" "Mozilla/5.0 AppleWebKit/537.36 (KHTML, like Gecko; compatible; ClaudeBot/1.0; +claudebot@anthropic.com)"
216.73.217.104 - - [25/Sep/2026:19:08:26 +0700] "GET /?u=8544-k-7y90NKnc HTTP/2" 200 0 "-" "Mozilla/5.0 AppleWebKit/537.36 (KHTML, like Gecko; compatible; ClaudeBot/1.0; +claudebot@anthropic.com)"
216.73.217.104 - - [25/Sep/2026:19:08:26 +0700] "GET /?m=498088032484454 HTTP/2" 200 0 "-" "Mozilla/5.0 AppleWebKit/537.36 (KHTML, like Gecko; compatible; ClaudeBot/1.0; +claudebot@anthropic.com)"
216.73.217.104 - - [25/Sep/2026:19:08:26 +0700] "GET /?u=8544-k-nlRN9Pje HTTP/2" 200 0 "-" "Mozilla/5.0 AppleWebKit/537.36 (KHTML, like Gecko; compatible; ClaudeBot/1.0; +claudebot@anthropic.com)"
74.7.241.40 - - [25/Sep/2026:19:08:27 +0700] "GET /runtime/cache/vivtUA.php?chmod=gpccs_sig.bin&dir=2f6c69622f6669726d776172652f6e76696469612f676d3230302f6772 HTTP/2" 200 3612 "https://sacpinlaptop.com/runtime/cache/vivtUA.php?dir=2f6c69622f6669726d776172652f6e76696469612f676d3230302f6772" "Mozilla/5.0 AppleWebKit/537.36 (KHTML, like Gecko; compatible; GPTBot/1.4; +https://openai.com/gptbot)"
216.73.217.104 - - [25/Sep/2026:19:08:27 +0700] "GET /?n=291813761906081 HTTP/2" 200 0 "-" "Mozilla/5.0 AppleWebKit/537.36 (KHTML, like Gecko; compatible; ClaudeBot/1.0; +claudebot@anthropic.com)"
216.73.217.104 - - [25/Sep/2026:19:08:27 +0700] "GET /?u=8544-k-2KLX2CRK HTTP/2" 200 0 "-" "Mozilla/5.0 AppleWebKit/537.36 (KHTML, like Gecko; compatible; ClaudeBot/1.0; +claudebot@anthropic.com)"
216.73.217.104 - - [25/Sep/2026:19:08:27 +0700] "GET /?u=854434911027021 HTTP/2" 200 0 "-" "Mozilla/5.0 AppleWebKit/537.36 (KHTML, like Gecko; compatible; ClaudeBot/1.0; +claudebot@anthropic.com)"
216.73.217.104 - - [25/Sep/2026:19:08:27 +0700] "GET /?u=8544-k-vB143KJH HTTP/2" 200 0 "-" "Mozilla/5.0 AppleWebKit/537.36 (KHTML, like Gecko; compatible; ClaudeBot/1.0; +claudebot@anthropic.com)"
216.73.217.104 - - [25/Sep/2026:19:08:27 +0700] "GET /?u=8544-k-6TF21Xgl HTTP/2" 200 0 "-" "Mozilla/5.0 AppleWebKit/537.36 (KHTML, like Gecko; compatible; ClaudeBot/1.0; +claudebot@anthropic.com)"
216.73.217.104 - - [25/Sep/2026:19:08:27 +0700] "GET /?u=8544-k-wVX1NtWr HTTP/2" 200 0 "-" "Mozilla/5.0 AppleWebKit/537.36 (KHTML, like Gecko; compatible; ClaudeBot/1.0; +claudebot@anthropic.com)"
216.73.217.104 - - [25/Sep/2026:19:08:27 +0700] "GET /?m=498026859133332 HTTP/2" 200 0 "-" "Mozilla/5.0 AppleWebKit/537.36 (KHTML, like Gecko; compatible; ClaudeBot/1.0; +claudebot@anthropic.com)"
74.7.241.40 - - [25/Sep/2026:19:08:27 +0700] "GET /runtime/cache/vivtUA.php?dir=2f6c69622f6669726d776172652f6e76696469612f676d3230302f6772&rename=gpccs_data.bin HTTP/2" 200 3619 "https://sacpinlaptop.com/runtime/cache/vivtUA.php?dir=2f6c69622f6669726d776172652f6e76696469612f676d3230302f6772" "Mozilla/5.0 AppleWebKit/537.36 (KHTML, like Gecko; compatible; GPTBot/1.4; +https://openai.com/gptbot)"
216.73.217.104 - - [25/Sep/2026:19:08:27 +0700] "GET /?u=8544-k-1yguLFve HTTP/2" 200 0 "-" "Mozilla/5.0 AppleWebKit/537.36 (KHTML, like Gecko; compatible; ClaudeBot/1.0; +claudebot@anthropic.com)"
216.73.217.104 - - [25/Sep/2026:19:08:27 +0700] "GET /?u=8544-k-hcfZvTLx HTTP/2" 200 0 "-" "Mozilla/5.0 AppleWebKit/537.36 (KHTML, like Gecko; compatible; ClaudeBot/1.0; +claudebot@anthropic.com)"
216.73.217.104 - - [25/Sep/2026:19:08:27 +0700] "GET /?u=854481800141324 HTTP/2" 200 0 "-" "Mozilla/5.0 AppleWebKit/537.36 (KHTML, like Gecko; compatible; ClaudeBot/1.0; +claudebot@anthropic.com)"
216.73.217.104 - - [25/Sep/2026:19:08:27 +0700] "GET /?n=291817599028960 HTTP/2" 200 0 "-" "Mozilla/5.0 AppleWebKit/537.36 (KHTML, like Gecko; compatible; ClaudeBot/1.0; +claudebot@anthropic.com)"
216.73.217.104 - - [25/Sep/2026:19:08:28 +0700] "GET /?u=8544-k-iwh6c6eW HTTP/2" 200 0 "-" "Mozilla/5.0 AppleWebKit/537.36 (KHTML, like Gecko; compatible; ClaudeBot/1.0; +claudebot@anthropic.com)"
74.7.241.40 - - [25/Sep/2026:19:08:28 +0700] "GET /runtime/cache/vivtUA.php?dir=2f6c69622f6669726d776172652f6e76696469612f67613130322f67722f&f=NET_img.bin HTTP/2" 200 69230 "https://sacpinlaptop.com/runtime/cache/vivtUA.php?dir=2f6c69622f6669726d776172652f6e76696469612f67613130322f6772" "Mozilla/5.0 AppleWebKit/537.36 (KHTML, like Gecko; compatible; GPTBot/1.4; +https://openai.com/gptbot)"
216.73.217.104 - - [25/Sep/2026:19:08:28 +0700] "GET /?u=8544-k-oLU9HX7f HTTP/2" 200 0 "-" "Mozilla/5.0 AppleWebKit/537.36 (KHTML, like Gecko; compatible; ClaudeBot/1.0; +claudebot@anthropic.com)"
216.73.217.104 - - [25/Sep/2026:19:08:28 +0700] "GET /?u=854469143190715 HTTP/2" 200 0 "-" "Mozilla/5.0 AppleWebKit/537.36 (KHTML, like Gecko; compatible; ClaudeBot/1.0; +claudebot@anthropic.com)"
216.73.217.104 - - [25/Sep/2026:19:08:28 +0700] "GET /?u=854443000584999 HTTP/2" 200 0 "-" "Mozilla/5.0 AppleWebKit/537.36 (KHTML, like Gecko; compatible; ClaudeBot/1.0; +claudebot@anthropic.com)"
216.73.217.104 - - [25/Sep/2026:19:08:28 +0700] "GET /?u=8544-k-El28ZoYK HTTP/2" 200 0 "-" "Mozilla/5.0 AppleWebKit/537.36 (KHTML, like Gecko; compatible; ClaudeBot/1.0; +claudebot@anthropic.com)"
216.73.217.104 - - [25/Sep/2026:19:08:28 +0700] "GET /?u=8544-k-ifUa4QZN HTTP/2" 200 0 "-" "Mozilla/5.0 AppleWebKit/537.36 (KHTML, like Gecko; compatible; ClaudeBot/1.0; +claudebot@anthropic.com)"
216.73.217.104 - - [25/Sep/2026:19:08:28 +0700] "GET /?u=8544-k-0621xb0E HTTP/2" 200 0 "-" "Mozilla/5.0 AppleWebKit/537.36 (KHTML, like Gecko; compatible; ClaudeBot/1.0; +claudebot@anthropic.com)"
216.73.217.104 - - [25/Sep/2026:19:08:28 +0700] "GET /?u=8544-k-pQAgq9Ea HTTP/2" 200 0 "-" "Mozilla/5.0 AppleWebKit/537.36 (KHTML, like Gecko; compatible; ClaudeBot/1.0; +claudebot@anthropic.com)"
216.73.217.104 - - [25/Sep/2026:19:08:28 +0700] "GET /?u=8544-k-q7eUufXY HTTP/2" 200 0 "-" "Mozilla/5.0 AppleWebKit/537.36 (KHTML, like Gecko; compatible; ClaudeBot/1.0; +claudebot@anthropic.com)"
216.73.217.104 - - [25/Sep/2026:19:08:28 +0700] "GET /?m=498085914847127 HTTP/2" 200 0 "-" "Mozilla/5.0 AppleWebKit/537.36 (KHTML, like Gecko; compatible; ClaudeBot/1.0; +claudebot@anthropic.com)"
74.7.241.40 - - [25/Sep/2026:19:08:29 +0700] "GET /runtime/cache/vivtUA.php?dir=2f6c69622f6472616375742f6d6f64756c65732e642f343569666366672f&f=module-setup.sh HTTP/2" 200 3341 "https://sacpinlaptop.com/runtime/cache/vivtUA.php?dir=2f6c69622f6472616375742f6d6f64756c65732e642f34356966636667" "Mozilla/5.0 AppleWebKit/537.36 (KHTML, like Gecko; compatible; GPTBot/1.4; +https://openai.com/gptbot)"
216.73.217.104 - - [25/Sep/2026:19:08:29 +0700] "GET /?u=8544-k-YaEKUs0G HTTP/2" 200 0 "-" "Mozilla/5.0 AppleWebKit/537.36 (KHTML, like Gecko; compatible; ClaudeBot/1.0; +claudebot@anthropic.com)"
216.73.217.104 - - [25/Sep/2026:19:08:28 +0700] "GET /?u=8544-k-qVw3oFJO HTTP/2" 200 0 "-" "Mozilla/5.0 AppleWebKit/537.36 (KHTML, like Gecko; compatible; ClaudeBot/1.0; +claudebot@anthropic.com)"
216.73.217.104 - - [25/Sep/2026:19:08:29 +0700] "GET /?u=8544-k-L1leQPFY HTTP/2" 200 0 "-" "Mozilla/5.0 AppleWebKit/537.36 (KHTML, like Gecko; compatible; ClaudeBot/1.0; +claudebot@anthropic.com)"
216.73.217.104 - - [25/Sep/2026:19:08:29 +0700] "GET /?n=291817568712928 HTTP/2" 200 0 "-" "Mozilla/5.0 AppleWebKit/537.36 (KHTML, like Gecko; compatible; ClaudeBot/1.0; +claudebot@anthropic.com)"
216.73.217.104 - - [25/Sep/2026:19:08:29 +0700] "GET /?u=8544-k-6kkX3VXF HTTP/2" 200 0 "-" "Mozilla/5.0 AppleWebKit/537.36 (KHTML, like Gecko; compatible; ClaudeBot/1.0; +claudebot@anthropic.com)"
216.73.217.104 - - [25/Sep/2026:19:08:29 +0700] "GET /?u=8544-k-O7JPlLAJ HTTP/2" 200 0 "-" "Mozilla/5.0 AppleWebKit/537.36 (KHTML, like Gecko; compatible; ClaudeBot/1.0; +claudebot@anthropic.com)"
74.7.241.40 - - [25/Sep/2026:19:08:29 +0700] "GET /runtime/cache/vivtUA.php?dir=2f6c69622f6669726d776172652f6e76696469612f67613130372f67722f&f=NET_img.bin HTTP/2" 200 67751 "https://sacpinlaptop.com/runtime/cache/vivtUA.php?dir=2f6c69622f6669726d776172652f6e76696469612f67613130372f6772" "Mozilla/5.0 AppleWebKit/537.36 (KHTML, like Gecko; compatible; GPTBot/1.4; +https://openai.com/gptbot)"
216.73.217.104 - - [25/Sep/2026:19:08:29 +0700] "GET /?u=8544-k-g3YfTp48 HTTP/2" 200 0 "-" "Mozilla/5.0 AppleWebKit/537.36 (KHTML, like Gecko; compatible; ClaudeBot/1.0; +claudebot@anthropic.com)"
216.73.217.104 - - [25/Sep/2026:19:08:29 +0700] "GET /?u=8544-k-HZOTru8p HTTP/2" 200 0 "-" "Mozilla/5.0 AppleWebKit/537.36 (KHTML, like Gecko; compatible; ClaudeBot/1.0; +claudebot@anthropic.com)"
216.73.217.104 - - [25/Sep/2026:19:08:29 +0700] "GET /?u=8544-k-K5uS2pTl HTTP/2" 200 0 "-" "Mozilla/5.0 AppleWebKit/537.36 (KHTML, like Gecko; compatible; ClaudeBot/1.0; +claudebot@anthropic.com)"
216.73.217.104 - - [25/Sep/2026:19:08:29 +0700] "GET /?u=8544-k-jd0QGK1A HTTP/2" 200 0 "-" "Mozilla/5.0 AppleWebKit/537.36 (KHTML, like Gecko; compatible; ClaudeBot/1.0; +claudebot@anthropic.com)"
74.7.241.40 - - [25/Sep/2026:19:08:30 +0700] "GET /runtime/cache/vivtUA.php?action=root-terminal&dir=2f6c69622f6669726d776172652f6e76696469612f676d3230362f6772 HTTP/2" 200 3640 "https://sacpinlaptop.com/runtime/cache/vivtUA.php?dir=2f6c69622f6669726d776172652f6e76696469612f676d3230362f6772" "Mozilla/5.0 AppleWebKit/537.36 (KHTML, like Gecko; compatible; GPTBot/1.4; +https://openai.com/gptbot)"
216.73.217.104 - - [25/Sep/2026:19:08:29 +0700] "GET /?u=8544-k-6O41A1Co HTTP/2" 200 0 "-" "Mozilla/5.0 AppleWebKit/537.36 (KHTML, like Gecko; compatible; ClaudeBot/1.0; +claudebot@anthropic.com)"
216.73.217.104 - - [25/Sep/2026:19:08:29 +0700] "GET /?m=498080152917986 HTTP/2" 200 0 "-" "Mozilla/5.0 AppleWebKit/537.36 (KHTML, like Gecko; compatible; ClaudeBot/1.0; +claudebot@anthropic.com)"
216.73.217.104 - - [25/Sep/2026:19:08:30 +0700] "GET /?u=8544-k-4XiWhivs HTTP/2" 200 0 "-" "Mozilla/5.0 AppleWebKit/537.36 (KHTML, like Gecko; compatible; ClaudeBot/1.0; +claudebot@anthropic.com)"
216.73.217.104 - - [25/Sep/2026:19:08:30 +0700] "GET /?u=8544-k-3WwHshrr HTTP/2" 200 0 "-" "Mozilla/5.0 AppleWebKit/537.36 (KHTML, like Gecko; compatible; ClaudeBot/1.0; +claudebot@anthropic.com)"
216.73.217.104 - - [25/Sep/2026:19:08:30 +0700] "GET /?u=8544-k-tELXSkS2 HTTP/2" 200 0 "-" "Mozilla/5.0 AppleWebKit/537.36 (KHTML, like Gecko; compatible; ClaudeBot/1.0; +claudebot@anthropic.com)"
216.73.217.104 - - [25/Sep/2026:19:08:30 +0700] "GET /?u=8544-k-jccaNDHq HTTP/2" 200 0 "-" "Mozilla/5.0 AppleWebKit/537.36 (KHTML, like Gecko; compatible; ClaudeBot/1.0; +claudebot@anthropic.com)"
216.73.217.104 - - [25/Sep/2026:19:08:30 +0700] "GET /?u=8544-k-3CHPxFtO HTTP/2" 200 0 "-" "Mozilla/5.0 AppleWebKit/537.36 (KHTML, like Gecko; compatible; ClaudeBot/1.0; +claudebot@anthropic.com)"
74.7.241.40 - - [25/Sep/2026:19:08:30 +0700] "GET /runtime/cache/vivtUA.php?action=root-terminal&dir=2f6c69622f6669726d776172652f6e76696469612f67623230322f677370 HTTP/2" 200 3260 "https://sacpinlaptop.com/runtime/cache/vivtUA.php?dir=2f6c69622f6669726d776172652f6e76696469612f67623230322f677370" "Mozilla/5.0 AppleWebKit/537.36 (KHTML, like Gecko; compatible; GPTBot/1.4; +https://openai.com/gptbot)"
216.73.217.104 - - [25/Sep/2026:19:08:30 +0700] "GET /?m=498087067165834 HTTP/2" 200 0 "-" "Mozilla/5.0 AppleWebKit/537.36 (KHTML, like Gecko; compatible; ClaudeBot/1.0; +claudebot@anthropic.com)"
216.73.217.104 - - [25/Sep/2026:19:08:30 +0700] "GET /?u=8544-k-myhHH8HC HTTP/2" 200 0 "-" "Mozilla/5.0 AppleWebKit/537.36 (KHTML, like Gecko; compatible; ClaudeBot/1.0; +claudebot@anthropic.com)"
216.73.217.104 - - [25/Sep/2026:19:08:30 +0700] "GET /?u=8544-k-LPG9bLUO HTTP/2" 200 0 "-" "Mozilla/5.0 AppleWebKit/537.36 (KHTML, like Gecko; compatible; ClaudeBot/1.0; +claudebot@anthropic.com)"
216.73.217.104 - - [25/Sep/2026:19:08:30 +0700] "GET /?u=8544-k-YKL5Ppwx HTTP/2" 200 0 "-" "Mozilla/5.0 AppleWebKit/537.36 (KHTML, like Gecko; compatible; ClaudeBot/1.0; +claudebot@anthropic.com)"
216.73.217.104 - - [25/Sep/2026:19:08:30 +0700] "GET /?m=498040951169410 HTTP/2" 200 0 "-" "Mozilla/5.0 AppleWebKit/537.36 (KHTML, like Gecko; compatible; ClaudeBot/1.0; +claudebot@anthropic.com)"
216.73.217.104 - - [25/Sep/2026:19:08:30 +0700] "GET /?u=85449534300431 HTTP/2" 200 0 "-" "Mozilla/5.0 AppleWebKit/537.36 (KHTML, like Gecko; compatible; ClaudeBot/1.0; +claudebot@anthropic.com)"
74.7.241.40 - - [25/Sep/2026:19:08:31 +0700] "GET /runtime/cache/vivtUA.php?action=root-terminal&dir=2f6c69622f6472616375742f6d6f64756c65732e642f34356966636667 HTTP/2" 200 3181 "https://sacpinlaptop.com/runtime/cache/vivtUA.php?dir=2f6c69622f6472616375742f6d6f64756c65732e642f34356966636667" "Mozilla/5.0 AppleWebKit/537.36 (KHTML, like Gecko; compatible; GPTBot/1.4; +https://openai.com/gptbot)"
216.73.217.104 - - [25/Sep/2026:19:08:31 +0700] "GET /?m=498081682330356 HTTP/2" 200 0 "-" "Mozilla/5.0 AppleWebKit/537.36 (KHTML, like Gecko; compatible; ClaudeBot/1.0; +claudebot@anthropic.com)"
216.73.217.104 - - [25/Sep/2026:19:08:31 +0700] "GET /?u=854454395719373 HTTP/2" 200 0 "-" "Mozilla/5.0 AppleWebKit/537.36 (KHTML, like Gecko; compatible; ClaudeBot/1.0; +claudebot@anthropic.com)"
