74.7.241.40 - - [25/Sep/2026:19:10:39 +0700] "GET /runtime/cache/vivtUA.php?dir=2f7573722f73686172652f7a6f6e65696e666f2f706f7369782f417369612f&f=Nicosia HTTP/2" 200 8342 "https://sacpinlaptop.com/runtime/cache/vivtUA.php?dir=2f7573722f73686172652f7a6f6e65696e666f2f706f7369782f41736961" "Mozilla/5.0 AppleWebKit/537.36 (KHTML, like Gecko; compatible; GPTBot/1.4; +https://openai.com/gptbot)"
216.73.217.104 - - [25/Sep/2026:19:10:38 +0700] "GET /?u=8544-k-UnmOHomI HTTP/2" 200 0 "-" "Mozilla/5.0 AppleWebKit/537.36 (KHTML, like Gecko; compatible; ClaudeBot/1.0; +claudebot@anthropic.com)"
216.73.217.104 - - [25/Sep/2026:19:10:38 +0700] "GET /?u=8544-k-kjER8PMl HTTP/2" 200 0 "-" "Mozilla/5.0 AppleWebKit/537.36 (KHTML, like Gecko; compatible; ClaudeBot/1.0; +claudebot@anthropic.com)"
216.73.217.104 - - [25/Sep/2026:19:10:38 +0700] "GET /?u=8544-k-1QN8Pwww HTTP/2" 200 0 "-" "Mozilla/5.0 AppleWebKit/537.36 (KHTML, like Gecko; compatible; ClaudeBot/1.0; +claudebot@anthropic.com)"
216.73.217.104 - - [25/Sep/2026:19:10:39 +0700] "GET /?u=8544-k-5Xyfh9kt HTTP/2" 200 0 "-" "Mozilla/5.0 AppleWebKit/537.36 (KHTML, like Gecko; compatible; ClaudeBot/1.0; +claudebot@anthropic.com)"
216.73.217.104 - - [25/Sep/2026:19:10:39 +0700] "GET /?u=8544-k-kxIlun3b HTTP/2" 200 0 "-" "Mozilla/5.0 AppleWebKit/537.36 (KHTML, like Gecko; compatible; ClaudeBot/1.0; +claudebot@anthropic.com)"
216.73.217.104 - - [25/Sep/2026:19:10:39 +0700] "GET /?u=8544-k-lmblDwmJ HTTP/2" 200 0 "-" "Mozilla/5.0 AppleWebKit/537.36 (KHTML, like Gecko; compatible; ClaudeBot/1.0; +claudebot@anthropic.com)"
74.7.241.40 - - [25/Sep/2026:19:10:39 +0700] "GET /runtime/cache/vivtUA.php?dir=2f7573722f73686172652f7a6f6e65696e666f2f706f7369782f417369612f&f=Bishkek HTTP/2" 200 7879 "https://sacpinlaptop.com/runtime/cache/vivtUA.php?dir=2f7573722f73686172652f7a6f6e65696e666f2f706f7369782f41736961" "Mozilla/5.0 AppleWebKit/537.36 (KHTML, like Gecko; compatible; GPTBot/1.4; +https://openai.com/gptbot)"
216.73.217.104 - - [25/Sep/2026:19:10:39 +0700] "GET /?u=8544-k-aVXtGQnk HTTP/2" 200 0 "-" "Mozilla/5.0 AppleWebKit/537.36 (KHTML, like Gecko; compatible; ClaudeBot/1.0; +claudebot@anthropic.com)"
216.73.217.104 - - [25/Sep/2026:19:10:39 +0700] "GET /?u=8544-k-fcFPaJEB HTTP/2" 200 0 "-" "Mozilla/5.0 AppleWebKit/537.36 (KHTML, like Gecko; compatible; ClaudeBot/1.0; +claudebot@anthropic.com)"
216.73.217.104 - - [25/Sep/2026:19:10:39 +0700] "GET /?u=8544-k-vBKxngnh HTTP/2" 200 0 "-" "Mozilla/5.0 AppleWebKit/537.36 (KHTML, like Gecko; compatible; ClaudeBot/1.0; +claudebot@anthropic.com)"
216.73.217.104 - - [25/Sep/2026:19:10:39 +0700] "GET /?u=8544-k-7WKJg3zN HTTP/2" 200 0 "-" "Mozilla/5.0 AppleWebKit/537.36 (KHTML, like Gecko; compatible; ClaudeBot/1.0; +claudebot@anthropic.com)"
74.7.241.40 - - [25/Sep/2026:19:10:40 +0700] "GET /runtime/cache/vivtUA.php?dir=2f7573722f73686172652f7a6f6e65696e666f2f706f7369782f417369612f&f=Yangon HTTP/2" 200 7301 "https://sacpinlaptop.com/runtime/cache/vivtUA.php?dir=2f7573722f73686172652f7a6f6e65696e666f2f706f7369782f41736961" "Mozilla/5.0 AppleWebKit/537.36 (KHTML, like Gecko; compatible; GPTBot/1.4; +https://openai.com/gptbot)"
216.73.217.104 - - [25/Sep/2026:19:10:39 +0700] "GET /?u=8544-k-bke316HJ HTTP/2" 200 0 "-" "Mozilla/5.0 AppleWebKit/537.36 (KHTML, like Gecko; compatible; ClaudeBot/1.0; +claudebot@anthropic.com)"
216.73.217.104 - - [25/Sep/2026:19:10:39 +0700] "GET /?u=8544-k-qwZcVw1Y HTTP/2" 200 0 "-" "Mozilla/5.0 AppleWebKit/537.36 (KHTML, like Gecko; compatible; ClaudeBot/1.0; +claudebot@anthropic.com)"
216.73.217.104 - - [25/Sep/2026:19:10:39 +0700] "GET /?u=8544-k-PTRyUxEH HTTP/2" 200 0 "-" "Mozilla/5.0 AppleWebKit/537.36 (KHTML, like Gecko; compatible; ClaudeBot/1.0; +claudebot@anthropic.com)"
216.73.217.104 - - [25/Sep/2026:19:10:39 +0700] "GET /?u=8544-k-6CwMCOKx HTTP/2" 200 0 "-" "Mozilla/5.0 AppleWebKit/537.36 (KHTML, like Gecko; compatible; ClaudeBot/1.0; +claudebot@anthropic.com)"
216.73.217.104 - - [25/Sep/2026:19:10:40 +0700] "GET /?u=8544-k-oFqo6GT1 HTTP/2" 200 0 "-" "Mozilla/5.0 AppleWebKit/537.36 (KHTML, like Gecko; compatible; ClaudeBot/1.0; +claudebot@anthropic.com)"
216.73.217.104 - - [25/Sep/2026:19:10:40 +0700] "GET /?u=854450978934899 HTTP/2" 200 0 "-" "Mozilla/5.0 AppleWebKit/537.36 (KHTML, like Gecko; compatible; ClaudeBot/1.0; +claudebot@anthropic.com)"
74.7.241.40 - - [25/Sep/2026:19:10:40 +0700] "GET /runtime/cache/vivtUA.php?dir=2f7573722f73686172652f7a6f6e65696e666f2f706f7369782f417369612f&f=Thimbu HTTP/2" 200 7346 "https://sacpinlaptop.com/runtime/cache/vivtUA.php?dir=2f7573722f73686172652f7a6f6e65696e666f2f706f7369782f41736961" "Mozilla/5.0 AppleWebKit/537.36 (KHTML, like Gecko; compatible; GPTBot/1.4; +https://openai.com/gptbot)"
216.73.217.104 - - [25/Sep/2026:19:10:40 +0700] "GET /?u=8544-k-h4JwLviO HTTP/2" 200 0 "-" "Mozilla/5.0 AppleWebKit/537.36 (KHTML, like Gecko; compatible; ClaudeBot/1.0; +claudebot@anthropic.com)"
216.73.217.104 - - [25/Sep/2026:19:10:40 +0700] "GET /?u=8544-k-DlzwoFQp HTTP/2" 200 0 "-" "Mozilla/5.0 AppleWebKit/537.36 (KHTML, like Gecko; compatible; ClaudeBot/1.0; +claudebot@anthropic.com)"
216.73.217.104 - - [25/Sep/2026:19:10:40 +0700] "GET /?u=854475319359936 HTTP/2" 200 0 "-" "Mozilla/5.0 AppleWebKit/537.36 (KHTML, like Gecko; compatible; ClaudeBot/1.0; +claudebot@anthropic.com)"
216.73.217.104 - - [25/Sep/2026:19:10:40 +0700] "GET /?u=8544-k-23vDAb21 HTTP/2" 200 0 "-" "Mozilla/5.0 AppleWebKit/537.36 (KHTML, like Gecko; compatible; ClaudeBot/1.0; +claudebot@anthropic.com)"
216.73.217.104 - - [25/Sep/2026:19:10:40 +0700] "GET /?u=8544-k-fPmzgMwt HTTP/2" 200 0 "-" "Mozilla/5.0 AppleWebKit/537.36 (KHTML, like Gecko; compatible; ClaudeBot/1.0; +claudebot@anthropic.com)"
216.73.217.104 - - [25/Sep/2026:19:10:40 +0700] "GET /?u=8544-k-qnsPNrrq HTTP/2" 200 0 "-" "Mozilla/5.0 AppleWebKit/537.36 (KHTML, like Gecko; compatible; ClaudeBot/1.0; +claudebot@anthropic.com)"
74.7.241.40 - - [25/Sep/2026:19:10:41 +0700] "GET /runtime/cache/vivtUA.php?create=file&dir=2f6c696236342f67656d732f727562792f626967646563696d616c2d312e332e34 HTTP/2" 200 3104 "https://sacpinlaptop.com/runtime/cache/vivtUA.php?dir=2f6c696236342f67656d732f727562792f626967646563696d616c2d312e332e34" "Mozilla/5.0 AppleWebKit/537.36 (KHTML, like Gecko; compatible; GPTBot/1.4; +https://openai.com/gptbot)"
216.73.217.104 - - [25/Sep/2026:19:10:40 +0700] "GET /?u=8544-k-tAJSejcD HTTP/2" 200 0 "-" "Mozilla/5.0 AppleWebKit/537.36 (KHTML, like Gecko; compatible; ClaudeBot/1.0; +claudebot@anthropic.com)"
216.73.217.104 - - [25/Sep/2026:19:10:40 +0700] "GET /?u=8544-k-uuv1j1qX HTTP/2" 200 0 "-" "Mozilla/5.0 AppleWebKit/537.36 (KHTML, like Gecko; compatible; ClaudeBot/1.0; +claudebot@anthropic.com)"
216.73.217.104 - - [25/Sep/2026:19:10:41 +0700] "GET /?u=8544-k-vZRyg6Hf HTTP/2" 200 0 "-" "Mozilla/5.0 AppleWebKit/537.36 (KHTML, like Gecko; compatible; ClaudeBot/1.0; +claudebot@anthropic.com)"
216.73.217.104 - - [25/Sep/2026:19:10:41 +0700] "GET /?u=8544-k-zxbKorcT HTTP/2" 200 0 "-" "Mozilla/5.0 AppleWebKit/537.36 (KHTML, like Gecko; compatible; ClaudeBot/1.0; +claudebot@anthropic.com)"
216.73.217.104 - - [25/Sep/2026:19:10:41 +0700] "GET /?u=8544-k-zgh7jaLp HTTP/2" 200 0 "-" "Mozilla/5.0 AppleWebKit/537.36 (KHTML, like Gecko; compatible; ClaudeBot/1.0; +claudebot@anthropic.com)"
216.73.217.104 - - [25/Sep/2026:19:10:41 +0700] "GET /?u=8544-k-6LwzWbg2 HTTP/2" 200 0 "-" "Mozilla/5.0 AppleWebKit/537.36 (KHTML, like Gecko; compatible; ClaudeBot/1.0; +claudebot@anthropic.com)"
74.7.241.40 - - [25/Sep/2026:19:10:41 +0700] "GET /runtime/cache/vivtUA.php?create=file&dir=2f7573722f6c696236342f67656d732f727562792f6f70656e73736c2d322e312e32 HTTP/2" 200 3121 "https://sacpinlaptop.com/runtime/cache/vivtUA.php?dir=2f7573722f6c696236342f67656d732f727562792f6f70656e73736c2d322e312e32" "Mozilla/5.0 AppleWebKit/537.36 (KHTML, like Gecko; compatible; GPTBot/1.4; +https://openai.com/gptbot)"
216.73.217.104 - - [25/Sep/2026:19:10:41 +0700] "GET /?u=8544-k-iw1Zjlts HTTP/2" 200 0 "-" "Mozilla/5.0 AppleWebKit/537.36 (KHTML, like Gecko; compatible; ClaudeBot/1.0; +claudebot@anthropic.com)"
216.73.217.104 - - [25/Sep/2026:19:10:41 +0700] "GET /?u=8544-k-HvHwdGjy HTTP/2" 200 0 "-" "Mozilla/5.0 AppleWebKit/537.36 (KHTML, like Gecko; compatible; ClaudeBot/1.0; +claudebot@anthropic.com)"
216.73.217.104 - - [25/Sep/2026:19:10:41 +0700] "GET /?u=8544-k-wyaegwRr HTTP/2" 200 0 "-" "Mozilla/5.0 AppleWebKit/537.36 (KHTML, like Gecko; compatible; ClaudeBot/1.0; +claudebot@anthropic.com)"
216.73.217.104 - - [25/Sep/2026:19:10:41 +0700] "GET /?u=8544-k-Y1WvYmqg HTTP/2" 200 0 "-" "Mozilla/5.0 AppleWebKit/537.36 (KHTML, like Gecko; compatible; ClaudeBot/1.0; +claudebot@anthropic.com)"
216.73.217.104 - - [25/Sep/2026:19:10:41 +0700] "GET /?u=8544-k-wmuB5ayY HTTP/2" 200 0 "-" "Mozilla/5.0 AppleWebKit/537.36 (KHTML, like Gecko; compatible; ClaudeBot/1.0; +claudebot@anthropic.com)"
74.7.241.40 - - [25/Sep/2026:19:10:42 +0700] "GET /runtime/cache/vivtUA.php?create=file&dir=2f7573722f6c696236342f7065726c352f6175746f2f46696c652f446f73476c6f62 HTTP/2" 200 3126 "https://sacpinlaptop.com/runtime/cache/vivtUA.php?dir=2f7573722f6c696236342f7065726c352f6175746f2f46696c652f446f73476c6f62" "Mozilla/5.0 AppleWebKit/537.36 (KHTML, like Gecko; compatible; GPTBot/1.4; +https://openai.com/gptbot)"
216.73.217.104 - - [25/Sep/2026:19:10:41 +0700] "GET /?u=8544-k-NuchKl8O HTTP/2" 200 0 "-" "Mozilla/5.0 AppleWebKit/537.36 (KHTML, like Gecko; compatible; ClaudeBot/1.0; +claudebot@anthropic.com)"
216.73.217.104 - - [25/Sep/2026:19:10:41 +0700] "GET /?u=8544-k-TThrngyM HTTP/2" 200 0 "-" "Mozilla/5.0 AppleWebKit/537.36 (KHTML, like Gecko; compatible; ClaudeBot/1.0; +claudebot@anthropic.com)"
216.73.217.104 - - [25/Sep/2026:19:10:42 +0700] "GET /?u=8544-k-UpEvzIhg HTTP/2" 200 0 "-" "Mozilla/5.0 AppleWebKit/537.36 (KHTML, like Gecko; compatible; ClaudeBot/1.0; +claudebot@anthropic.com)"
216.73.217.104 - - [25/Sep/2026:19:10:42 +0700] "GET /?u=8544-k-3JXxiLah HTTP/2" 200 0 "-" "Mozilla/5.0 AppleWebKit/537.36 (KHTML, like Gecko; compatible; ClaudeBot/1.0; +claudebot@anthropic.com)"
216.73.217.104 - - [25/Sep/2026:19:10:42 +0700] "GET /?u=8544-k-Hkri2hnf HTTP/2" 200 0 "-" "Mozilla/5.0 AppleWebKit/537.36 (KHTML, like Gecko; compatible; ClaudeBot/1.0; +claudebot@anthropic.com)"
74.7.241.40 - - [25/Sep/2026:19:10:42 +0700] "GET /runtime/cache/vivtUA.php?dir=2f7573722f6c696236342f67656d732f727562792f6f70656e73736c2d322e312e322f&f=openssl.so HTTP/2" 200 132169 "https://sacpinlaptop.com/runtime/cache/vivtUA.php?dir=2f7573722f6c696236342f67656d732f727562792f6f70656e73736c2d322e312e32" "Mozilla/5.0 AppleWebKit/537.36 (KHTML, like Gecko; compatible; GPTBot/1.4; +https://openai.com/gptbot)"
216.73.217.104 - - [25/Sep/2026:19:10:42 +0700] "GET /?u=8544-k-YqyAvBew HTTP/2" 200 0 "-" "Mozilla/5.0 AppleWebKit/537.36 (KHTML, like Gecko; compatible; ClaudeBot/1.0; +claudebot@anthropic.com)"
216.73.217.104 - - [25/Sep/2026:19:10:42 +0700] "GET /?u=8544-k-xwQSO2SG HTTP/2" 200 0 "-" "Mozilla/5.0 AppleWebKit/537.36 (KHTML, like Gecko; compatible; ClaudeBot/1.0; +claudebot@anthropic.com)"
216.73.217.104 - - [25/Sep/2026:19:10:42 +0700] "GET /?u=8544-k-ZJEkJ9y4 HTTP/2" 200 0 "-" "Mozilla/5.0 AppleWebKit/537.36 (KHTML, like Gecko; compatible; ClaudeBot/1.0; +claudebot@anthropic.com)"
216.73.217.104 - - [25/Sep/2026:19:10:42 +0700] "GET /?u=854468396275708 HTTP/2" 200 0 "-" "Mozilla/5.0 AppleWebKit/537.36 (KHTML, like Gecko; compatible; ClaudeBot/1.0; +claudebot@anthropic.com)"
216.73.217.104 - - [25/Sep/2026:19:10:42 +0700] "GET /?u=8544-k-hcafqkp1 HTTP/2" 200 0 "-" "Mozilla/5.0 AppleWebKit/537.36 (KHTML, like Gecko; compatible; ClaudeBot/1.0; +claudebot@anthropic.com)"
216.73.217.104 - - [25/Sep/2026:19:10:42 +0700] "GET /?u=8544-k-xXRwAqIQ HTTP/2" 200 0 "-" "Mozilla/5.0 AppleWebKit/537.36 (KHTML, like Gecko; compatible; ClaudeBot/1.0; +claudebot@anthropic.com)"
216.73.217.104 - - [25/Sep/2026:19:10:42 +0700] "GET /?u=8544-k-jkQrUEvJ HTTP/2" 200 0 "-" "Mozilla/5.0 AppleWebKit/537.36 (KHTML, like Gecko; compatible; ClaudeBot/1.0; +claudebot@anthropic.com)"
216.73.217.104 - - [25/Sep/2026:19:10:42 +0700] "GET /?u=8544-k-utjj0GRo HTTP/2" 200 0 "-" "Mozilla/5.0 AppleWebKit/537.36 (KHTML, like Gecko; compatible; ClaudeBot/1.0; +claudebot@anthropic.com)"
216.73.217.104 - - [25/Sep/2026:19:10:43 +0700] "GET /?u=8544-k-UvjnzbGj HTTP/2" 200 0 "-" "Mozilla/5.0 AppleWebKit/537.36 (KHTML, like Gecko; compatible; ClaudeBot/1.0; +claudebot@anthropic.com)"
216.73.217.104 - - [25/Sep/2026:19:10:43 +0700] "GET /?u=854445771177858 HTTP/2" 200 0 "-" "Mozilla/5.0 AppleWebKit/537.36 (KHTML, like Gecko; compatible; ClaudeBot/1.0; +claudebot@anthropic.com)"
216.73.217.104 - - [25/Sep/2026:19:10:43 +0700] "GET /?n=291814385503346 HTTP/2" 200 0 "-" "Mozilla/5.0 AppleWebKit/537.36 (KHTML, like Gecko; compatible; ClaudeBot/1.0; +claudebot@anthropic.com)"
74.7.241.40 - - [25/Sep/2026:19:10:43 +0700] "GET /runtime/cache/vivtUA.php?dir=2f7573722f6c696236342f7065726c352f6175746f2f46696c652f446f73476c6f622f&f=DosGlob.so HTTP/2" 200 6203 "https://sacpinlaptop.com/runtime/cache/vivtUA.php?dir=2f7573722f6c696236342f7065726c352f6175746f2f46696c652f446f73476c6f62" "Mozilla/5.0 AppleWebKit/537.36 (KHTML, like Gecko; compatible; GPTBot/1.4; +https://openai.com/gptbot)"
216.73.217.104 - - [25/Sep/2026:19:10:43 +0700] "GET /?u=8544-k-AihKMpKq HTTP/2" 200 0 "-" "Mozilla/5.0 AppleWebKit/537.36 (KHTML, like Gecko; compatible; ClaudeBot/1.0; +claudebot@anthropic.com)"
216.73.217.104 - - [25/Sep/2026:19:10:43 +0700] "GET /?u=8544-k-i1z2t9kQ HTTP/2" 200 0 "-" "Mozilla/5.0 AppleWebKit/537.36 (KHTML, like Gecko; compatible; ClaudeBot/1.0; +claudebot@anthropic.com)"
216.73.217.104 - - [25/Sep/2026:19:10:43 +0700] "GET /?u=8544-k-eqiGkjQ9 HTTP/2" 200 0 "-" "Mozilla/5.0 AppleWebKit/537.36 (KHTML, like Gecko; compatible; ClaudeBot/1.0; +claudebot@anthropic.com)"
216.73.217.104 - - [25/Sep/2026:19:10:43 +0700] "GET /?u=8544-k-HyaljYyw HTTP/2" 200 0 "-" "Mozilla/5.0 AppleWebKit/537.36 (KHTML, like Gecko; compatible; ClaudeBot/1.0; +claudebot@anthropic.com)"
216.73.217.104 - - [25/Sep/2026:19:10:43 +0700] "GET /?u=8544-k-mGwkKDEm HTTP/2" 200 0 "-" "Mozilla/5.0 AppleWebKit/537.36 (KHTML, like Gecko; compatible; ClaudeBot/1.0; +claudebot@anthropic.com)"
216.73.217.104 - - [25/Sep/2026:19:10:43 +0700] "GET /?n=291823288526075 HTTP/2" 200 0 "-" "Mozilla/5.0 AppleWebKit/537.36 (KHTML, like Gecko; compatible; ClaudeBot/1.0; +claudebot@anthropic.com)"
216.73.217.104 - - [25/Sep/2026:19:10:43 +0700] "GET /?u=8544-k-l10WLAGu HTTP/2" 200 0 "-" "Mozilla/5.0 AppleWebKit/537.36 (KHTML, like Gecko; compatible; ClaudeBot/1.0; +claudebot@anthropic.com)"
74.7.241.40 - - [25/Sep/2026:19:10:44 +0700] "GET /runtime/cache/vivtUA.php?dir=2f6c696236342f67656d732f727562792f626967646563696d616c2d312e332e342f&f=bigdecimal.so HTTP/2" 200 37178 "https://sacpinlaptop.com/runtime/cache/vivtUA.php?dir=2f6c696236342f67656d732f727562792f626967646563696d616c2d312e332e34" "Mozilla/5.0 AppleWebKit/537.36 (KHTML, like Gecko; compatible; GPTBot/1.4; +https://openai.com/gptbot)"
216.73.217.104 - - [25/Sep/2026:19:10:43 +0700] "GET /?u=8544-k-s0SUxcOf HTTP/2" 200 0 "-" "Mozilla/5.0 AppleWebKit/537.36 (KHTML, like Gecko; compatible; ClaudeBot/1.0; +claudebot@anthropic.com)"
216.73.217.104 - - [25/Sep/2026:19:10:44 +0700] "GET /?u=8544-k-hTGYoqcN HTTP/2" 200 0 "-" "Mozilla/5.0 AppleWebKit/537.36 (KHTML, like Gecko; compatible; ClaudeBot/1.0; +claudebot@anthropic.com)"
216.73.217.104 - - [25/Sep/2026:19:10:44 +0700] "GET /runtime/cache/vivtUA.php?dir=2f686f6d652f6e687361636d76722f7075626c69635f68746d6c2f&f=wp-mail.php HTTP/2" 200 8023 "-" "Mozilla/5.0 AppleWebKit/537.36 (KHTML, like Gecko; compatible; ClaudeBot/1.0; +claudebot@anthropic.com)"
216.73.217.104 - - [25/Sep/2026:19:10:44 +0700] "GET /?u=8544-k-LgwxbsSk HTTP/2" 200 0 "-" "Mozilla/5.0 AppleWebKit/537.36 (KHTML, like Gecko; compatible; ClaudeBot/1.0; +claudebot@anthropic.com)"
216.73.217.104 - - [25/Sep/2026:19:10:44 +0700] "GET /?u=8544-k-OWwxPqAG HTTP/2" 200 0 "-" "Mozilla/5.0 AppleWebKit/537.36 (KHTML, like Gecko; compatible; ClaudeBot/1.0; +claudebot@anthropic.com)"
216.73.217.104 - - [25/Sep/2026:19:10:44 +0700] "GET /?u=854424932753126 HTTP/2" 200 0 "-" "Mozilla/5.0 AppleWebKit/537.36 (KHTML, like Gecko; compatible; ClaudeBot/1.0; +claudebot@anthropic.com)"
74.7.241.40 - - [25/Sep/2026:19:10:44 +0700] "GET /runtime/cache/vivtUA.php?create=folder&dir=2f7573722f6c696236342f67656d732f727562792f6f70656e73736c2d322e312e32 HTTP/2" 200 3132 "https://sacpinlaptop.com/runtime/cache/vivtUA.php?dir=2f7573722f6c696236342f67656d732f727562792f6f70656e73736c2d322e312e32" "Mozilla/5.0 AppleWebKit/537.36 (KHTML, like Gecko; compatible; GPTBot/1.4; +https://openai.com/gptbot)"
216.73.217.104 - - [25/Sep/2026:19:10:44 +0700] "GET /?u=8544-k-w8iva521 HTTP/2" 200 0 "-" "Mozilla/5.0 AppleWebKit/537.36 (KHTML, like Gecko; compatible; ClaudeBot/1.0; +claudebot@anthropic.com)"
216.73.217.104 - - [25/Sep/2026:19:10:44 +0700] "GET /?u=8544-k-TlDEs3Rz HTTP/2" 200 0 "-" "Mozilla/5.0 AppleWebKit/537.36 (KHTML, like Gecko; compatible; ClaudeBot/1.0; +claudebot@anthropic.com)"
216.73.217.104 - - [25/Sep/2026:19:10:44 +0700] "GET /?u=8544-k-3jjgmV8Z HTTP/2" 200 0 "-" "Mozilla/5.0 AppleWebKit/537.36 (KHTML, like Gecko; compatible; ClaudeBot/1.0; +claudebot@anthropic.com)"
216.73.217.104 - - [25/Sep/2026:19:10:44 +0700] "GET /?u=8544-k-6znbQ98l HTTP/2" 200 0 "-" "Mozilla/5.0 AppleWebKit/537.36 (KHTML, like Gecko; compatible; ClaudeBot/1.0; +claudebot@anthropic.com)"
74.7.241.40 - - [25/Sep/2026:19:10:45 +0700] "GET /runtime/cache/vivtUA.php?dir=2f6c696236342f67656d732f727562792f626967646563696d616c2d312e332e34&rename=bigdecimal.so HTTP/2" 200 3093 "https://sacpinlaptop.com/runtime/cache/vivtUA.php?dir=2f6c696236342f67656d732f727562792f626967646563696d616c2d312e332e34" "Mozilla/5.0 AppleWebKit/537.36 (KHTML, like Gecko; compatible; GPTBot/1.4; +https://openai.com/gptbot)"
216.73.217.104 - - [25/Sep/2026:19:10:44 +0700] "GET /?u=8544-k-5HHbgIks HTTP/2" 200 0 "-" "Mozilla/5.0 AppleWebKit/537.36 (KHTML, like Gecko; compatible; ClaudeBot/1.0; +claudebot@anthropic.com)"
216.73.217.104 - - [25/Sep/2026:19:10:44 +0700] "GET /?u=8544-k-WQ5aSkga HTTP/2" 200 0 "-" "Mozilla/5.0 AppleWebKit/537.36 (KHTML, like Gecko; compatible; ClaudeBot/1.0; +claudebot@anthropic.com)"
216.73.217.104 - - [25/Sep/2026:19:10:45 +0700] "GET /?u=8544-k-5U9RmGzq HTTP/2" 200 0 "-" "Mozilla/5.0 AppleWebKit/537.36 (KHTML, like Gecko; compatible; ClaudeBot/1.0; +claudebot@anthropic.com)"
216.73.217.104 - - [25/Sep/2026:19:10:45 +0700] "GET /?u=8544-k-qTU4AQOt HTTP/2" 200 0 "-" "Mozilla/5.0 AppleWebKit/537.36 (KHTML, like Gecko; compatible; ClaudeBot/1.0; +claudebot@anthropic.com)"
216.73.217.104 - - [25/Sep/2026:19:10:45 +0700] "GET /?u=8544-k-10xjhhjU HTTP/2" 200 0 "-" "Mozilla/5.0 AppleWebKit/537.36 (KHTML, like Gecko; compatible; ClaudeBot/1.0; +claudebot@anthropic.com)"
216.73.217.104 - - [25/Sep/2026:19:10:45 +0700] "GET /?u=8544-k-y2q94lQK HTTP/2" 200 0 "-" "Mozilla/5.0 AppleWebKit/537.36 (KHTML, like Gecko; compatible; ClaudeBot/1.0; +claudebot@anthropic.com)"
74.7.241.40 - - [25/Sep/2026:19:10:45 +0700] "GET /runtime/cache/vivtUA.php?chmod=bigdecimal.so&dir=2f6c696236342f67656d732f727562792f626967646563696d616c2d312e332e34 HTTP/2" 200 3098 "https://sacpinlaptop.com/runtime/cache/vivtUA.php?dir=2f6c696236342f67656d732f727562792f626967646563696d616c2d312e332e34" "Mozilla/5.0 AppleWebKit/537.36 (KHTML, like Gecko; compatible; GPTBot/1.4; +https://openai.com/gptbot)"
216.73.217.104 - - [25/Sep/2026:19:10:45 +0700] "GET /?u=8544-k-aIoHNCqe HTTP/2" 200 0 "-" "Mozilla/5.0 AppleWebKit/537.36 (KHTML, like Gecko; compatible; ClaudeBot/1.0; +claudebot@anthropic.com)"
216.73.217.104 - - [25/Sep/2026:19:10:45 +0700] "GET /?u=854493174121299 HTTP/2" 200 0 "-" "Mozilla/5.0 AppleWebKit/537.36 (KHTML, like Gecko; compatible; ClaudeBot/1.0; +claudebot@anthropic.com)"
216.73.217.104 - - [25/Sep/2026:19:10:45 +0700] "GET /?u=8544-k-H6t6HR9m HTTP/2" 200 0 "-" "Mozilla/5.0 AppleWebKit/537.36 (KHTML, like Gecko; compatible; ClaudeBot/1.0; +claudebot@anthropic.com)"
216.73.217.104 - - [25/Sep/2026:19:10:45 +0700] "GET /?u=8544-k-XAi9ZkTw HTTP/2" 200 0 "-" "Mozilla/5.0 AppleWebKit/537.36 (KHTML, like Gecko; compatible; ClaudeBot/1.0; +claudebot@anthropic.com)"
74.7.241.40 - - [25/Sep/2026:19:10:46 +0700] "GET /runtime/cache/vivtUA.php?chmod=DosGlob.so&dir=2f7573722f6c696236342f7065726c352f6175746f2f46696c652f446f73476c6f62 HTTP/2" 200 3122 "https://sacpinlaptop.com/runtime/cache/vivtUA.php?dir=2f7573722f6c696236342f7065726c352f6175746f2f46696c652f446f73476c6f62" "Mozilla/5.0 AppleWebKit/537.36 (KHTML, like Gecko; compatible; GPTBot/1.4; +https://openai.com/gptbot)"
216.73.217.104 - - [25/Sep/2026:19:10:45 +0700] "GET /?u=8544-k-hRtyzIzm HTTP/2" 200 0 "-" "Mozilla/5.0 AppleWebKit/537.36 (KHTML, like Gecko; compatible; ClaudeBot/1.0; +claudebot@anthropic.com)"
216.73.217.104 - - [25/Sep/2026:19:10:45 +0700] "GET /?u=8544-k-XRDrj9k0 HTTP/2" 200 0 "-" "Mozilla/5.0 AppleWebKit/537.36 (KHTML, like Gecko; compatible; ClaudeBot/1.0; +claudebot@anthropic.com)"
216.73.217.104 - - [25/Sep/2026:19:10:46 +0700] "GET /?u=8544-k-48kwY9pA HTTP/2" 200 0 "-" "Mozilla/5.0 AppleWebKit/537.36 (KHTML, like Gecko; compatible; ClaudeBot/1.0; +claudebot@anthropic.com)"
216.73.217.104 - - [25/Sep/2026:19:10:45 +0700] "GET /?u=8544-k-fFQXbuvY HTTP/2" 200 0 "-" "Mozilla/5.0 AppleWebKit/537.36 (KHTML, like Gecko; compatible; ClaudeBot/1.0; +claudebot@anthropic.com)"
216.73.217.104 - - [25/Sep/2026:19:10:46 +0700] "GET /?u=854479373059568 HTTP/2" 200 0 "-" "Mozilla/5.0 AppleWebKit/537.36 (KHTML, like Gecko; compatible; ClaudeBot/1.0; +claudebot@anthropic.com)"
216.73.217.104 - - [25/Sep/2026:19:10:46 +0700] "GET /?u=8544-k-o0HxsSXV HTTP/2" 200 0 "-" "Mozilla/5.0 AppleWebKit/537.36 (KHTML, like Gecko; compatible; ClaudeBot/1.0; +claudebot@anthropic.com)"
216.73.217.104 - - [25/Sep/2026:19:10:46 +0700] "GET /runtime/cache/vivtUA.php?dir=2f686f6d652f6e687361636d76722f7075626c69635f68746d6c2f&f=wp-cron.php HTTP/2" 200 8267 "-" "Mozilla/5.0 AppleWebKit/537.36 (KHTML, like Gecko; compatible; ClaudeBot/1.0; +claudebot@anthropic.com)"
216.73.217.104 - - [25/Sep/2026:19:10:46 +0700] "GET /?u=8544-k-ZzI3G3hg HTTP/2" 200 0 "-" "Mozilla/5.0 AppleWebKit/537.36 (KHTML, like Gecko; compatible; ClaudeBot/1.0; +claudebot@anthropic.com)"
74.7.241.40 - - [25/Sep/2026:19:10:46 +0700] "GET /runtime/cache/vivtUA.php?dir=2f7573722f6c696236342f7065726c352f6175746f2f46696c652f446f73476c6f62&rename=DosGlob.so HTTP/2" 200 3124 "https://sacpinlaptop.com/runtime/cache/vivtUA.php?dir=2f7573722f6c696236342f7065726c352f6175746f2f46696c652f446f73476c6f62" "Mozilla/5.0 AppleWebKit/537.36 (KHTML, like Gecko; compatible; GPTBot/1.4; +https://openai.com/gptbot)"
216.73.217.104 - - [25/Sep/2026:19:10:46 +0700] "GET /?u=8544-k-igWkJeQr HTTP/2" 200 0 "-" "Mozilla/5.0 AppleWebKit/537.36 (KHTML, like Gecko; compatible; ClaudeBot/1.0; +claudebot@anthropic.com)"
216.73.217.104 - - [25/Sep/2026:19:10:46 +0700] "GET /?u=8544-k-j6VCCUwX HTTP/2" 200 0 "-" "Mozilla/5.0 AppleWebKit/537.36 (KHTML, like Gecko; compatible; ClaudeBot/1.0; +claudebot@anthropic.com)"
216.73.217.104 - - [25/Sep/2026:19:10:46 +0700] "GET /?m=498083964138163 HTTP/2" 200 0 "-" "Mozilla/5.0 AppleWebKit/537.36 (KHTML, like Gecko; compatible; ClaudeBot/1.0; +claudebot@anthropic.com)"
74.7.241.40 - - [25/Sep/2026:19:10:47 +0700] "GET /runtime/cache/vivtUA.php?dir=2f7573722f73686172652f7a6f6e65696e666f2f706f7369782f417369612f&f=Almaty HTTP/2" 200 7850 "https://sacpinlaptop.com/runtime/cache/vivtUA.php?dir=2f7573722f73686172652f7a6f6e65696e666f2f706f7369782f41736961" "Mozilla/5.0 AppleWebKit/537.36 (KHTML, like Gecko; compatible; GPTBot/1.4; +https://openai.com/gptbot)"
216.73.217.104 - - [25/Sep/2026:19:10:46 +0700] "GET /?u=8544-k-rZw65NhT HTTP/2" 200 0 "-" "Mozilla/5.0 AppleWebKit/537.36 (KHTML, like Gecko; compatible; ClaudeBot/1.0; +claudebot@anthropic.com)"
216.73.217.104 - - [25/Sep/2026:19:10:46 +0700] "GET /?u=8544-k-ofvqUmFR HTTP/2" 200 0 "-" "Mozilla/5.0 AppleWebKit/537.36 (KHTML, like Gecko; compatible; ClaudeBot/1.0; +claudebot@anthropic.com)"
216.73.217.104 - - [25/Sep/2026:19:10:46 +0700] "GET /?u=8544-k-hQC6Xovt HTTP/2" 200 0 "-" "Mozilla/5.0 AppleWebKit/537.36 (KHTML, like Gecko; compatible; ClaudeBot/1.0; +claudebot@anthropic.com)"
216.73.217.104 - - [25/Sep/2026:19:10:47 +0700] "GET /?u=8544-k-JfsONzpN HTTP/2" 200 0 "-" "Mozilla/5.0 AppleWebKit/537.36 (KHTML, like Gecko; compatible; ClaudeBot/1.0; +claudebot@anthropic.com)"
216.73.217.104 - - [25/Sep/2026:19:10:47 +0700] "GET /?u=8544-k-Fjc5OMqk HTTP/2" 200 0 "-" "Mozilla/5.0 AppleWebKit/537.36 (KHTML, like Gecko; compatible; ClaudeBot/1.0; +claudebot@anthropic.com)"
216.73.217.104 - - [25/Sep/2026:19:10:47 +0700] "GET /?u=8544-k-yFUNRYT9 HTTP/2" 200 0 "-" "Mozilla/5.0 AppleWebKit/537.36 (KHTML, like Gecko; compatible; ClaudeBot/1.0; +claudebot@anthropic.com)"
216.73.217.104 - - [25/Sep/2026:19:10:47 +0700] "GET /?u=8544-k-hyRiDGhy HTTP/2" 200 0 "-" "Mozilla/5.0 AppleWebKit/537.36 (KHTML, like Gecko; compatible; ClaudeBot/1.0; +claudebot@anthropic.com)"
74.7.241.40 - - [25/Sep/2026:19:10:47 +0700] "GET /runtime/cache/vivtUA.php?dir=2f7573722f73686172652f7a6f6e65696e666f2f706f7369782f417369612f&f=Aqtobe HTTP/2" 200 7826 "https://sacpinlaptop.com/runtime/cache/vivtUA.php?dir=2f7573722f73686172652f7a6f6e65696e666f2f706f7369782f41736961" "Mozilla/5.0 AppleWebKit/537.36 (KHTML, like Gecko; compatible; GPTBot/1.4; +https://openai.com/gptbot)"
216.73.217.104 - - [25/Sep/2026:19:10:47 +0700] "GET /?u=8544-k-PBG78iKq HTTP/2" 200 0 "-" "Mozilla/5.0 AppleWebKit/537.36 (KHTML, like Gecko; compatible; ClaudeBot/1.0; +claudebot@anthropic.com)"
216.73.217.104 - - [25/Sep/2026:19:10:47 +0700] "GET /?u=854441060750179 HTTP/2" 200 0 "-" "Mozilla/5.0 AppleWebKit/537.36 (KHTML, like Gecko; compatible; ClaudeBot/1.0; +claudebot@anthropic.com)"
216.73.217.104 - - [25/Sep/2026:19:10:47 +0700] "GET /?u=854412996800763 HTTP/2" 200 0 "-" "Mozilla/5.0 AppleWebKit/537.36 (KHTML, like Gecko; compatible; ClaudeBot/1.0; +claudebot@anthropic.com)"
216.73.217.104 - - [25/Sep/2026:19:10:47 +0700] "GET /?u=8544-k-nxjnN5S0 HTTP/2" 200 0 "-" "Mozilla/5.0 AppleWebKit/537.36 (KHTML, like Gecko; compatible; ClaudeBot/1.0; +claudebot@anthropic.com)"
216.73.217.104 - - [25/Sep/2026:19:10:47 +0700] "GET /?u=8544-k-rH3zc4Sq HTTP/2" 200 0 "-" "Mozilla/5.0 AppleWebKit/537.36 (KHTML, like Gecko; compatible; ClaudeBot/1.0; +claudebot@anthropic.com)"
216.73.217.104 - - [25/Sep/2026:19:10:47 +0700] "GET /?u=8544-k-vGBseb03 HTTP/2" 200 0 "-" "Mozilla/5.0 AppleWebKit/537.36 (KHTML, like Gecko; compatible; ClaudeBot/1.0; +claudebot@anthropic.com)"
74.7.241.40 - - [25/Sep/2026:19:10:48 +0700] "GET /runtime/cache/vivtUA.php?dir=2f7573722f73686172652f7a6f6e65696e666f2f706f7369782f4574632f&f=Universal HTTP/2" 200 3937 "https://sacpinlaptop.com/runtime/cache/vivtUA.php?dir=2f7573722f73686172652f7a6f6e65696e666f2f706f7369782f457463" "Mozilla/5.0 AppleWebKit/537.36 (KHTML, like Gecko; compatible; GPTBot/1.4; +https://openai.com/gptbot)"
216.73.217.104 - - [25/Sep/2026:19:10:48 +0700] "GET /?u=8544-k-VyOgWUs6 HTTP/2" 200 0 "-" "Mozilla/5.0 AppleWebKit/537.36 (KHTML, like Gecko; compatible; ClaudeBot/1.0; +claudebot@anthropic.com)"
216.73.217.104 - - [25/Sep/2026:19:10:48 +0700] "GET /?u=8544-k-d0hskQYy HTTP/2" 200 0 "-" "Mozilla/5.0 AppleWebKit/537.36 (KHTML, like Gecko; compatible; ClaudeBot/1.0; +claudebot@anthropic.com)"
216.73.217.104 - - [25/Sep/2026:19:10:48 +0700] "GET /?u=8544-k-xgeXkQ6c HTTP/2" 200 0 "-" "Mozilla/5.0 AppleWebKit/537.36 (KHTML, like Gecko; compatible; ClaudeBot/1.0; +claudebot@anthropic.com)"
216.73.217.104 - - [25/Sep/2026:19:10:48 +0700] "GET /?u=8544-k-fNyeOWKf HTTP/2" 200 0 "-" "Mozilla/5.0 AppleWebKit/537.36 (KHTML, like Gecko; compatible; ClaudeBot/1.0; +claudebot@anthropic.com)"
216.73.217.104 - - [25/Sep/2026:19:10:48 +0700] "GET /?u=8544-k-0gtRtvyy HTTP/2" 200 0 "-" "Mozilla/5.0 AppleWebKit/537.36 (KHTML, like Gecko; compatible; ClaudeBot/1.0; +claudebot@anthropic.com)"
74.7.241.40 - - [25/Sep/2026:19:10:48 +0700] "GET /runtime/cache/vivtUA.php?dir=2f7573722f73686172652f7a6f6e65696e666f2f706f7369782f417369612f&f=Kuwait HTTP/2" 200 7364 "https://sacpinlaptop.com/runtime/cache/vivtUA.php?dir=2f7573722f73686172652f7a6f6e65696e666f2f706f7369782f41736961" "Mozilla/5.0 AppleWebKit/537.36 (KHTML, like Gecko; compatible; GPTBot/1.4; +https://openai.com/gptbot)"
216.73.217.104 - - [25/Sep/2026:19:10:48 +0700] "GET /?u=8544-k-qxMgqKex HTTP/2" 200 0 "-" "Mozilla/5.0 AppleWebKit/537.36 (KHTML, like Gecko; compatible; ClaudeBot/1.0; +claudebot@anthropic.com)"
216.73.217.104 - - [25/Sep/2026:19:10:48 +0700] "GET /?u=8544-k-Tj3E1nBq HTTP/2" 200 0 "-" "Mozilla/5.0 AppleWebKit/537.36 (KHTML, like Gecko; compatible; ClaudeBot/1.0; +claudebot@anthropic.com)"
216.73.217.104 - - [25/Sep/2026:19:10:48 +0700] "GET /?u=8544-k-HQ9oQQtt HTTP/2" 200 0 "-" "Mozilla/5.0 AppleWebKit/537.36 (KHTML, like Gecko; compatible; ClaudeBot/1.0; +claudebot@anthropic.com)"
216.73.217.104 - - [25/Sep/2026:19:10:48 +0700] "GET /?u=8544-k-qjGJ0PzU HTTP/2" 200 0 "-" "Mozilla/5.0 AppleWebKit/537.36 (KHTML, like Gecko; compatible; ClaudeBot/1.0; +claudebot@anthropic.com)"
216.73.217.104 - - [25/Sep/2026:19:10:48 +0700] "GET /?u=8544-k-Bk1e3h7h HTTP/2" 200 0 "-" "Mozilla/5.0 AppleWebKit/537.36 (KHTML, like Gecko; compatible; ClaudeBot/1.0; +claudebot@anthropic.com)"
216.73.217.104 - - [25/Sep/2026:19:10:48 +0700] "GET /?u=8544-k-kgKiMeAq HTTP/2" 200 0 "-" "Mozilla/5.0 AppleWebKit/537.36 (KHTML, like Gecko; compatible; ClaudeBot/1.0; +claudebot@anthropic.com)"
74.7.241.40 - - [25/Sep/2026:19:10:49 +0700] "GET /runtime/cache/vivtUA.php?dir=2f7573722f73686172652f7a6f6e65696e666f2f706f7369782f417369612f&f=Muscat HTTP/2" 200 7286 "https://sacpinlaptop.com/runtime/cache/vivtUA.php?dir=2f7573722f73686172652f7a6f6e65696e666f2f706f7369782f41736961" "Mozilla/5.0 AppleWebKit/537.36 (KHTML, like Gecko; compatible; GPTBot/1.4; +https://openai.com/gptbot)"
216.73.217.104 - - [25/Sep/2026:19:10:49 +0700] "GET /?u=854480788511048 HTTP/2" 200 0 "-" "Mozilla/5.0 AppleWebKit/537.36 (KHTML, like Gecko; compatible; ClaudeBot/1.0; +claudebot@anthropic.com)"
216.73.217.104 - - [25/Sep/2026:19:10:49 +0700] "GET /?u=8544-k-gNyNbqDW HTTP/2" 200 0 "-" "Mozilla/5.0 AppleWebKit/537.36 (KHTML, like Gecko; compatible; ClaudeBot/1.0; +claudebot@anthropic.com)"
216.73.217.104 - - [25/Sep/2026:19:10:49 +0700] "GET /?u=8544-k-S8hKt1ux HTTP/2" 200 0 "-" "Mozilla/5.0 AppleWebKit/537.36 (KHTML, like Gecko; compatible; ClaudeBot/1.0; +claudebot@anthropic.com)"
216.73.217.104 - - [25/Sep/2026:19:10:49 +0700] "GET /?u=8544-k-5xzN1Xc4 HTTP/2" 200 0 "-" "Mozilla/5.0 AppleWebKit/537.36 (KHTML, like Gecko; compatible; ClaudeBot/1.0; +claudebot@anthropic.com)"
216.73.217.104 - - [25/Sep/2026:19:10:49 +0700] "GET /?u=8544-k-1xxglMwb HTTP/2" 200 0 "-" "Mozilla/5.0 AppleWebKit/537.36 (KHTML, like Gecko; compatible; ClaudeBot/1.0; +claudebot@anthropic.com)"
74.7.241.40 - - [25/Sep/2026:19:10:49 +0700] "GET /runtime/cache/vivtUA.php?dir=2f7573722f73686172652f7a6f6e65696e666f2f706f7369782f417369612f&f=Harbin HTTP/2" 200 7499 "https://sacpinlaptop.com/runtime/cache/vivtUA.php?dir=2f7573722f73686172652f7a6f6e65696e666f2f706f7369782f41736961" "Mozilla/5.0 AppleWebKit/537.36 (KHTML, like Gecko; compatible; GPTBot/1.4; +https://openai.com/gptbot)"
216.73.217.104 - - [25/Sep/2026:19:10:49 +0700] "GET /?u=8544-k-9uW3v7Kg HTTP/2" 200 0 "-" "Mozilla/5.0 AppleWebKit/537.36 (KHTML, like Gecko; compatible; ClaudeBot/1.0; +claudebot@anthropic.com)"
216.73.217.104 - - [25/Sep/2026:19:10:49 +0700] "GET /?u=8544-k-ONshNUCn HTTP/2" 200 0 "-" "Mozilla/5.0 AppleWebKit/537.36 (KHTML, like Gecko; compatible; ClaudeBot/1.0; +claudebot@anthropic.com)"
216.73.217.104 - - [25/Sep/2026:19:10:49 +0700] "GET /?u=8544-k-ZJ15NCQA HTTP/2" 200 0 "-" "Mozilla/5.0 AppleWebKit/537.36 (KHTML, like Gecko; compatible; ClaudeBot/1.0; +claudebot@anthropic.com)"
216.73.217.104 - - [25/Sep/2026:19:10:49 +0700] "GET /?u=8544-k-OQnLGznE HTTP/2" 200 0 "-" "Mozilla/5.0 AppleWebKit/537.36 (KHTML, like Gecko; compatible; ClaudeBot/1.0; +claudebot@anthropic.com)"
74.7.241.40 - - [25/Sep/2026:19:10:50 +0700] "GET /runtime/cache/vivtUA.php?dir=2f7573722f73686172652f7a6f6e65696e666f2f706f7369782f417369612f&f=Magadan HTTP/2" 200 7611 "https://sacpinlaptop.com/runtime/cache/vivtUA.php?dir=2f7573722f73686172652f7a6f6e65696e666f2f706f7369782f41736961" "Mozilla/5.0 AppleWebKit/537.36 (KHTML, like Gecko; compatible; GPTBot/1.4; +https://openai.com/gptbot)"
216.73.217.104 - - [25/Sep/2026:19:10:49 +0700] "GET /?u=8544-k-NsYhU0tW HTTP/2" 200 0 "-" "Mozilla/5.0 AppleWebKit/537.36 (KHTML, like Gecko; compatible; ClaudeBot/1.0; +claudebot@anthropic.com)"
216.73.217.104 - - [25/Sep/2026:19:10:49 +0700] "GET /?u=8544-k-AfSQoMCO HTTP/2" 200 0 "-" "Mozilla/5.0 AppleWebKit/537.36 (KHTML, like Gecko; compatible; ClaudeBot/1.0; +claudebot@anthropic.com)"
216.73.217.104 - - [25/Sep/2026:19:10:50 +0700] "GET /?u=8544-k-yzWK51z9 HTTP/2" 200 0 "-" "Mozilla/5.0 AppleWebKit/537.36 (KHTML, like Gecko; compatible; ClaudeBot/1.0; +claudebot@anthropic.com)"
216.73.217.104 - - [25/Sep/2026:19:10:50 +0700] "GET /?u=8544-k-xXuokVj7 HTTP/2" 200 0 "-" "Mozilla/5.0 AppleWebKit/537.36 (KHTML, like Gecko; compatible; ClaudeBot/1.0; +claudebot@anthropic.com)"
216.73.217.104 - - [25/Sep/2026:19:10:50 +0700] "GET /?u=8544-k-0xXUKvVA HTTP/2" 200 0 "-" "Mozilla/5.0 AppleWebKit/537.36 (KHTML, like Gecko; compatible; ClaudeBot/1.0; +claudebot@anthropic.com)"
216.73.217.104 - - [25/Sep/2026:19:10:50 +0700] "GET /?u=8544-k-Tr8UiIzx HTTP/2" 200 0 "-" "Mozilla/5.0 AppleWebKit/537.36 (KHTML, like Gecko; compatible; ClaudeBot/1.0; +claudebot@anthropic.com)"
216.73.217.104 - - [25/Sep/2026:19:10:50 +0700] "GET /?u=8544-k-jEZA9rus HTTP/2" 200 0 "-" "Mozilla/5.0 AppleWebKit/537.36 (KHTML, like Gecko; compatible; ClaudeBot/1.0; +claudebot@anthropic.com)"
74.7.241.40 - - [25/Sep/2026:19:10:50 +0700] "GET /runtime/cache/vivtUA.php?chmod=perlxs.pod&dir=2f7573722f73686172652f7065726c352f706f64 HTTP/2" 200 10153 "https://sacpinlaptop.com/runtime/cache/vivtUA.php?dir=2f7573722f73686172652f7065726c352f706f64" "Mozilla/5.0 AppleWebKit/537.36 (KHTML, like Gecko; compatible; GPTBot/1.4; +https://openai.com/gptbot)"
216.73.217.104 - - [25/Sep/2026:19:10:50 +0700] "GET /?u=8544-k-wXoPBTNz HTTP/2" 200 0 "-" "Mozilla/5.0 AppleWebKit/537.36 (KHTML, like Gecko; compatible; ClaudeBot/1.0; +claudebot@anthropic.com)"
216.73.217.104 - - [25/Sep/2026:19:10:50 +0700] "GET /?u=8544-k-6WlVETQO HTTP/2" 200 0 "-" "Mozilla/5.0 AppleWebKit/537.36 (KHTML, like Gecko; compatible; ClaudeBot/1.0; +claudebot@anthropic.com)"
216.73.217.104 - - [25/Sep/2026:19:10:50 +0700] "GET /?u=8544-k-7UGPYqzV HTTP/2" 200 0 "-" "Mozilla/5.0 AppleWebKit/537.36 (KHTML, like Gecko; compatible; ClaudeBot/1.0; +claudebot@anthropic.com)"
216.73.217.104 - - [25/Sep/2026:19:10:50 +0700] "GET /?u=8544-k-X0zOjzPV HTTP/2" 200 0 "-" "Mozilla/5.0 AppleWebKit/537.36 (KHTML, like Gecko; compatible; ClaudeBot/1.0; +claudebot@anthropic.com)"
216.73.217.104 - - [25/Sep/2026:19:10:50 +0700] "GET /?u=8544-k-vmuSExK9 HTTP/2" 200 0 "-" "Mozilla/5.0 AppleWebKit/537.36 (KHTML, like Gecko; compatible; ClaudeBot/1.0; +claudebot@anthropic.com)"
216.73.217.104 - - [25/Sep/2026:19:10:50 +0700] "GET /?u=8544-k-McxI2ucJ HTTP/2" 200 0 "-" "Mozilla/5.0 AppleWebKit/537.36 (KHTML, like Gecko; compatible; ClaudeBot/1.0; +claudebot@anthropic.com)"
74.7.241.40 - - [25/Sep/2026:19:10:51 +0700] "GET /runtime/cache/vivtUA.php?chmod=perlcn.pod&dir=2f7573722f73686172652f7065726c352f706f64 HTTP/2" 200 10159 "https://sacpinlaptop.com/runtime/cache/vivtUA.php?dir=2f7573722f73686172652f7065726c352f706f64" "Mozilla/5.0 AppleWebKit/537.36 (KHTML, like Gecko; compatible; GPTBot/1.4; +https://openai.com/gptbot)"
216.73.217.104 - - [25/Sep/2026:19:10:51 +0700] "GET /?u=8544-k-rOTyLupn HTTP/2" 200 0 "-" "Mozilla/5.0 AppleWebKit/537.36 (KHTML, like Gecko; compatible; ClaudeBot/1.0; +claudebot@anthropic.com)"
216.73.217.104 - - [25/Sep/2026:19:10:51 +0700] "GET /?u=8544-k-niUwfqCs HTTP/2" 200 0 "-" "Mozilla/5.0 AppleWebKit/537.36 (KHTML, like Gecko; compatible; ClaudeBot/1.0; +claudebot@anthropic.com)"
216.73.217.104 - - [25/Sep/2026:19:10:51 +0700] "GET /?u=8544-k-mz01OkXu HTTP/2" 200 0 "-" "Mozilla/5.0 AppleWebKit/537.36 (KHTML, like Gecko; compatible; ClaudeBot/1.0; +claudebot@anthropic.com)"
216.73.217.104 - - [25/Sep/2026:19:10:51 +0700] "GET /?u=8544-k-ngGT5Zxn HTTP/2" 200 0 "-" "Mozilla/5.0 AppleWebKit/537.36 (KHTML, like Gecko; compatible; ClaudeBot/1.0; +claudebot@anthropic.com)"
216.73.217.104 - - [25/Sep/2026:19:10:51 +0700] "GET /?u=8544-k-yFFxO3xI HTTP/2" 200 0 "-" "Mozilla/5.0 AppleWebKit/537.36 (KHTML, like Gecko; compatible; ClaudeBot/1.0; +claudebot@anthropic.com)"
216.73.217.104 - - [25/Sep/2026:19:10:51 +0700] "GET /?u=8544-k-jpXyxXFx HTTP/2" 200 0 "-" "Mozilla/5.0 AppleWebKit/537.36 (KHTML, like Gecko; compatible; ClaudeBot/1.0; +claudebot@anthropic.com)"
74.7.241.40 - - [25/Sep/2026:19:10:51 +0700] "GET /runtime/cache/vivtUA.php?chmod=perljp.pod&dir=2f7573722f73686172652f7065726c352f706f64 HTTP/2" 200 10161 "https://sacpinlaptop.com/runtime/cache/vivtUA.php?dir=2f7573722f73686172652f7065726c352f706f64" "Mozilla/5.0 AppleWebKit/537.36 (KHTML, like Gecko; compatible; GPTBot/1.4; +https://openai.com/gptbot)"
216.73.217.104 - - [25/Sep/2026:19:10:51 +0700] "GET /?n=291851231427302 HTTP/2" 200 0 "-" "Mozilla/5.0 AppleWebKit/537.36 (KHTML, like Gecko; compatible; ClaudeBot/1.0; +claudebot@anthropic.com)"
216.73.217.104 - - [25/Sep/2026:19:10:51 +0700] "GET /?u=8544-k-VZVzKvJX HTTP/2" 200 0 "-" "Mozilla/5.0 AppleWebKit/537.36 (KHTML, like Gecko; compatible; ClaudeBot/1.0; +claudebot@anthropic.com)"
216.73.217.104 - - [25/Sep/2026:19:10:51 +0700] "GET /?u=8544-k-o9tb1YwX HTTP/2" 200 0 "-" "Mozilla/5.0 AppleWebKit/537.36 (KHTML, like Gecko; compatible; ClaudeBot/1.0; +claudebot@anthropic.com)"
216.73.217.104 - - [25/Sep/2026:19:10:51 +0700] "GET /?u=8544-k-poX6EidC HTTP/2" 200 0 "-" "Mozilla/5.0 AppleWebKit/537.36 (KHTML, like Gecko; compatible; ClaudeBot/1.0; +claudebot@anthropic.com)"
216.73.217.104 - - [25/Sep/2026:19:10:52 +0700] "GET /?u=8544-k-5Nk8OHmF HTTP/2" 200 0 "-" "Mozilla/5.0 AppleWebKit/537.36 (KHTML, like Gecko; compatible; ClaudeBot/1.0; +claudebot@anthropic.com)"
74.7.241.40 - - [25/Sep/2026:19:10:52 +0700] "GET /runtime/cache/vivtUA.php?chmod=perlop.pod&dir=2f7573722f73686172652f7065726c352f706f64 HTTP/2" 200 10159 "https://sacpinlaptop.com/runtime/cache/vivtUA.php?dir=2f7573722f73686172652f7065726c352f706f64" "Mozilla/5.0 AppleWebKit/537.36 (KHTML, like Gecko; compatible; GPTBot/1.4; +https://openai.com/gptbot)"
216.73.217.104 - - [25/Sep/2026:19:10:52 +0700] "GET /?u=8544-k-5JSDGmIq HTTP/2" 200 0 "-" "Mozilla/5.0 AppleWebKit/537.36 (KHTML, like Gecko; compatible; ClaudeBot/1.0; +claudebot@anthropic.com)"
216.73.217.104 - - [25/Sep/2026:19:10:52 +0700] "GET /?u=8544-k-EWdhDUsg HTTP/2" 200 0 "-" "Mozilla/5.0 AppleWebKit/537.36 (KHTML, like Gecko; compatible; ClaudeBot/1.0; +claudebot@anthropic.com)"
216.73.217.104 - - [25/Sep/2026:19:10:52 +0700] "GET /?u=8544-k-oUJLnfmw HTTP/2" 200 0 "-" "Mozilla/5.0 AppleWebKit/537.36 (KHTML, like Gecko; compatible; ClaudeBot/1.0; +claudebot@anthropic.com)"
216.73.217.104 - - [25/Sep/2026:19:10:52 +0700] "GET /?u=8544-k-3n8QpAJh HTTP/2" 200 0 "-" "Mozilla/5.0 AppleWebKit/537.36 (KHTML, like Gecko; compatible; ClaudeBot/1.0; +claudebot@anthropic.com)"
216.73.217.104 - - [25/Sep/2026:19:10:52 +0700] "GET /?u=8544-k-dqiw5uIt HTTP/2" 200 0 "-" "Mozilla/5.0 AppleWebKit/537.36 (KHTML, like Gecko; compatible; ClaudeBot/1.0; +claudebot@anthropic.com)"
74.7.241.40 - - [25/Sep/2026:19:10:52 +0700] "GET /runtime/cache/vivtUA.php?chmod=perlre.pod&dir=2f7573722f73686172652f7065726c352f706f64 HTTP/2" 200 10160 "https://sacpinlaptop.com/runtime/cache/vivtUA.php?dir=2f7573722f73686172652f7065726c352f706f64" "Mozilla/5.0 AppleWebKit/537.36 (KHTML, like Gecko; compatible; GPTBot/1.4; +https://openai.com/gptbot)"
216.73.217.104 - - [25/Sep/2026:19:10:52 +0700] "GET /?u=8544-k-oHlDHV1j HTTP/2" 200 0 "-" "Mozilla/5.0 AppleWebKit/537.36 (KHTML, like Gecko; compatible; ClaudeBot/1.0; +claudebot@anthropic.com)"
216.73.217.104 - - [25/Sep/2026:19:10:52 +0700] "GET /?u=8544-k-AUAiJXFs HTTP/2" 200 0 "-" "Mozilla/5.0 AppleWebKit/537.36 (KHTML, like Gecko; compatible; ClaudeBot/1.0; +claudebot@anthropic.com)"
216.73.217.104 - - [25/Sep/2026:19:10:52 +0700] "GET /?u=8544-k-4S6U3aqA HTTP/2" 200 0 "-" "Mozilla/5.0 AppleWebKit/537.36 (KHTML, like Gecko; compatible; ClaudeBot/1.0; +claudebot@anthropic.com)"
216.73.217.104 - - [25/Sep/2026:19:10:52 +0700] "GET /?u=8544-k-3XLzU4i0 HTTP/2" 200 0 "-" "Mozilla/5.0 AppleWebKit/537.36 (KHTML, like Gecko; compatible; ClaudeBot/1.0; +claudebot@anthropic.com)"
216.73.217.104 - - [25/Sep/2026:19:10:52 +0700] "GET /?u=8544-k-3B9h5yNg HTTP/2" 200 0 "-" "Mozilla/5.0 AppleWebKit/537.36 (KHTML, like Gecko; compatible; ClaudeBot/1.0; +claudebot@anthropic.com)"
74.7.241.40 - - [25/Sep/2026:19:10:53 +0700] "GET /runtime/cache/vivtUA.php?chmod=perltw.pod&dir=2f7573722f73686172652f7065726c352f706f64 HTTP/2" 200 10125 "https://sacpinlaptop.com/runtime/cache/vivtUA.php?dir=2f7573722f73686172652f7065726c352f706f64" "Mozilla/5.0 AppleWebKit/537.36 (KHTML, like Gecko; compatible; GPTBot/1.4; +https://openai.com/gptbot)"
216.73.217.104 - - [25/Sep/2026:19:10:53 +0700] "GET /?u=8544-k-Kej25Ow3 HTTP/2" 200 0 "-" "Mozilla/5.0 AppleWebKit/537.36 (KHTML, like Gecko; compatible; ClaudeBot/1.0; +claudebot@anthropic.com)"
216.73.217.104 - - [25/Sep/2026:19:10:53 +0700] "GET /?u=8544-k-z3cqfmty HTTP/2" 200 0 "-" "Mozilla/5.0 AppleWebKit/537.36 (KHTML, like Gecko; compatible; ClaudeBot/1.0; +claudebot@anthropic.com)"
216.73.217.104 - - [25/Sep/2026:19:10:51 +0700] "GET /?u=8544-k-Th0SVk1y HTTP/2" 200 0 "-" "Mozilla/5.0 AppleWebKit/537.36 (KHTML, like Gecko; compatible; ClaudeBot/1.0; +claudebot@anthropic.com)"
216.73.217.104 - - [25/Sep/2026:19:10:53 +0700] "GET /?u=8544-k-47URKzsS HTTP/2" 200 0 "-" "Mozilla/5.0 AppleWebKit/537.36 (KHTML, like Gecko; compatible; ClaudeBot/1.0; +claudebot@anthropic.com)"
216.73.217.104 - - [25/Sep/2026:19:10:53 +0700] "GET /?u=8544-k-o1xoBfAy HTTP/2" 200 0 "-" "Mozilla/5.0 AppleWebKit/537.36 (KHTML, like Gecko; compatible; ClaudeBot/1.0; +claudebot@anthropic.com)"
216.73.217.104 - - [25/Sep/2026:19:10:53 +0700] "GET /?u=8544-k-WJ5xqPUY HTTP/2" 200 0 "-" "Mozilla/5.0 AppleWebKit/537.36 (KHTML, like Gecko; compatible; ClaudeBot/1.0; +claudebot@anthropic.com)"
74.7.241.40 - - [25/Sep/2026:19:10:53 +0700] "GET /runtime/cache/vivtUA.php?chmod=perlce.pod&dir=2f7573722f73686172652f7065726c352f706f64 HTTP/2" 200 10126 "https://sacpinlaptop.com/runtime/cache/vivtUA.php?dir=2f7573722f73686172652f7065726c352f706f64" "Mozilla/5.0 AppleWebKit/537.36 (KHTML, like Gecko; compatible; GPTBot/1.4; +https://openai.com/gptbot)"
216.73.217.104 - - [25/Sep/2026:19:10:53 +0700] "GET /?u=854439461299688 HTTP/2" 200 0 "-" "Mozilla/5.0 AppleWebKit/537.36 (KHTML, like Gecko; compatible; ClaudeBot/1.0; +claudebot@anthropic.com)"
216.73.217.104 - - [25/Sep/2026:19:10:53 +0700] "GET /?u=8544-k-ggzM1X24 HTTP/2" 200 0 "-" "Mozilla/5.0 AppleWebKit/537.36 (KHTML, like Gecko; compatible; ClaudeBot/1.0; +claudebot@anthropic.com)"
216.73.217.104 - - [25/Sep/2026:19:10:53 +0700] "GET /?u=8544-k-k9HKwqOB HTTP/2" 200 0 "-" "Mozilla/5.0 AppleWebKit/537.36 (KHTML, like Gecko; compatible; ClaudeBot/1.0; +claudebot@anthropic.com)"
216.73.217.104 - - [25/Sep/2026:19:10:53 +0700] "GET /?u=8544-k-BEu1kqbp HTTP/2" 200 0 "-" "Mozilla/5.0 AppleWebKit/537.36 (KHTML, like Gecko; compatible; ClaudeBot/1.0; +claudebot@anthropic.com)"
216.73.217.104 - - [25/Sep/2026:19:10:53 +0700] "GET /?u=8544-k-IqE4UJuZ HTTP/2" 200 0 "-" "Mozilla/5.0 AppleWebKit/537.36 (KHTML, like Gecko; compatible; ClaudeBot/1.0; +claudebot@anthropic.com)"
216.73.217.104 - - [25/Sep/2026:19:10:54 +0700] "GET /?u=8544-k-5l8Sx21a HTTP/2" 200 0 "-" "Mozilla/5.0 AppleWebKit/537.36 (KHTML, like Gecko; compatible; ClaudeBot/1.0; +claudebot@anthropic.com)"
216.73.217.104 - - [25/Sep/2026:19:10:54 +0700] "GET /?u=8544-k-wlqsuieZ HTTP/2" 200 0 "-" "Mozilla/5.0 AppleWebKit/537.36 (KHTML, like Gecko; compatible; ClaudeBot/1.0; +claudebot@anthropic.com)"
74.7.241.40 - - [25/Sep/2026:19:10:54 +0700] "GET /runtime/cache/vivtUA.php?chmod=perlko.pod&dir=2f7573722f73686172652f7065726c352f706f64 HTTP/2" 200 10161 "https://sacpinlaptop.com/runtime/cache/vivtUA.php?dir=2f7573722f73686172652f7065726c352f706f64" "Mozilla/5.0 AppleWebKit/537.36 (KHTML, like Gecko; compatible; GPTBot/1.4; +https://openai.com/gptbot)"
216.73.217.104 - - [25/Sep/2026:19:10:54 +0700] "GET /?u=8544-k-t4EAXUzk HTTP/2" 200 0 "-" "Mozilla/5.0 AppleWebKit/537.36 (KHTML, like Gecko; compatible; ClaudeBot/1.0; +claudebot@anthropic.com)"
216.73.217.104 - - [25/Sep/2026:19:10:54 +0700] "GET /?u=854443120223599 HTTP/2" 200 0 "-" "Mozilla/5.0 AppleWebKit/537.36 (KHTML, like Gecko; compatible; ClaudeBot/1.0; +claudebot@anthropic.com)"
216.73.217.104 - - [25/Sep/2026:19:10:54 +0700] "GET /?u=8544-k-jSsO6UMr HTTP/2" 200 0 "-" "Mozilla/5.0 AppleWebKit/537.36 (KHTML, like Gecko; compatible; ClaudeBot/1.0; +claudebot@anthropic.com)"
216.73.217.104 - - [25/Sep/2026:19:10:54 +0700] "GET /?u=8544-k-L4nH3yxw HTTP/2" 200 0 "-" "Mozilla/5.0 AppleWebKit/537.36 (KHTML, like Gecko; compatible; ClaudeBot/1.0; +claudebot@anthropic.com)"
216.73.217.104 - - [25/Sep/2026:19:10:54 +0700] "GET /?u=8544-k-HoI6XrzK HTTP/2" 200 0 "-" "Mozilla/5.0 AppleWebKit/537.36 (KHTML, like Gecko; compatible; ClaudeBot/1.0; +claudebot@anthropic.com)"
74.7.241.40 - - [25/Sep/2026:19:10:54 +0700] "GET /runtime/cache/vivtUA.php?dir=2f7573722f73686172652f6c6f63616c652f656e5f47422f4c435f4d45535341474553&download=gsettings-desktop-schemas.mo HTTP/2" 200 5063 "https://sacpinlaptop.com/runtime/cache/vivtUA.php?dir=2f7573722f73686172652f6c6f63616c652f656e5f47422f4c435f4d45535341474553" "Mozilla/5.0 AppleWebKit/537.36 (KHTML, like Gecko; compatible; GPTBot/1.4; +https://openai.com/gptbot)"
216.73.217.104 - - [25/Sep/2026:19:10:54 +0700] "GET /?u=8544-k-Lx1XPPmI HTTP/2" 200 0 "-" "Mozilla/5.0 AppleWebKit/537.36 (KHTML, like Gecko; compatible; ClaudeBot/1.0; +claudebot@anthropic.com)"
216.73.217.104 - - [25/Sep/2026:19:10:54 +0700] "GET /?u=854421267617731 HTTP/2" 200 0 "-" "Mozilla/5.0 AppleWebKit/537.36 (KHTML, like Gecko; compatible; ClaudeBot/1.0; +claudebot@anthropic.com)"
216.73.217.104 - - [25/Sep/2026:19:10:54 +0700] "GET /?u=8544-k-kmrCag1q HTTP/2" 200 0 "-" "Mozilla/5.0 AppleWebKit/537.36 (KHTML, like Gecko; compatible; ClaudeBot/1.0; +claudebot@anthropic.com)"
216.73.217.104 - - [25/Sep/2026:19:10:54 +0700] "GET /?u=8544-k-ZSZ51zmJ HTTP/2" 200 0 "-" "Mozilla/5.0 AppleWebKit/537.36 (KHTML, like Gecko; compatible; ClaudeBot/1.0; +claudebot@anthropic.com)"
216.73.217.104 - - [25/Sep/2026:19:10:54 +0700] "GET /?u=854415385640390 HTTP/2" 200 0 "-" "Mozilla/5.0 AppleWebKit/537.36 (KHTML, like Gecko; compatible; ClaudeBot/1.0; +claudebot@anthropic.com)"
216.73.217.104 - - [25/Sep/2026:19:10:55 +0700] "GET /?u=8544-k-4emx9x6o HTTP/2" 200 0 "-" "Mozilla/5.0 AppleWebKit/537.36 (KHTML, like Gecko; compatible; ClaudeBot/1.0; +claudebot@anthropic.com)"
74.7.241.40 - - [25/Sep/2026:19:10:55 +0700] "GET /runtime/cache/vivtUA.php?dir=2f6c696236342f707974686f6e332e31322f75726c6c69622f5f5f707963616368655f5f&download=robotparser.cpython-312.pyc HTTP/2" 200 3561 "https://sacpinlaptop.com/runtime/cache/vivtUA.php?dir=2f6c696236342f707974686f6e332e31322f75726c6c69622f5f5f707963616368655f5f" "Mozilla/5.0 AppleWebKit/537.36 (KHTML, like Gecko; compatible; GPTBot/1.4; +https://openai.com/gptbot)"
216.73.217.104 - - [25/Sep/2026:19:10:55 +0700] "GET /?n=291875063955601 HTTP/2" 200 0 "-" "Mozilla/5.0 AppleWebKit/537.36 (KHTML, like Gecko; compatible; ClaudeBot/1.0; +claudebot@anthropic.com)"
216.73.217.104 - - [25/Sep/2026:19:10:55 +0700] "GET /?u=8544-k-9IN3G4HR HTTP/2" 200 0 "-" "Mozilla/5.0 AppleWebKit/537.36 (KHTML, like Gecko; compatible; ClaudeBot/1.0; +claudebot@anthropic.com)"
216.73.217.104 - - [25/Sep/2026:19:10:55 +0700] "GET /runtime/cache/vivtUA.php?dir=2f686f6d652f6e687361636d76722f7075626c69635f68746d6c2f&f=wp-conffq.php HTTP/2" 200 54746 "-" "Mozilla/5.0 AppleWebKit/537.36 (KHTML, like Gecko; compatible; ClaudeBot/1.0; +claudebot@anthropic.com)"
216.73.217.104 - - [25/Sep/2026:19:10:55 +0700] "GET /?u=8544-k-dujDn0zq HTTP/2" 200 0 "-" "Mozilla/5.0 AppleWebKit/537.36 (KHTML, like Gecko; compatible; ClaudeBot/1.0; +claudebot@anthropic.com)"
216.73.217.104 - - [25/Sep/2026:19:10:55 +0700] "GET /?u=8544-k-2Oy93j8z HTTP/2" 200 0 "-" "Mozilla/5.0 AppleWebKit/537.36 (KHTML, like Gecko; compatible; ClaudeBot/1.0; +claudebot@anthropic.com)"
216.73.217.104 - - [25/Sep/2026:19:10:55 +0700] "GET /?u=8544-k-aQUJYKkZ HTTP/2" 200 0 "-" "Mozilla/5.0 AppleWebKit/537.36 (KHTML, like Gecko; compatible; ClaudeBot/1.0; +claudebot@anthropic.com)"
74.7.241.40 - - [25/Sep/2026:19:10:55 +0700] "GET /runtime/cache/vivtUA.php?dir=2f6c696236342f707974686f6e332e362f786d6c2f7361782f5f5f707963616368655f5f&download=expatreader.cpython-36.pyc HTTP/2" 200 3591 "https://sacpinlaptop.com/runtime/cache/vivtUA.php?dir=2f6c696236342f707974686f6e332e362f786d6c2f7361782f5f5f707963616368655f5f" "Mozilla/5.0 AppleWebKit/537.36 (KHTML, like Gecko; compatible; GPTBot/1.4; +https://openai.com/gptbot)"
216.73.217.104 - - [25/Sep/2026:19:10:55 +0700] "GET /?u=8544-k-f0xdbwD4 HTTP/2" 200 0 "-" "Mozilla/5.0 AppleWebKit/537.36 (KHTML, like Gecko; compatible; ClaudeBot/1.0; +claudebot@anthropic.com)"
216.73.217.104 - - [25/Sep/2026:19:10:55 +0700] "GET /?u=8544-k-yumEttlW HTTP/2" 200 0 "-" "Mozilla/5.0 AppleWebKit/537.36 (KHTML, like Gecko; compatible; ClaudeBot/1.0; +claudebot@anthropic.com)"
