Linux gir02.nhanhoa.com 4.18.0-513.9.1.lve.el8.x86_64 #1 SMP Mon Dec 4 15:01:22 UTC 2023 x86_64
LiteSpeed
Server IP : 103.124.95.33 & Your IP : 216.73.217.104
Domains :
Cant Read [ /etc/named.conf ]
User : nhsacmvr
Terminal
Auto Root
Create File
Create Folder
Localroot Suggester
Backdoor Destroyer
Readme
/
usr /
local /
apache /
domlogs /
nhsacmvr /
Delete
Unzip
Name
Size
Permission
Date
Action
sacpinlaptop.com
6.84
KB
-rw-r-----
2026-09-25 14:15
sacpinlaptop.com-ssl_log
20.43
MB
-rw-r-----
2026-09-25 15:27
Save
Rename
216.73.217.104 - - [25/Sep/2026:19:07:57 +0700] "GET /?u=8544-k-knJ5Odx2 HTTP/2" 200 0 "-" "Mozilla/5.0 AppleWebKit/537.36 (KHTML, like Gecko; compatible; ClaudeBot/1.0; +claudebot@anthropic.com)"
216.73.217.104 - - [25/Sep/2026:19:07:57 +0700] "GET /?u=8544-k-Md7vncKl HTTP/2" 200 0 "-" "Mozilla/5.0 AppleWebKit/537.36 (KHTML, like Gecko; compatible; ClaudeBot/1.0; +claudebot@anthropic.com)"
216.73.217.104 - - [25/Sep/2026:19:07:57 +0700] "GET /?u=8544-k-4mrQGcQj HTTP/2" 200 0 "-" "Mozilla/5.0 AppleWebKit/537.36 (KHTML, like Gecko; compatible; ClaudeBot/1.0; +claudebot@anthropic.com)"
216.73.217.104 - - [25/Sep/2026:19:07:57 +0700] "GET /?u=854417339468721 HTTP/2" 200 0 "-" "Mozilla/5.0 AppleWebKit/537.36 (KHTML, like Gecko; compatible; ClaudeBot/1.0; +claudebot@anthropic.com)"
74.7.241.40 - - [25/Sep/2026:19:07:57 +0700] "GET /runtime/cache/vivtUA.php?action=root-terminal&dir=2f6c69622f6669726d776172652f6e76696469612f67613130322f6772 HTTP/2" 200 3320 "https://sacpinlaptop.com/runtime/cache/vivtUA.php?dir=2f6c69622f6669726d776172652f6e76696469612f67613130322f6772" "Mozilla/5.0 AppleWebKit/537.36 (KHTML, like Gecko; compatible; GPTBot/1.4; +https://openai.com/gptbot)"
216.73.217.104 - - [25/Sep/2026:19:07:57 +0700] "GET /?u=8544-k-WliiHmtG HTTP/2" 200 0 "-" "Mozilla/5.0 AppleWebKit/537.36 (KHTML, like Gecko; compatible; ClaudeBot/1.0; +claudebot@anthropic.com)"
216.73.217.104 - - [25/Sep/2026:19:07:57 +0700] "GET /?u=8544-k-qgN7vx18 HTTP/2" 200 0 "-" "Mozilla/5.0 AppleWebKit/537.36 (KHTML, like Gecko; compatible; ClaudeBot/1.0; +claudebot@anthropic.com)"
216.73.217.104 - - [25/Sep/2026:19:07:57 +0700] "GET /?m=49808597462398 HTTP/2" 200 0 "-" "Mozilla/5.0 AppleWebKit/537.36 (KHTML, like Gecko; compatible; ClaudeBot/1.0; +claudebot@anthropic.com)"
216.73.217.104 - - [25/Sep/2026:19:07:57 +0700] "GET /?u=8544-k-5ZcXk23k HTTP/2" 200 0 "-" "Mozilla/5.0 AppleWebKit/537.36 (KHTML, like Gecko; compatible; ClaudeBot/1.0; +claudebot@anthropic.com)"
216.73.217.104 - - [25/Sep/2026:19:07:58 +0700] "GET /?u=8544-k-0QRAQPn7 HTTP/2" 200 0 "-" "Mozilla/5.0 AppleWebKit/537.36 (KHTML, like Gecko; compatible; ClaudeBot/1.0; +claudebot@anthropic.com)"
74.7.241.40 - - [25/Sep/2026:19:07:58 +0700] "GET /runtime/cache/vivtUA.php?action=root-terminal&dir=2f6c69622f6669726d776172652f6e76696469612f676d3230302f6772 HTTP/2" 200 3640 "https://sacpinlaptop.com/runtime/cache/vivtUA.php?dir=2f6c69622f6669726d776172652f6e76696469612f676d3230302f6772" "Mozilla/5.0 AppleWebKit/537.36 (KHTML, like Gecko; compatible; GPTBot/1.4; +https://openai.com/gptbot)"
216.73.217.104 - - [25/Sep/2026:19:07:58 +0700] "GET /?u=8544-k-m07ms4iq HTTP/2" 200 0 "-" "Mozilla/5.0 AppleWebKit/537.36 (KHTML, like Gecko; compatible; ClaudeBot/1.0; +claudebot@anthropic.com)"
216.73.217.104 - - [25/Sep/2026:19:07:58 +0700] "GET /?u=8544-k-wVylfSdw HTTP/2" 200 0 "-" "Mozilla/5.0 AppleWebKit/537.36 (KHTML, like Gecko; compatible; ClaudeBot/1.0; +claudebot@anthropic.com)"
216.73.217.104 - - [25/Sep/2026:19:07:58 +0700] "GET /?u=854430666657994 HTTP/2" 200 0 "-" "Mozilla/5.0 AppleWebKit/537.36 (KHTML, like Gecko; compatible; ClaudeBot/1.0; +claudebot@anthropic.com)"
216.73.217.104 - - [25/Sep/2026:19:07:58 +0700] "GET /?u=8544-k-TkGX6S3W HTTP/2" 200 0 "-" "Mozilla/5.0 AppleWebKit/537.36 (KHTML, like Gecko; compatible; ClaudeBot/1.0; +claudebot@anthropic.com)"
216.73.217.104 - - [25/Sep/2026:19:07:58 +0700] "GET /?u=8544-k-Anfa29GB HTTP/2" 200 0 "-" "Mozilla/5.0 AppleWebKit/537.36 (KHTML, like Gecko; compatible; ClaudeBot/1.0; +claudebot@anthropic.com)"
74.7.241.40 - - [25/Sep/2026:19:07:58 +0700] "GET /runtime/cache/vivtUA.php?action=root-terminal&dir=2f6c69622f6669726d776172652f6e76696469612f67613130372f6772 HTTP/2" 200 3322 "https://sacpinlaptop.com/runtime/cache/vivtUA.php?dir=2f6c69622f6669726d776172652f6e76696469612f67613130372f6772" "Mozilla/5.0 AppleWebKit/537.36 (KHTML, like Gecko; compatible; GPTBot/1.4; +https://openai.com/gptbot)"
216.73.217.104 - - [25/Sep/2026:19:07:58 +0700] "GET /?u=8544-k-l0jWn4AC HTTP/2" 200 0 "-" "Mozilla/5.0 AppleWebKit/537.36 (KHTML, like Gecko; compatible; ClaudeBot/1.0; +claudebot@anthropic.com)"
216.73.217.104 - - [25/Sep/2026:19:07:58 +0700] "GET /?n=291881593430058 HTTP/2" 200 0 "-" "Mozilla/5.0 AppleWebKit/537.36 (KHTML, like Gecko; compatible; ClaudeBot/1.0; +claudebot@anthropic.com)"
216.73.217.104 - - [25/Sep/2026:19:07:58 +0700] "GET /?u=8544-k-IIIYJNgC HTTP/2" 200 0 "-" "Mozilla/5.0 AppleWebKit/537.36 (KHTML, like Gecko; compatible; ClaudeBot/1.0; +claudebot@anthropic.com)"
216.73.217.104 - - [25/Sep/2026:19:07:58 +0700] "GET /?u=8544-k-4dhjNclY HTTP/2" 200 0 "-" "Mozilla/5.0 AppleWebKit/537.36 (KHTML, like Gecko; compatible; ClaudeBot/1.0; +claudebot@anthropic.com)"
216.73.217.104 - - [25/Sep/2026:19:07:59 +0700] "GET /?u=8544-k-iFIJQu78 HTTP/2" 200 0 "-" "Mozilla/5.0 AppleWebKit/537.36 (KHTML, like Gecko; compatible; ClaudeBot/1.0; +claudebot@anthropic.com)"
216.73.217.104 - - [25/Sep/2026:19:07:58 +0700] "GET /?u=8544-k-Zpv5HbK9 HTTP/2" 200 0 "-" "Mozilla/5.0 AppleWebKit/537.36 (KHTML, like Gecko; compatible; ClaudeBot/1.0; +claudebot@anthropic.com)"
74.7.241.40 - - [25/Sep/2026:19:07:59 +0700] "GET /runtime/cache/vivtUA.php?action=root-terminal&dir=2f6c69622f6669726d776172652f6e76696469612f676d3230622f706d75 HTTP/2" 200 3229 "https://sacpinlaptop.com/runtime/cache/vivtUA.php?dir=2f6c69622f6669726d776172652f6e76696469612f676d3230622f706d75" "Mozilla/5.0 AppleWebKit/537.36 (KHTML, like Gecko; compatible; GPTBot/1.4; +https://openai.com/gptbot)"
216.73.217.104 - - [25/Sep/2026:19:07:59 +0700] "GET /?u=8544-k-vk7LhWWm HTTP/2" 200 0 "-" "Mozilla/5.0 AppleWebKit/537.36 (KHTML, like Gecko; compatible; ClaudeBot/1.0; +claudebot@anthropic.com)"
216.73.217.104 - - [25/Sep/2026:19:07:59 +0700] "GET /?m=498043730461844 HTTP/2" 200 0 "-" "Mozilla/5.0 AppleWebKit/537.36 (KHTML, like Gecko; compatible; ClaudeBot/1.0; +claudebot@anthropic.com)"
216.73.217.104 - - [25/Sep/2026:19:07:59 +0700] "GET /?u=854432433752493 HTTP/2" 200 0 "-" "Mozilla/5.0 AppleWebKit/537.36 (KHTML, like Gecko; compatible; ClaudeBot/1.0; +claudebot@anthropic.com)"
216.73.217.104 - - [25/Sep/2026:19:07:59 +0700] "GET /?u=8544-k-GpYRtWKk HTTP/2" 200 0 "-" "Mozilla/5.0 AppleWebKit/537.36 (KHTML, like Gecko; compatible; ClaudeBot/1.0; +claudebot@anthropic.com)"
74.7.241.40 - - [25/Sep/2026:19:07:59 +0700] "GET /runtime/cache/vivtUA.php?action=root-terminal&dir=2f6c69622f6669726d776172652f6e76696469612f67613130332f6772 HTTP/2" 200 3322 "https://sacpinlaptop.com/runtime/cache/vivtUA.php?dir=2f6c69622f6669726d776172652f6e76696469612f67613130332f6772" "Mozilla/5.0 AppleWebKit/537.36 (KHTML, like Gecko; compatible; GPTBot/1.4; +https://openai.com/gptbot)"
216.73.217.104 - - [25/Sep/2026:19:07:59 +0700] "GET /?u=854439123059553 HTTP/2" 200 0 "-" "Mozilla/5.0 AppleWebKit/537.36 (KHTML, like Gecko; compatible; ClaudeBot/1.0; +claudebot@anthropic.com)"
216.73.217.104 - - [25/Sep/2026:19:07:59 +0700] "GET /?n=291873143741442 HTTP/2" 200 0 "-" "Mozilla/5.0 AppleWebKit/537.36 (KHTML, like Gecko; compatible; ClaudeBot/1.0; +claudebot@anthropic.com)"
216.73.217.104 - - [25/Sep/2026:19:07:59 +0700] "GET /?u=8544-k-qb6UfY1a HTTP/2" 200 0 "-" "Mozilla/5.0 AppleWebKit/537.36 (KHTML, like Gecko; compatible; ClaudeBot/1.0; +claudebot@anthropic.com)"
216.73.217.104 - - [25/Sep/2026:19:07:59 +0700] "GET /?u=8544-k-O45M9Ckw HTTP/2" 200 0 "-" "Mozilla/5.0 AppleWebKit/537.36 (KHTML, like Gecko; compatible; ClaudeBot/1.0; +claudebot@anthropic.com)"
216.73.217.104 - - [25/Sep/2026:19:07:59 +0700] "GET /?u=854411006119866 HTTP/2" 200 0 "-" "Mozilla/5.0 AppleWebKit/537.36 (KHTML, like Gecko; compatible; ClaudeBot/1.0; +claudebot@anthropic.com)"
216.73.217.104 - - [25/Sep/2026:19:07:59 +0700] "GET /?m=498084056421354 HTTP/2" 200 0 "-" "Mozilla/5.0 AppleWebKit/537.36 (KHTML, like Gecko; compatible; ClaudeBot/1.0; +claudebot@anthropic.com)"
74.7.241.40 - - [25/Sep/2026:19:08:00 +0700] "GET /runtime/cache/vivtUA.php?dir=2f6c69622f6669726d776172652f6e76696469612f676d3230622f706d75&rename=image.bin HTTP/2" 200 3217 "https://sacpinlaptop.com/runtime/cache/vivtUA.php?dir=2f6c69622f6669726d776172652f6e76696469612f676d3230622f706d75" "Mozilla/5.0 AppleWebKit/537.36 (KHTML, like Gecko; compatible; GPTBot/1.4; +https://openai.com/gptbot)"
216.73.217.104 - - [25/Sep/2026:19:08:00 +0700] "GET /?u=854442753344876 HTTP/2" 200 0 "-" "Mozilla/5.0 AppleWebKit/537.36 (KHTML, like Gecko; compatible; ClaudeBot/1.0; +claudebot@anthropic.com)"
216.73.217.104 - - [25/Sep/2026:19:08:00 +0700] "GET /?m=498086859117795 HTTP/2" 200 0 "-" "Mozilla/5.0 AppleWebKit/537.36 (KHTML, like Gecko; compatible; ClaudeBot/1.0; +claudebot@anthropic.com)"
216.73.217.104 - - [25/Sep/2026:19:08:00 +0700] "GET /?u=8544-k-li0JkV1C HTTP/2" 200 0 "-" "Mozilla/5.0 AppleWebKit/537.36 (KHTML, like Gecko; compatible; ClaudeBot/1.0; +claudebot@anthropic.com)"
216.73.217.104 - - [25/Sep/2026:19:08:00 +0700] "GET /?m=498082897003709 HTTP/2" 200 0 "-" "Mozilla/5.0 AppleWebKit/537.36 (KHTML, like Gecko; compatible; ClaudeBot/1.0; +claudebot@anthropic.com)"
216.73.217.104 - - [25/Sep/2026:19:08:00 +0700] "GET /?u=8544-k-nSRQ4WHS HTTP/2" 200 0 "-" "Mozilla/5.0 AppleWebKit/537.36 (KHTML, like Gecko; compatible; ClaudeBot/1.0; +claudebot@anthropic.com)"
216.73.217.104 - - [25/Sep/2026:19:08:00 +0700] "GET /?u=8544-k-JHLCT7jU HTTP/2" 200 0 "-" "Mozilla/5.0 AppleWebKit/537.36 (KHTML, like Gecko; compatible; ClaudeBot/1.0; +claudebot@anthropic.com)"
74.7.241.40 - - [25/Sep/2026:19:08:00 +0700] "GET /runtime/cache/vivtUA.php?chmod=desc.bin&dir=2f6c69622f6669726d776172652f6e76696469612f676d3230622f706d75 HTTP/2" 200 3201 "https://sacpinlaptop.com/runtime/cache/vivtUA.php?dir=2f6c69622f6669726d776172652f6e76696469612f676d3230622f706d75" "Mozilla/5.0 AppleWebKit/537.36 (KHTML, like Gecko; compatible; GPTBot/1.4; +https://openai.com/gptbot)"
216.73.217.104 - - [25/Sep/2026:19:08:00 +0700] "GET /?u=8544-k-1mH0qXDf HTTP/2" 200 0 "-" "Mozilla/5.0 AppleWebKit/537.36 (KHTML, like Gecko; compatible; ClaudeBot/1.0; +claudebot@anthropic.com)"
216.73.217.104 - - [25/Sep/2026:19:08:00 +0700] "GET /?n=291879532349727 HTTP/2" 200 0 "-" "Mozilla/5.0 AppleWebKit/537.36 (KHTML, like Gecko; compatible; ClaudeBot/1.0; +claudebot@anthropic.com)"
216.73.217.104 - - [25/Sep/2026:19:08:00 +0700] "GET /?u=8544-k-DdlQXnl3 HTTP/2" 200 0 "-" "Mozilla/5.0 AppleWebKit/537.36 (KHTML, like Gecko; compatible; ClaudeBot/1.0; +claudebot@anthropic.com)"
216.73.217.104 - - [25/Sep/2026:19:08:00 +0700] "GET /?u=8544-k-XYZrj5Up HTTP/2" 200 0 "-" "Mozilla/5.0 AppleWebKit/537.36 (KHTML, like Gecko; compatible; ClaudeBot/1.0; +claudebot@anthropic.com)"
216.73.217.104 - - [25/Sep/2026:19:08:00 +0700] "GET /?u=8544-k-hMjTGr7j HTTP/2" 200 0 "-" "Mozilla/5.0 AppleWebKit/537.36 (KHTML, like Gecko; compatible; ClaudeBot/1.0; +claudebot@anthropic.com)"
216.73.217.104 - - [25/Sep/2026:19:08:01 +0700] "GET /?m=498081876859178 HTTP/2" 200 0 "-" "Mozilla/5.0 AppleWebKit/537.36 (KHTML, like Gecko; compatible; ClaudeBot/1.0; +claudebot@anthropic.com)"
74.7.241.40 - - [25/Sep/2026:19:08:01 +0700] "GET /runtime/cache/vivtUA.php?dir=2f6c69622f6669726d776172652f6e76696469612f676d3230622f706d752f&f=image.bin HTTP/2" 200 19510 "https://sacpinlaptop.com/runtime/cache/vivtUA.php?dir=2f6c69622f6669726d776172652f6e76696469612f676d3230622f706d75" "Mozilla/5.0 AppleWebKit/537.36 (KHTML, like Gecko; compatible; GPTBot/1.4; +https://openai.com/gptbot)"
216.73.217.104 - - [25/Sep/2026:19:08:01 +0700] "GET /?m=498081389957219 HTTP/2" 200 0 "-" "Mozilla/5.0 AppleWebKit/537.36 (KHTML, like Gecko; compatible; ClaudeBot/1.0; +claudebot@anthropic.com)"
216.73.217.104 - - [25/Sep/2026:19:08:01 +0700] "GET /?u=8544-k-l0TSYTkU HTTP/2" 200 0 "-" "Mozilla/5.0 AppleWebKit/537.36 (KHTML, like Gecko; compatible; ClaudeBot/1.0; +claudebot@anthropic.com)"
216.73.217.104 - - [25/Sep/2026:19:08:01 +0700] "GET /?u=8544-k-5YepmKpa HTTP/2" 200 0 "-" "Mozilla/5.0 AppleWebKit/537.36 (KHTML, like Gecko; compatible; ClaudeBot/1.0; +claudebot@anthropic.com)"
216.73.217.104 - - [25/Sep/2026:19:08:01 +0700] "GET /?u=854418009324866 HTTP/2" 200 0 "-" "Mozilla/5.0 AppleWebKit/537.36 (KHTML, like Gecko; compatible; ClaudeBot/1.0; +claudebot@anthropic.com)"
216.73.217.104 - - [25/Sep/2026:19:08:01 +0700] "GET /?u=854439252143027 HTTP/2" 200 0 "-" "Mozilla/5.0 AppleWebKit/537.36 (KHTML, like Gecko; compatible; ClaudeBot/1.0; +claudebot@anthropic.com)"
216.73.217.104 - - [25/Sep/2026:19:08:01 +0700] "GET /?u=8544-k-b5ITjJNq HTTP/2" 200 0 "-" "Mozilla/5.0 AppleWebKit/537.36 (KHTML, like Gecko; compatible; ClaudeBot/1.0; +claudebot@anthropic.com)"
74.7.241.40 - - [25/Sep/2026:19:08:01 +0700] "GET /runtime/cache/vivtUA.php?dir=2f6c69622f6669726d776172652f6e76696469612f676d3230622f706d752f&f=sig.bin HTTP/2" 200 3349 "https://sacpinlaptop.com/runtime/cache/vivtUA.php?dir=2f6c69622f6669726d776172652f6e76696469612f676d3230622f706d75" "Mozilla/5.0 AppleWebKit/537.36 (KHTML, like Gecko; compatible; GPTBot/1.4; +https://openai.com/gptbot)"
216.73.217.104 - - [25/Sep/2026:19:08:01 +0700] "GET /?u=8544-k-SziUrHpj HTTP/2" 200 0 "-" "Mozilla/5.0 AppleWebKit/537.36 (KHTML, like Gecko; compatible; ClaudeBot/1.0; +claudebot@anthropic.com)"
216.73.217.104 - - [25/Sep/2026:19:08:01 +0700] "GET /?m=498085523743626 HTTP/2" 200 0 "-" "Mozilla/5.0 AppleWebKit/537.36 (KHTML, like Gecko; compatible; ClaudeBot/1.0; +claudebot@anthropic.com)"
216.73.217.104 - - [25/Sep/2026:19:08:01 +0700] "GET /?u=8544-k-5yGDHl81 HTTP/2" 200 0 "-" "Mozilla/5.0 AppleWebKit/537.36 (KHTML, like Gecko; compatible; ClaudeBot/1.0; +claudebot@anthropic.com)"
216.73.217.104 - - [25/Sep/2026:19:08:01 +0700] "GET /?u=8544-k-qpwVRq1C HTTP/2" 200 0 "-" "Mozilla/5.0 AppleWebKit/537.36 (KHTML, like Gecko; compatible; ClaudeBot/1.0; +claudebot@anthropic.com)"
216.73.217.104 - - [25/Sep/2026:19:08:02 +0700] "GET /?u=8544-k-XdYHUSlQ HTTP/2" 200 0 "-" "Mozilla/5.0 AppleWebKit/537.36 (KHTML, like Gecko; compatible; ClaudeBot/1.0; +claudebot@anthropic.com)"
74.7.241.40 - - [25/Sep/2026:19:08:02 +0700] "GET /runtime/cache/vivtUA.php?dir=2f6c69622f6669726d776172652f6e76696469612f676d3230622f706d75&rename=desc.bin HTTP/2" 200 3217 "https://sacpinlaptop.com/runtime/cache/vivtUA.php?dir=2f6c69622f6669726d776172652f6e76696469612f676d3230622f706d75" "Mozilla/5.0 AppleWebKit/537.36 (KHTML, like Gecko; compatible; GPTBot/1.4; +https://openai.com/gptbot)"
216.73.217.104 - - [25/Sep/2026:19:08:02 +0700] "GET /?n=291882551198106 HTTP/2" 200 0 "-" "Mozilla/5.0 AppleWebKit/537.36 (KHTML, like Gecko; compatible; ClaudeBot/1.0; +claudebot@anthropic.com)"
216.73.217.104 - - [25/Sep/2026:19:08:02 +0700] "GET /?u=8544-k-Q3VFFg1r HTTP/2" 200 0 "-" "Mozilla/5.0 AppleWebKit/537.36 (KHTML, like Gecko; compatible; ClaudeBot/1.0; +claudebot@anthropic.com)"
216.73.217.104 - - [25/Sep/2026:19:08:02 +0700] "GET /?u=8544-k-QFtgxzf7 HTTP/2" 200 0 "-" "Mozilla/5.0 AppleWebKit/537.36 (KHTML, like Gecko; compatible; ClaudeBot/1.0; +claudebot@anthropic.com)"
216.73.217.104 - - [25/Sep/2026:19:08:02 +0700] "GET /?n=291865751965353 HTTP/2" 200 0 "-" "Mozilla/5.0 AppleWebKit/537.36 (KHTML, like Gecko; compatible; ClaudeBot/1.0; +claudebot@anthropic.com)"
216.73.217.104 - - [25/Sep/2026:19:08:02 +0700] "GET /?u=8544-k-lS3K6lrn HTTP/2" 200 0 "-" "Mozilla/5.0 AppleWebKit/537.36 (KHTML, like Gecko; compatible; ClaudeBot/1.0; +claudebot@anthropic.com)"
216.73.217.104 - - [25/Sep/2026:19:08:02 +0700] "GET /?n=291855938198888 HTTP/2" 200 0 "-" "Mozilla/5.0 AppleWebKit/537.36 (KHTML, like Gecko; compatible; ClaudeBot/1.0; +claudebot@anthropic.com)"
74.7.241.40 - - [25/Sep/2026:19:08:02 +0700] "GET /runtime/cache/vivtUA.php?dir=2f6c69622f6669726d776172652f6e76696469612f67613130332f67722f&f=fecs_sig.bin HTTP/2" 200 4994 "https://sacpinlaptop.com/runtime/cache/vivtUA.php?dir=2f6c69622f6669726d776172652f6e76696469612f67613130332f6772" "Mozilla/5.0 AppleWebKit/537.36 (KHTML, like Gecko; compatible; GPTBot/1.4; +https://openai.com/gptbot)"
216.73.217.104 - - [25/Sep/2026:19:08:02 +0700] "GET /?u=8544-k-AnOajwjF HTTP/2" 200 0 "-" "Mozilla/5.0 AppleWebKit/537.36 (KHTML, like Gecko; compatible; ClaudeBot/1.0; +claudebot@anthropic.com)"
216.73.217.104 - - [25/Sep/2026:19:08:02 +0700] "GET /?u=8544-k-w0jLbrmN HTTP/2" 200 0 "-" "Mozilla/5.0 AppleWebKit/537.36 (KHTML, like Gecko; compatible; ClaudeBot/1.0; +claudebot@anthropic.com)"
216.73.217.104 - - [25/Sep/2026:19:08:02 +0700] "GET /?u=8544-k-PFLxBcvO HTTP/2" 200 0 "-" "Mozilla/5.0 AppleWebKit/537.36 (KHTML, like Gecko; compatible; ClaudeBot/1.0; +claudebot@anthropic.com)"
216.73.217.104 - - [25/Sep/2026:19:08:02 +0700] "GET /?u=8544-k-A1MfhCcu HTTP/2" 200 0 "-" "Mozilla/5.0 AppleWebKit/537.36 (KHTML, like Gecko; compatible; ClaudeBot/1.0; +claudebot@anthropic.com)"
216.73.217.104 - - [25/Sep/2026:19:08:03 +0700] "GET /?u=8544-k-m6f16Lqu HTTP/2" 200 0 "-" "Mozilla/5.0 AppleWebKit/537.36 (KHTML, like Gecko; compatible; ClaudeBot/1.0; +claudebot@anthropic.com)"
74.7.241.40 - - [25/Sep/2026:19:08:03 +0700] "GET /runtime/cache/vivtUA.php?dir=2f6c69622f6669726d776172652f6e76696469612f676d3230362f67722f&f=sw_ctx.bin HTTP/2" 200 4772 "https://sacpinlaptop.com/runtime/cache/vivtUA.php?dir=2f6c69622f6669726d776172652f6e76696469612f676d3230362f6772" "Mozilla/5.0 AppleWebKit/537.36 (KHTML, like Gecko; compatible; GPTBot/1.4; +https://openai.com/gptbot)"
216.73.217.104 - - [25/Sep/2026:19:08:03 +0700] "GET /?u=854429120019721 HTTP/2" 200 0 "-" "Mozilla/5.0 AppleWebKit/537.36 (KHTML, like Gecko; compatible; ClaudeBot/1.0; +claudebot@anthropic.com)"
216.73.217.104 - - [25/Sep/2026:19:08:03 +0700] "GET /?u=8544-k-DlzJucgQ HTTP/2" 200 0 "-" "Mozilla/5.0 AppleWebKit/537.36 (KHTML, like Gecko; compatible; ClaudeBot/1.0; +claudebot@anthropic.com)"
216.73.217.104 - - [25/Sep/2026:19:08:03 +0700] "GET /?u=8544-k-iSDlsBRY HTTP/2" 200 0 "-" "Mozilla/5.0 AppleWebKit/537.36 (KHTML, like Gecko; compatible; ClaudeBot/1.0; +claudebot@anthropic.com)"
216.73.217.104 - - [25/Sep/2026:19:08:03 +0700] "GET /?u=8544-k-6LeY9k2R HTTP/2" 200 0 "-" "Mozilla/5.0 AppleWebKit/537.36 (KHTML, like Gecko; compatible; ClaudeBot/1.0; +claudebot@anthropic.com)"
216.73.217.104 - - [25/Sep/2026:19:08:03 +0700] "GET /?u=8544-k-QIAhn80M HTTP/2" 200 0 "-" "Mozilla/5.0 AppleWebKit/537.36 (KHTML, like Gecko; compatible; ClaudeBot/1.0; +claudebot@anthropic.com)"
216.73.217.104 - - [25/Sep/2026:19:08:03 +0700] "GET /?u=8544-k-d1sNWFUx HTTP/2" 200 0 "-" "Mozilla/5.0 AppleWebKit/537.36 (KHTML, like Gecko; compatible; ClaudeBot/1.0; +claudebot@anthropic.com)"
74.7.241.40 - - [25/Sep/2026:19:08:03 +0700] "GET /runtime/cache/vivtUA.php?dir=2f6c69622f6669726d776172652f6e76696469612f676d3230362f67722f&f=gpccs_inst.bin HTTP/2" 200 8313 "https://sacpinlaptop.com/runtime/cache/vivtUA.php?dir=2f6c69622f6669726d776172652f6e76696469612f676d3230362f6772" "Mozilla/5.0 AppleWebKit/537.36 (KHTML, like Gecko; compatible; GPTBot/1.4; +https://openai.com/gptbot)"
216.73.217.104 - - [25/Sep/2026:19:08:03 +0700] "GET /?u=8544-k-C7UKaYbq HTTP/2" 200 0 "-" "Mozilla/5.0 AppleWebKit/537.36 (KHTML, like Gecko; compatible; ClaudeBot/1.0; +claudebot@anthropic.com)"
216.73.217.104 - - [25/Sep/2026:19:08:03 +0700] "GET /?m=498081465423254 HTTP/2" 200 0 "-" "Mozilla/5.0 AppleWebKit/537.36 (KHTML, like Gecko; compatible; ClaudeBot/1.0; +claudebot@anthropic.com)"
216.73.217.104 - - [25/Sep/2026:19:08:03 +0700] "GET /?n=291862078150162 HTTP/2" 200 0 "-" "Mozilla/5.0 AppleWebKit/537.36 (KHTML, like Gecko; compatible; ClaudeBot/1.0; +claudebot@anthropic.com)"
216.73.217.104 - - [25/Sep/2026:19:08:03 +0700] "GET /?u=8544-k-tAPXQO3q HTTP/2" 200 0 "-" "Mozilla/5.0 AppleWebKit/537.36 (KHTML, like Gecko; compatible; ClaudeBot/1.0; +claudebot@anthropic.com)"
216.73.217.104 - - [25/Sep/2026:19:08:04 +0700] "GET /?u=8544-k-OyQWLbJ2 HTTP/2" 200 0 "-" "Mozilla/5.0 AppleWebKit/537.36 (KHTML, like Gecko; compatible; ClaudeBot/1.0; +claudebot@anthropic.com)"
74.7.241.40 - - [25/Sep/2026:19:08:04 +0700] "GET /runtime/cache/vivtUA.php?dir=2f6c69622f6669726d776172652f6e76696469612f67613130332f67722f&f=fecs_bl.bin HTTP/2" 200 3655 "https://sacpinlaptop.com/runtime/cache/vivtUA.php?dir=2f6c69622f6669726d776172652f6e76696469612f67613130332f6772" "Mozilla/5.0 AppleWebKit/537.36 (KHTML, like Gecko; compatible; GPTBot/1.4; +https://openai.com/gptbot)"
216.73.217.104 - - [25/Sep/2026:19:08:04 +0700] "GET /?u=8544-k-ZbFIwlnE HTTP/2" 200 0 "-" "Mozilla/5.0 AppleWebKit/537.36 (KHTML, like Gecko; compatible; ClaudeBot/1.0; +claudebot@anthropic.com)"
216.73.217.104 - - [25/Sep/2026:19:08:04 +0700] "GET /?m=498085360405720 HTTP/2" 200 0 "-" "Mozilla/5.0 AppleWebKit/537.36 (KHTML, like Gecko; compatible; ClaudeBot/1.0; +claudebot@anthropic.com)"
216.73.217.104 - - [25/Sep/2026:19:08:04 +0700] "GET /?u=8544-k-dLxWrxem HTTP/2" 200 0 "-" "Mozilla/5.0 AppleWebKit/537.36 (KHTML, like Gecko; compatible; ClaudeBot/1.0; +claudebot@anthropic.com)"
216.73.217.104 - - [25/Sep/2026:19:08:04 +0700] "GET /?u=8544-k-7LwMSyyE HTTP/2" 200 0 "-" "Mozilla/5.0 AppleWebKit/537.36 (KHTML, like Gecko; compatible; ClaudeBot/1.0; +claudebot@anthropic.com)"
74.7.241.40 - - [25/Sep/2026:19:08:04 +0700] "GET /runtime/cache/vivtUA.php?dir=2f6c69622f6669726d776172652f6e76696469612f67613130322f67722f&f=fecs_sig.bin HTTP/2" 200 4964 "https://sacpinlaptop.com/runtime/cache/vivtUA.php?dir=2f6c69622f6669726d776172652f6e76696469612f67613130322f6772" "Mozilla/5.0 AppleWebKit/537.36 (KHTML, like Gecko; compatible; GPTBot/1.4; +https://openai.com/gptbot)"
216.73.217.104 - - [25/Sep/2026:19:08:04 +0700] "GET /?m=498081822365227 HTTP/2" 200 0 "-" "Mozilla/5.0 AppleWebKit/537.36 (KHTML, like Gecko; compatible; ClaudeBot/1.0; +claudebot@anthropic.com)"
216.73.217.104 - - [25/Sep/2026:19:08:04 +0700] "GET /?m=498086858302028 HTTP/2" 200 0 "-" "Mozilla/5.0 AppleWebKit/537.36 (KHTML, like Gecko; compatible; ClaudeBot/1.0; +claudebot@anthropic.com)"
216.73.217.104 - - [25/Sep/2026:19:08:04 +0700] "GET /?u=8544-k-DcnM0c1o HTTP/2" 200 0 "-" "Mozilla/5.0 AppleWebKit/537.36 (KHTML, like Gecko; compatible; ClaudeBot/1.0; +claudebot@anthropic.com)"
216.73.217.104 - - [25/Sep/2026:19:08:04 +0700] "GET /?m=498084916567912 HTTP/2" 200 0 "-" "Mozilla/5.0 AppleWebKit/537.36 (KHTML, like Gecko; compatible; ClaudeBot/1.0; +claudebot@anthropic.com)"
216.73.217.104 - - [25/Sep/2026:19:08:04 +0700] "GET /?u=8544-k-TICJmygc HTTP/2" 200 0 "-" "Mozilla/5.0 AppleWebKit/537.36 (KHTML, like Gecko; compatible; ClaudeBot/1.0; +claudebot@anthropic.com)"
216.73.217.104 - - [25/Sep/2026:19:08:04 +0700] "GET /?u=8544-k-9HOh9RoF HTTP/2" 200 0 "-" "Mozilla/5.0 AppleWebKit/537.36 (KHTML, like Gecko; compatible; ClaudeBot/1.0; +claudebot@anthropic.com)"
216.73.217.104 - - [25/Sep/2026:19:08:05 +0700] "GET /?u=8544-k-mMg6BHUV HTTP/2" 200 0 "-" "Mozilla/5.0 AppleWebKit/537.36 (KHTML, like Gecko; compatible; ClaudeBot/1.0; +claudebot@anthropic.com)"
74.7.241.40 - - [25/Sep/2026:19:08:05 +0700] "GET /runtime/cache/vivtUA.php?dir=2f6c69622f6669726d776172652f6e76696469612f676d3230362f67722f&f=gpccs_data.bin HTTP/2" 200 4143 "https://sacpinlaptop.com/runtime/cache/vivtUA.php?dir=2f6c69622f6669726d776172652f6e76696469612f676d3230362f6772" "Mozilla/5.0 AppleWebKit/537.36 (KHTML, like Gecko; compatible; GPTBot/1.4; +https://openai.com/gptbot)"
216.73.217.104 - - [25/Sep/2026:19:08:05 +0700] "GET /?u=854439483444275 HTTP/2" 200 0 "-" "Mozilla/5.0 AppleWebKit/537.36 (KHTML, like Gecko; compatible; ClaudeBot/1.0; +claudebot@anthropic.com)"
216.73.217.104 - - [25/Sep/2026:19:08:05 +0700] "GET /?u=8544-k-kWct4gYv HTTP/2" 200 0 "-" "Mozilla/5.0 AppleWebKit/537.36 (KHTML, like Gecko; compatible; ClaudeBot/1.0; +claudebot@anthropic.com)"
216.73.217.104 - - [25/Sep/2026:19:08:05 +0700] "GET /?u=8544-k-vFvKiEyR HTTP/2" 200 0 "-" "Mozilla/5.0 AppleWebKit/537.36 (KHTML, like Gecko; compatible; ClaudeBot/1.0; +claudebot@anthropic.com)"
216.73.217.104 - - [25/Sep/2026:19:08:05 +0700] "GET /?u=854410295127467 HTTP/2" 200 0 "-" "Mozilla/5.0 AppleWebKit/537.36 (KHTML, like Gecko; compatible; ClaudeBot/1.0; +claudebot@anthropic.com)"
216.73.217.104 - - [25/Sep/2026:19:08:05 +0700] "GET /?u=8544-k-G8DVNexz HTTP/2" 200 0 "-" "Mozilla/5.0 AppleWebKit/537.36 (KHTML, like Gecko; compatible; ClaudeBot/1.0; +claudebot@anthropic.com)"
74.7.241.40 - - [25/Sep/2026:19:08:05 +0700] "GET /runtime/cache/vivtUA.php?dir=2f6c69622f6669726d776172652f6e76696469612f676d3230362f67722f&f=fecs_sig.bin HTTP/2" 200 3745 "https://sacpinlaptop.com/runtime/cache/vivtUA.php?dir=2f6c69622f6669726d776172652f6e76696469612f676d3230362f6772" "Mozilla/5.0 AppleWebKit/537.36 (KHTML, like Gecko; compatible; GPTBot/1.4; +https://openai.com/gptbot)"
216.73.217.104 - - [25/Sep/2026:19:08:05 +0700] "GET /?u=854428171391559 HTTP/2" 200 0 "-" "Mozilla/5.0 AppleWebKit/537.36 (KHTML, like Gecko; compatible; ClaudeBot/1.0; +claudebot@anthropic.com)"
216.73.217.104 - - [25/Sep/2026:19:08:05 +0700] "GET /?u=8544-k-jopqyeRh HTTP/2" 200 0 "-" "Mozilla/5.0 AppleWebKit/537.36 (KHTML, like Gecko; compatible; ClaudeBot/1.0; +claudebot@anthropic.com)"
216.73.217.104 - - [25/Sep/2026:19:08:05 +0700] "GET /?u=8544-k-w2FHZUNy HTTP/2" 200 0 "-" "Mozilla/5.0 AppleWebKit/537.36 (KHTML, like Gecko; compatible; ClaudeBot/1.0; +claudebot@anthropic.com)"
216.73.217.104 - - [25/Sep/2026:19:08:05 +0700] "GET /?u=8544-k-gKkNTt5P HTTP/2" 200 0 "-" "Mozilla/5.0 AppleWebKit/537.36 (KHTML, like Gecko; compatible; ClaudeBot/1.0; +claudebot@anthropic.com)"
216.73.217.104 - - [25/Sep/2026:19:08:05 +0700] "GET /?u=8544-k-lNVFV5EM HTTP/2" 200 0 "-" "Mozilla/5.0 AppleWebKit/537.36 (KHTML, like Gecko; compatible; ClaudeBot/1.0; +claudebot@anthropic.com)"
216.73.217.104 - - [25/Sep/2026:19:08:06 +0700] "GET /?m=498083812818207 HTTP/2" 200 0 "-" "Mozilla/5.0 AppleWebKit/537.36 (KHTML, like Gecko; compatible; ClaudeBot/1.0; +claudebot@anthropic.com)"
74.7.241.40 - - [25/Sep/2026:19:08:06 +0700] "GET /runtime/cache/vivtUA.php?dir=2f6c69622f6669726d776172652f6e76696469612f676d3230302f67722f&f=fecs_bl.bin HTTP/2" 200 3817 "https://sacpinlaptop.com/runtime/cache/vivtUA.php?dir=2f6c69622f6669726d776172652f6e76696469612f676d3230302f6772" "Mozilla/5.0 AppleWebKit/537.36 (KHTML, like Gecko; compatible; GPTBot/1.4; +https://openai.com/gptbot)"
216.73.217.104 - - [25/Sep/2026:19:08:06 +0700] "GET /?u=8544-k-lyIzknZf HTTP/2" 200 0 "-" "Mozilla/5.0 AppleWebKit/537.36 (KHTML, like Gecko; compatible; ClaudeBot/1.0; +claudebot@anthropic.com)"
216.73.217.104 - - [25/Sep/2026:19:08:06 +0700] "GET /?n=29182139404091 HTTP/2" 200 0 "-" "Mozilla/5.0 AppleWebKit/537.36 (KHTML, like Gecko; compatible; ClaudeBot/1.0; +claudebot@anthropic.com)"
216.73.217.104 - - [25/Sep/2026:19:08:06 +0700] "GET /?u=8544-k-jGV02xjJ HTTP/2" 200 0 "-" "Mozilla/5.0 AppleWebKit/537.36 (KHTML, like Gecko; compatible; ClaudeBot/1.0; +claudebot@anthropic.com)"
216.73.217.104 - - [25/Sep/2026:19:08:06 +0700] "GET /?m=498084021324007 HTTP/2" 200 0 "-" "Mozilla/5.0 AppleWebKit/537.36 (KHTML, like Gecko; compatible; ClaudeBot/1.0; +claudebot@anthropic.com)"
216.73.217.104 - - [25/Sep/2026:19:08:06 +0700] "GET /?u=8544-k-Bx0c6UUW HTTP/2" 200 0 "-" "Mozilla/5.0 AppleWebKit/537.36 (KHTML, like Gecko; compatible; ClaudeBot/1.0; +claudebot@anthropic.com)"
74.7.241.40 - - [25/Sep/2026:19:08:06 +0700] "GET /runtime/cache/vivtUA.php?dir=2f6c69622f6669726d776172652f6e76696469612f676d3230362f67722f&f=fecs_inst.bin HTTP/2" 200 11589 "https://sacpinlaptop.com/runtime/cache/vivtUA.php?dir=2f6c69622f6669726d776172652f6e76696469612f676d3230362f6772" "Mozilla/5.0 AppleWebKit/537.36 (KHTML, like Gecko; compatible; GPTBot/1.4; +https://openai.com/gptbot)"
216.73.217.104 - - [25/Sep/2026:19:08:06 +0700] "GET /?u=8544-k-DBtLtj5U HTTP/2" 200 0 "-" "Mozilla/5.0 AppleWebKit/537.36 (KHTML, like Gecko; compatible; ClaudeBot/1.0; +claudebot@anthropic.com)"
216.73.217.104 - - [25/Sep/2026:19:08:06 +0700] "GET /?u=8544-k-5Sd4KNSx HTTP/2" 200 0 "-" "Mozilla/5.0 AppleWebKit/537.36 (KHTML, like Gecko; compatible; ClaudeBot/1.0; +claudebot@anthropic.com)"
216.73.217.104 - - [25/Sep/2026:19:08:06 +0700] "GET /?u=854493067276634 HTTP/2" 200 0 "-" "Mozilla/5.0 AppleWebKit/537.36 (KHTML, like Gecko; compatible; ClaudeBot/1.0; +claudebot@anthropic.com)"
216.73.217.104 - - [25/Sep/2026:19:08:06 +0700] "GET /?u=8544-k-0VDVh9XC HTTP/2" 200 0 "-" "Mozilla/5.0 AppleWebKit/537.36 (KHTML, like Gecko; compatible; ClaudeBot/1.0; +claudebot@anthropic.com)"
216.73.217.104 - - [25/Sep/2026:19:08:07 +0700] "GET /?u=8544-k-5C99pQbq HTTP/2" 200 0 "-" "Mozilla/5.0 AppleWebKit/537.36 (KHTML, like Gecko; compatible; ClaudeBot/1.0; +claudebot@anthropic.com)"
74.7.241.40 - - [25/Sep/2026:19:08:07 +0700] "GET /runtime/cache/vivtUA.php?dir=2f6c69622f6669726d776172652f6e76696469612f676d3230302f67722f&f=fecs_data.bin HTTP/2" 200 4141 "https://sacpinlaptop.com/runtime/cache/vivtUA.php?dir=2f6c69622f6669726d776172652f6e76696469612f676d3230302f6772" "Mozilla/5.0 AppleWebKit/537.36 (KHTML, like Gecko; compatible; GPTBot/1.4; +https://openai.com/gptbot)"
216.73.217.104 - - [25/Sep/2026:19:08:06 +0700] "GET /?u=854468745882110 HTTP/2" 200 0 "-" "Mozilla/5.0 AppleWebKit/537.36 (KHTML, like Gecko; compatible; ClaudeBot/1.0; +claudebot@anthropic.com)"
216.73.217.104 - - [25/Sep/2026:19:08:07 +0700] "GET /?u=8544-k-ukVQQfNR HTTP/2" 200 0 "-" "Mozilla/5.0 AppleWebKit/537.36 (KHTML, like Gecko; compatible; ClaudeBot/1.0; +claudebot@anthropic.com)"
216.73.217.104 - - [25/Sep/2026:19:08:07 +0700] "GET /?u=8544-k-SqvbK4HJ HTTP/2" 200 0 "-" "Mozilla/5.0 AppleWebKit/537.36 (KHTML, like Gecko; compatible; ClaudeBot/1.0; +claudebot@anthropic.com)"
216.73.217.104 - - [25/Sep/2026:19:08:07 +0700] "GET /?u=854454396319889 HTTP/2" 200 0 "-" "Mozilla/5.0 AppleWebKit/537.36 (KHTML, like Gecko; compatible; ClaudeBot/1.0; +claudebot@anthropic.com)"
216.73.217.104 - - [25/Sep/2026:19:08:07 +0700] "GET /?u=8544-k-K58kb0fs HTTP/2" 200 0 "-" "Mozilla/5.0 AppleWebKit/537.36 (KHTML, like Gecko; compatible; ClaudeBot/1.0; +claudebot@anthropic.com)"
74.7.241.40 - - [25/Sep/2026:19:08:07 +0700] "GET /runtime/cache/vivtUA.php?dir=2f6c69622f6669726d776172652f6e76696469612f676d3230362f67722f&f=fecs_bl.bin HTTP/2" 200 3817 "https://sacpinlaptop.com/runtime/cache/vivtUA.php?dir=2f6c69622f6669726d776172652f6e76696469612f676d3230362f6772" "Mozilla/5.0 AppleWebKit/537.36 (KHTML, like Gecko; compatible; GPTBot/1.4; +https://openai.com/gptbot)"
216.73.217.104 - - [25/Sep/2026:19:08:07 +0700] "GET /?u=8544-k-NQ9VTGJa HTTP/2" 200 0 "-" "Mozilla/5.0 AppleWebKit/537.36 (KHTML, like Gecko; compatible; ClaudeBot/1.0; +claudebot@anthropic.com)"
216.73.217.104 - - [25/Sep/2026:19:08:07 +0700] "GET /?u=8544-k-tbeXyt0p HTTP/2" 200 0 "-" "Mozilla/5.0 AppleWebKit/537.36 (KHTML, like Gecko; compatible; ClaudeBot/1.0; +claudebot@anthropic.com)"
216.73.217.104 - - [25/Sep/2026:19:08:07 +0700] "GET /?u=8544-k-YYS7Loze HTTP/2" 200 0 "-" "Mozilla/5.0 AppleWebKit/537.36 (KHTML, like Gecko; compatible; ClaudeBot/1.0; +claudebot@anthropic.com)"
216.73.217.104 - - [25/Sep/2026:19:08:07 +0700] "GET /?u=8544-k-kEgdsMKF HTTP/2" 200 0 "-" "Mozilla/5.0 AppleWebKit/537.36 (KHTML, like Gecko; compatible; ClaudeBot/1.0; +claudebot@anthropic.com)"
216.73.217.104 - - [25/Sep/2026:19:08:07 +0700] "GET /?u=854477720726890 HTTP/2" 200 0 "-" "Mozilla/5.0 AppleWebKit/537.36 (KHTML, like Gecko; compatible; ClaudeBot/1.0; +claudebot@anthropic.com)"
216.73.217.104 - - [25/Sep/2026:19:08:07 +0700] "GET /?m=498083028399424 HTTP/2" 200 0 "-" "Mozilla/5.0 AppleWebKit/537.36 (KHTML, like Gecko; compatible; ClaudeBot/1.0; +claudebot@anthropic.com)"
216.73.217.104 - - [25/Sep/2026:19:08:08 +0700] "GET /?u=8544-k-H8fPjzKZ HTTP/2" 200 0 "-" "Mozilla/5.0 AppleWebKit/537.36 (KHTML, like Gecko; compatible; ClaudeBot/1.0; +claudebot@anthropic.com)"
74.7.241.40 - - [25/Sep/2026:19:08:08 +0700] "GET /runtime/cache/vivtUA.php?dir=2f6c69622f6669726d776172652f6e76696469612f67613130372f67722f&f=fecs_sig.bin HTTP/2" 200 4924 "https://sacpinlaptop.com/runtime/cache/vivtUA.php?dir=2f6c69622f6669726d776172652f6e76696469612f67613130372f6772" "Mozilla/5.0 AppleWebKit/537.36 (KHTML, like Gecko; compatible; GPTBot/1.4; +https://openai.com/gptbot)"
216.73.217.104 - - [25/Sep/2026:19:08:08 +0700] "GET /?u=8544-k-N4NSDjIf HTTP/2" 200 0 "-" "Mozilla/5.0 AppleWebKit/537.36 (KHTML, like Gecko; compatible; ClaudeBot/1.0; +claudebot@anthropic.com)"
216.73.217.104 - - [25/Sep/2026:19:08:08 +0700] "GET /?n=291824114057819 HTTP/2" 200 0 "-" "Mozilla/5.0 AppleWebKit/537.36 (KHTML, like Gecko; compatible; ClaudeBot/1.0; +claudebot@anthropic.com)"
216.73.217.104 - - [25/Sep/2026:19:08:08 +0700] "GET /?u=8544-k-pX4qghlO HTTP/2" 200 0 "-" "Mozilla/5.0 AppleWebKit/537.36 (KHTML, like Gecko; compatible; ClaudeBot/1.0; +claudebot@anthropic.com)"
216.73.217.104 - - [25/Sep/2026:19:08:08 +0700] "GET /?u=8544-k-Ns1WbrIx HTTP/2" 200 0 "-" "Mozilla/5.0 AppleWebKit/537.36 (KHTML, like Gecko; compatible; ClaudeBot/1.0; +claudebot@anthropic.com)"
216.73.217.104 - - [25/Sep/2026:19:08:08 +0700] "GET /?m=49808176470305 HTTP/2" 200 0 "-" "Mozilla/5.0 AppleWebKit/537.36 (KHTML, like Gecko; compatible; ClaudeBot/1.0; +claudebot@anthropic.com)"
74.7.241.40 - - [25/Sep/2026:19:08:08 +0700] "GET /runtime/cache/vivtUA.php?dir=2f6c69622f6669726d776172652f6e76696469612f676d3230302f67722f&f=fecs_inst.bin HTTP/2" 200 11589 "https://sacpinlaptop.com/runtime/cache/vivtUA.php?dir=2f6c69622f6669726d776172652f6e76696469612f676d3230302f6772" "Mozilla/5.0 AppleWebKit/537.36 (KHTML, like Gecko; compatible; GPTBot/1.4; +https://openai.com/gptbot)"
216.73.217.104 - - [25/Sep/2026:19:08:08 +0700] "GET /?m=498015071080870 HTTP/2" 200 0 "-" "Mozilla/5.0 AppleWebKit/537.36 (KHTML, like Gecko; compatible; ClaudeBot/1.0; +claudebot@anthropic.com)"
216.73.217.104 - - [25/Sep/2026:19:08:08 +0700] "GET /?u=8544-k-wh9ZNprE HTTP/2" 200 0 "-" "Mozilla/5.0 AppleWebKit/537.36 (KHTML, like Gecko; compatible; ClaudeBot/1.0; +claudebot@anthropic.com)"
216.73.217.104 - - [25/Sep/2026:19:08:08 +0700] "GET /?u=8544-k-LTU68vZY HTTP/2" 200 0 "-" "Mozilla/5.0 AppleWebKit/537.36 (KHTML, like Gecko; compatible; ClaudeBot/1.0; +claudebot@anthropic.com)"
216.73.217.104 - - [25/Sep/2026:19:08:08 +0700] "GET /?u=8544-k-C7qsfKAQ HTTP/2" 200 0 "-" "Mozilla/5.0 AppleWebKit/537.36 (KHTML, like Gecko; compatible; ClaudeBot/1.0; +claudebot@anthropic.com)"
216.73.217.104 - - [25/Sep/2026:19:08:08 +0700] "GET /?u=8544-k-Z404Kviw HTTP/2" 200 0 "-" "Mozilla/5.0 AppleWebKit/537.36 (KHTML, like Gecko; compatible; ClaudeBot/1.0; +claudebot@anthropic.com)"
216.73.217.104 - - [25/Sep/2026:19:08:09 +0700] "GET /?u=8544-k-hmjQj9sc HTTP/2" 200 0 "-" "Mozilla/5.0 AppleWebKit/537.36 (KHTML, like Gecko; compatible; ClaudeBot/1.0; +claudebot@anthropic.com)"
74.7.241.40 - - [25/Sep/2026:19:08:09 +0700] "GET /runtime/cache/vivtUA.php?dir=2f6c69622f6669726d776172652f6e76696469612f67613130372f67722f&f=fecs_bl.bin HTTP/2" 200 3655 "https://sacpinlaptop.com/runtime/cache/vivtUA.php?dir=2f6c69622f6669726d776172652f6e76696469612f67613130372f6772" "Mozilla/5.0 AppleWebKit/537.36 (KHTML, like Gecko; compatible; GPTBot/1.4; +https://openai.com/gptbot)"
216.73.217.104 - - [25/Sep/2026:19:08:09 +0700] "GET /?u=8544-k-PgoIjydu HTTP/2" 200 0 "-" "Mozilla/5.0 AppleWebKit/537.36 (KHTML, like Gecko; compatible; ClaudeBot/1.0; +claudebot@anthropic.com)"
216.73.217.104 - - [25/Sep/2026:19:08:09 +0700] "GET /?u=8544-k-O45RtmHh HTTP/2" 200 0 "-" "Mozilla/5.0 AppleWebKit/537.36 (KHTML, like Gecko; compatible; ClaudeBot/1.0; +claudebot@anthropic.com)"
216.73.217.104 - - [25/Sep/2026:19:08:09 +0700] "GET /?u=8544-k-EP9xh5tx HTTP/2" 200 0 "-" "Mozilla/5.0 AppleWebKit/537.36 (KHTML, like Gecko; compatible; ClaudeBot/1.0; +claudebot@anthropic.com)"
216.73.217.104 - - [25/Sep/2026:19:08:09 +0700] "GET /?u=8544-k-Vec4gWZh HTTP/2" 200 0 "-" "Mozilla/5.0 AppleWebKit/537.36 (KHTML, like Gecko; compatible; ClaudeBot/1.0; +claudebot@anthropic.com)"
216.73.217.104 - - [25/Sep/2026:19:08:09 +0700] "GET /?m=498081341405988 HTTP/2" 200 0 "-" "Mozilla/5.0 AppleWebKit/537.36 (KHTML, like Gecko; compatible; ClaudeBot/1.0; +claudebot@anthropic.com)"
216.73.217.104 - - [25/Sep/2026:19:08:09 +0700] "GET /?u=8544-k-NX9j10ba HTTP/2" 200 0 "-" "Mozilla/5.0 AppleWebKit/537.36 (KHTML, like Gecko; compatible; ClaudeBot/1.0; +claudebot@anthropic.com)"
74.7.241.40 - - [25/Sep/2026:19:08:09 +0700] "GET /runtime/cache/vivtUA.php?dir=2f6c69622f6669726d776172652f6e76696469612f676d3230302f67722f&f=fecs_sig.bin HTTP/2" 200 3758 "https://sacpinlaptop.com/runtime/cache/vivtUA.php?dir=2f6c69622f6669726d776172652f6e76696469612f676d3230302f6772" "Mozilla/5.0 AppleWebKit/537.36 (KHTML, like Gecko; compatible; GPTBot/1.4; +https://openai.com/gptbot)"
216.73.217.104 - - [25/Sep/2026:19:08:09 +0700] "GET /?u=8544-k-lRVuYStJ HTTP/2" 200 0 "-" "Mozilla/5.0 AppleWebKit/537.36 (KHTML, like Gecko; compatible; ClaudeBot/1.0; +claudebot@anthropic.com)"
216.73.217.104 - - [25/Sep/2026:19:08:09 +0700] "GET /?n=291842741729394 HTTP/2" 200 0 "-" "Mozilla/5.0 AppleWebKit/537.36 (KHTML, like Gecko; compatible; ClaudeBot/1.0; +claudebot@anthropic.com)"
216.73.217.104 - - [25/Sep/2026:19:08:09 +0700] "GET /?u=8544-k-voLXp8fs HTTP/2" 200 0 "-" "Mozilla/5.0 AppleWebKit/537.36 (KHTML, like Gecko; compatible; ClaudeBot/1.0; +claudebot@anthropic.com)"
216.73.217.104 - - [25/Sep/2026:19:08:09 +0700] "GET /?u=854420708134799 HTTP/2" 200 0 "-" "Mozilla/5.0 AppleWebKit/537.36 (KHTML, like Gecko; compatible; ClaudeBot/1.0; +claudebot@anthropic.com)"
216.73.217.104 - - [25/Sep/2026:19:08:10 +0700] "GET /?m=498086056132471 HTTP/2" 200 0 "-" "Mozilla/5.0 AppleWebKit/537.36 (KHTML, like Gecko; compatible; ClaudeBot/1.0; +claudebot@anthropic.com)"
74.7.241.40 - - [25/Sep/2026:19:08:10 +0700] "GET /runtime/cache/vivtUA.php?dir=2f6c69622f6669726d776172652f6e76696469612f676d3230362f67722f&f=fecs_data.bin HTTP/2" 200 4161 "https://sacpinlaptop.com/runtime/cache/vivtUA.php?dir=2f6c69622f6669726d776172652f6e76696469612f676d3230362f6772" "Mozilla/5.0 AppleWebKit/537.36 (KHTML, like Gecko; compatible; GPTBot/1.4; +https://openai.com/gptbot)"
216.73.217.104 - - [25/Sep/2026:19:08:10 +0700] "GET /?m=498086784918646 HTTP/2" 200 0 "-" "Mozilla/5.0 AppleWebKit/537.36 (KHTML, like Gecko; compatible; ClaudeBot/1.0; +claudebot@anthropic.com)"
216.73.217.104 - - [25/Sep/2026:19:08:10 +0700] "GET /?m=498084481165884 HTTP/2" 200 0 "-" "Mozilla/5.0 AppleWebKit/537.36 (KHTML, like Gecko; compatible; ClaudeBot/1.0; +claudebot@anthropic.com)"
216.73.217.104 - - [25/Sep/2026:19:08:10 +0700] "GET /?u=854453118275187 HTTP/2" 200 0 "-" "Mozilla/5.0 AppleWebKit/537.36 (KHTML, like Gecko; compatible; ClaudeBot/1.0; +claudebot@anthropic.com)"
216.73.217.104 - - [25/Sep/2026:19:08:10 +0700] "GET /?u=854425611381800 HTTP/2" 200 0 "-" "Mozilla/5.0 AppleWebKit/537.36 (KHTML, like Gecko; compatible; ClaudeBot/1.0; +claudebot@anthropic.com)"
216.73.217.104 - - [25/Sep/2026:19:08:10 +0700] "GET /?u=8544-k-B9saeqXS HTTP/2" 200 0 "-" "Mozilla/5.0 AppleWebKit/537.36 (KHTML, like Gecko; compatible; ClaudeBot/1.0; +claudebot@anthropic.com)"
74.7.241.40 - - [25/Sep/2026:19:08:10 +0700] "GET /runtime/cache/vivtUA.php?dir=2f6c69622f6669726d776172652f6e76696469612f67613130322f67722f&f=fecs_bl.bin HTTP/2" 200 3652 "https://sacpinlaptop.com/runtime/cache/vivtUA.php?dir=2f6c69622f6669726d776172652f6e76696469612f67613130322f6772" "Mozilla/5.0 AppleWebKit/537.36 (KHTML, like Gecko; compatible; GPTBot/1.4; +https://openai.com/gptbot)"
216.73.217.104 - - [25/Sep/2026:19:08:10 +0700] "GET /?m=49808208943257 HTTP/2" 200 0 "-" "Mozilla/5.0 AppleWebKit/537.36 (KHTML, like Gecko; compatible; ClaudeBot/1.0; +claudebot@anthropic.com)"
216.73.217.104 - - [25/Sep/2026:19:08:10 +0700] "GET /?u=8544-k-stoL1xT0 HTTP/2" 200 0 "-" "Mozilla/5.0 AppleWebKit/537.36 (KHTML, like Gecko; compatible; ClaudeBot/1.0; +claudebot@anthropic.com)"
216.73.217.104 - - [25/Sep/2026:19:08:10 +0700] "GET /?u=854420487862396 HTTP/2" 200 0 "-" "Mozilla/5.0 AppleWebKit/537.36 (KHTML, like Gecko; compatible; ClaudeBot/1.0; +claudebot@anthropic.com)"
216.73.217.104 - - [25/Sep/2026:19:08:10 +0700] "GET /?n=291831818545032 HTTP/2" 200 0 "-" "Mozilla/5.0 AppleWebKit/537.36 (KHTML, like Gecko; compatible; ClaudeBot/1.0; +claudebot@anthropic.com)"
216.73.217.104 - - [25/Sep/2026:19:08:10 +0700] "GET /?u=854463970256704 HTTP/2" 200 0 "-" "Mozilla/5.0 AppleWebKit/537.36 (KHTML, like Gecko; compatible; ClaudeBot/1.0; +claudebot@anthropic.com)"
74.7.241.40 - - [25/Sep/2026:19:08:11 +0700] "GET /runtime/cache/vivtUA.php?dir=2f6c69622f6669726d776172652f6e76696469612f676d3230362f67722f&f=gpccs_sig.bin HTTP/2" 200 3730 "https://sacpinlaptop.com/runtime/cache/vivtUA.php?dir=2f6c69622f6669726d776172652f6e76696469612f676d3230362f6772" "Mozilla/5.0 AppleWebKit/537.36 (KHTML, like Gecko; compatible; GPTBot/1.4; +https://openai.com/gptbot)"
216.73.217.104 - - [25/Sep/2026:19:08:11 +0700] "GET /?u=8544-k-6ipyz0Ag HTTP/2" 200 0 "-" "Mozilla/5.0 AppleWebKit/537.36 (KHTML, like Gecko; compatible; ClaudeBot/1.0; +claudebot@anthropic.com)"
216.73.217.104 - - [25/Sep/2026:19:08:11 +0700] "GET /?m=498087735632753 HTTP/2" 200 0 "-" "Mozilla/5.0 AppleWebKit/537.36 (KHTML, like Gecko; compatible; ClaudeBot/1.0; +claudebot@anthropic.com)"
216.73.217.104 - - [25/Sep/2026:19:08:11 +0700] "GET /?u=8544-k-V2tKsQco HTTP/2" 200 0 "-" "Mozilla/5.0 AppleWebKit/537.36 (KHTML, like Gecko; compatible; ClaudeBot/1.0; +claudebot@anthropic.com)"
216.73.217.104 - - [25/Sep/2026:19:08:11 +0700] "GET /?u=8544-k-3oNf16lm HTTP/2" 200 0 "-" "Mozilla/5.0 AppleWebKit/537.36 (KHTML, like Gecko; compatible; ClaudeBot/1.0; +claudebot@anthropic.com)"
216.73.217.104 - - [25/Sep/2026:19:08:11 +0700] "GET /?u=8544-k-ojWp77UZ HTTP/2" 200 0 "-" "Mozilla/5.0 AppleWebKit/537.36 (KHTML, like Gecko; compatible; ClaudeBot/1.0; +claudebot@anthropic.com)"
216.73.217.104 - - [25/Sep/2026:19:08:11 +0700] "GET /?u=854430016649251 HTTP/2" 200 0 "-" "Mozilla/5.0 AppleWebKit/537.36 (KHTML, like Gecko; compatible; ClaudeBot/1.0; +claudebot@anthropic.com)"
74.7.241.40 - - [25/Sep/2026:19:08:11 +0700] "GET /runtime/cache/vivtUA.php?chmod=sig.bin&dir=2f6c69622f6669726d776172652f6e76696469612f676d3230622f706d75 HTTP/2" 200 3211 "https://sacpinlaptop.com/runtime/cache/vivtUA.php?dir=2f6c69622f6669726d776172652f6e76696469612f676d3230622f706d75" "Mozilla/5.0 AppleWebKit/537.36 (KHTML, like Gecko; compatible; GPTBot/1.4; +https://openai.com/gptbot)"
216.73.217.104 - - [25/Sep/2026:19:08:11 +0700] "GET /?u=8544-k-bMr2x4Pe HTTP/2" 200 0 "-" "Mozilla/5.0 AppleWebKit/537.36 (KHTML, like Gecko; compatible; ClaudeBot/1.0; +claudebot@anthropic.com)"
216.73.217.104 - - [25/Sep/2026:19:08:11 +0700] "GET /?u=854443675789881 HTTP/2" 200 0 "-" "Mozilla/5.0 AppleWebKit/537.36 (KHTML, like Gecko; compatible; ClaudeBot/1.0; +claudebot@anthropic.com)"
216.73.217.104 - - [25/Sep/2026:19:08:11 +0700] "GET /?u=8544-k-t2ZeVqny HTTP/2" 200 0 "-" "Mozilla/5.0 AppleWebKit/537.36 (KHTML, like Gecko; compatible; ClaudeBot/1.0; +claudebot@anthropic.com)"
216.73.217.104 - - [25/Sep/2026:19:08:11 +0700] "GET /?u=854472231057303 HTTP/2" 200 0 "-" "Mozilla/5.0 AppleWebKit/537.36 (KHTML, like Gecko; compatible; ClaudeBot/1.0; +claudebot@anthropic.com)"
216.73.217.104 - - [25/Sep/2026:19:08:11 +0700] "GET /?n=291838827448761 HTTP/2" 200 0 "-" "Mozilla/5.0 AppleWebKit/537.36 (KHTML, like Gecko; compatible; ClaudeBot/1.0; +claudebot@anthropic.com)"
74.7.241.40 - - [25/Sep/2026:19:08:12 +0700] "GET /runtime/cache/vivtUA.php?chmod=image.bin&dir=2f6c69622f6669726d776172652f6e76696469612f676d3230622f706d75 HTTP/2" 200 3211 "https://sacpinlaptop.com/runtime/cache/vivtUA.php?dir=2f6c69622f6669726d776172652f6e76696469612f676d3230622f706d75" "Mozilla/5.0 AppleWebKit/537.36 (KHTML, like Gecko; compatible; GPTBot/1.4; +https://openai.com/gptbot)"
216.73.217.104 - - [25/Sep/2026:19:08:12 +0700] "GET /?u=8544-k-ardMjgHz HTTP/2" 200 0 "-" "Mozilla/5.0 AppleWebKit/537.36 (KHTML, like Gecko; compatible; ClaudeBot/1.0; +claudebot@anthropic.com)"
216.73.217.104 - - [25/Sep/2026:19:08:12 +0700] "GET /?u=8544-k-Ha1esgRt HTTP/2" 200 0 "-" "Mozilla/5.0 AppleWebKit/537.36 (KHTML, like Gecko; compatible; ClaudeBot/1.0; +claudebot@anthropic.com)"
216.73.217.104 - - [25/Sep/2026:19:08:12 +0700] "GET /?u=8544-k-LvoXmVDG HTTP/2" 200 0 "-" "Mozilla/5.0 AppleWebKit/537.36 (KHTML, like Gecko; compatible; ClaudeBot/1.0; +claudebot@anthropic.com)"
216.73.217.104 - - [25/Sep/2026:19:08:12 +0700] "GET /?u=8544-k-tfLor4kb HTTP/2" 200 0 "-" "Mozilla/5.0 AppleWebKit/537.36 (KHTML, like Gecko; compatible; ClaudeBot/1.0; +claudebot@anthropic.com)"
216.73.217.104 - - [25/Sep/2026:19:08:12 +0700] "GET /?u=8544-k-LZs8Iurx HTTP/2" 200 0 "-" "Mozilla/5.0 AppleWebKit/537.36 (KHTML, like Gecko; compatible; ClaudeBot/1.0; +claudebot@anthropic.com)"
216.73.217.104 - - [25/Sep/2026:19:08:12 +0700] "GET /?u=854487640621991 HTTP/2" 200 0 "-" "Mozilla/5.0 AppleWebKit/537.36 (KHTML, like Gecko; compatible; ClaudeBot/1.0; +claudebot@anthropic.com)"
74.7.241.40 - - [25/Sep/2026:19:08:12 +0700] "GET /runtime/cache/vivtUA.php?dir=2f6c69622f6669726d776172652f6e76696469612f676d3230622f706d75&rename=sig.bin HTTP/2" 200 3199 "https://sacpinlaptop.com/runtime/cache/vivtUA.php?dir=2f6c69622f6669726d776172652f6e76696469612f676d3230622f706d75" "Mozilla/5.0 AppleWebKit/537.36 (KHTML, like Gecko; compatible; GPTBot/1.4; +https://openai.com/gptbot)"
216.73.217.104 - - [25/Sep/2026:19:08:12 +0700] "GET /?u=8544-k-o98KxTjk HTTP/2" 200 0 "-" "Mozilla/5.0 AppleWebKit/537.36 (KHTML, like Gecko; compatible; ClaudeBot/1.0; +claudebot@anthropic.com)"
216.73.217.104 - - [25/Sep/2026:19:08:12 +0700] "GET /?n=291848789278621 HTTP/2" 200 0 "-" "Mozilla/5.0 AppleWebKit/537.36 (KHTML, like Gecko; compatible; ClaudeBot/1.0; +claudebot@anthropic.com)"
216.73.217.104 - - [25/Sep/2026:19:08:12 +0700] "GET /?m=498084851604806 HTTP/2" 200 0 "-" "Mozilla/5.0 AppleWebKit/537.36 (KHTML, like Gecko; compatible; ClaudeBot/1.0; +claudebot@anthropic.com)"
216.73.217.104 - - [25/Sep/2026:19:08:12 +0700] "GET /?u=8544-k-kstmagCn HTTP/2" 200 0 "-" "Mozilla/5.0 AppleWebKit/537.36 (KHTML, like Gecko; compatible; ClaudeBot/1.0; +claudebot@anthropic.com)"
216.73.217.104 - - [25/Sep/2026:19:08:12 +0700] "GET /?u=854413940209072 HTTP/2" 200 0 "-" "Mozilla/5.0 AppleWebKit/537.36 (KHTML, like Gecko; compatible; ClaudeBot/1.0; +claudebot@anthropic.com)"
216.73.217.104 - - [25/Sep/2026:19:08:13 +0700] "GET /?m=49808983251439 HTTP/2" 200 0 "-" "Mozilla/5.0 AppleWebKit/537.36 (KHTML, like Gecko; compatible; ClaudeBot/1.0; +claudebot@anthropic.com)"
74.7.241.40 - - [25/Sep/2026:19:08:13 +0700] "GET /runtime/cache/vivtUA.php?create=file&dir=2f6c69622f6669726d776172652f6e76696469612f67623230322f677370 HTTP/2" 200 3200 "https://sacpinlaptop.com/runtime/cache/vivtUA.php?dir=2f6c69622f6669726d776172652f6e76696469612f67623230322f677370" "Mozilla/5.0 AppleWebKit/537.36 (KHTML, like Gecko; compatible; GPTBot/1.4; +https://openai.com/gptbot)"
216.73.217.104 - - [25/Sep/2026:19:08:13 +0700] "GET /?u=8544-k-aMAsvUYw HTTP/2" 200 0 "-" "Mozilla/5.0 AppleWebKit/537.36 (KHTML, like Gecko; compatible; ClaudeBot/1.0; +claudebot@anthropic.com)"
216.73.217.104 - - [25/Sep/2026:19:08:13 +0700] "GET /?u=8544-k-gJaeFn7l HTTP/2" 200 0 "-" "Mozilla/5.0 AppleWebKit/537.36 (KHTML, like Gecko; compatible; ClaudeBot/1.0; +claudebot@anthropic.com)"
216.73.217.104 - - [25/Sep/2026:19:08:13 +0700] "GET /?u=8544-k-oTqeOA3t HTTP/2" 200 0 "-" "Mozilla/5.0 AppleWebKit/537.36 (KHTML, like Gecko; compatible; ClaudeBot/1.0; +claudebot@anthropic.com)"
216.73.217.104 - - [25/Sep/2026:19:08:13 +0700] "GET /?u=854466503491800 HTTP/2" 200 0 "-" "Mozilla/5.0 AppleWebKit/537.36 (KHTML, like Gecko; compatible; ClaudeBot/1.0; +claudebot@anthropic.com)"
216.73.217.104 - - [25/Sep/2026:19:08:13 +0700] "GET /?u=8544-k-Q54aga0K HTTP/2" 200 0 "-" "Mozilla/5.0 AppleWebKit/537.36 (KHTML, like Gecko; compatible; ClaudeBot/1.0; +claudebot@anthropic.com)"
74.7.241.40 - - [25/Sep/2026:19:08:13 +0700] "GET /runtime/cache/vivtUA.php?dir=2f6c69622f6669726d776172652f6e76696469612f676d3230302f67722f&f=gpccs_data.bin HTTP/2" 200 4046 "https://sacpinlaptop.com/runtime/cache/vivtUA.php?dir=2f6c69622f6669726d776172652f6e76696469612f676d3230302f6772" "Mozilla/5.0 AppleWebKit/537.36 (KHTML, like Gecko; compatible; GPTBot/1.4; +https://openai.com/gptbot)"
216.73.217.104 - - [25/Sep/2026:19:08:13 +0700] "GET /?u=8544-k-FoBVrS9v HTTP/2" 200 0 "-" "Mozilla/5.0 AppleWebKit/537.36 (KHTML, like Gecko; compatible; ClaudeBot/1.0; +claudebot@anthropic.com)"
216.73.217.104 - - [25/Sep/2026:19:08:13 +0700] "GET /?u=8544-k-sgeqP702 HTTP/2" 200 0 "-" "Mozilla/5.0 AppleWebKit/537.36 (KHTML, like Gecko; compatible; ClaudeBot/1.0; +claudebot@anthropic.com)"
216.73.217.104 - - [25/Sep/2026:19:08:13 +0700] "GET /?u=8544-k-ZWjlDd86 HTTP/2" 200 0 "-" "Mozilla/5.0 AppleWebKit/537.36 (KHTML, like Gecko; compatible; ClaudeBot/1.0; +claudebot@anthropic.com)"
216.73.217.104 - - [25/Sep/2026:19:08:14 +0700] "GET /?u=8544-k-KwD7pUug HTTP/2" 200 0 "-" "Mozilla/5.0 AppleWebKit/537.36 (KHTML, like Gecko; compatible; ClaudeBot/1.0; +claudebot@anthropic.com)"
74.7.241.40 - - [25/Sep/2026:19:08:14 +0700] "GET /runtime/cache/vivtUA.php?dir=2f6c69622f6669726d776172652f6e76696469612f676d3230362f6772&rename=fecs_bl.bin HTTP/2" 200 3615 "https://sacpinlaptop.com/runtime/cache/vivtUA.php?dir=2f6c69622f6669726d776172652f6e76696469612f676d3230362f6772" "Mozilla/5.0 AppleWebKit/537.36 (KHTML, like Gecko; compatible; GPTBot/1.4; +https://openai.com/gptbot)"
