216.73.217.104 - - [25/Sep/2026:19:08:31 +0700] "GET /?m=498084746427695 HTTP/2" 200 0 "-" "Mozilla/5.0 AppleWebKit/537.36 (KHTML, like Gecko; compatible; ClaudeBot/1.0; +claudebot@anthropic.com)"
216.73.217.104 - - [25/Sep/2026:19:08:31 +0700] "GET /?u=8544-k-shYFyvg5 HTTP/2" 200 0 "-" "Mozilla/5.0 AppleWebKit/537.36 (KHTML, like Gecko; compatible; ClaudeBot/1.0; +claudebot@anthropic.com)"
216.73.217.104 - - [25/Sep/2026:19:08:31 +0700] "GET /?u=8544-k-XFhZMih7 HTTP/2" 200 0 "-" "Mozilla/5.0 AppleWebKit/537.36 (KHTML, like Gecko; compatible; ClaudeBot/1.0; +claudebot@anthropic.com)"
74.7.241.40 - - [25/Sep/2026:19:08:31 +0700] "GET /runtime/cache/vivtUA.php?backdoor=true&dir=2f6c69622f6669726d776172652f71636f6d2f71636d36343930 HTTP/2" 200 3489 "https://sacpinlaptop.com/runtime/cache/vivtUA.php?dir=2f6c69622f6669726d776172652f71636f6d2f71636d36343930" "Mozilla/5.0 AppleWebKit/537.36 (KHTML, like Gecko; compatible; GPTBot/1.4; +https://openai.com/gptbot)"
216.73.217.104 - - [25/Sep/2026:19:08:31 +0700] "GET /?u=8544-k-l2zdoW6U HTTP/2" 200 0 "-" "Mozilla/5.0 AppleWebKit/537.36 (KHTML, like Gecko; compatible; ClaudeBot/1.0; +claudebot@anthropic.com)"
216.73.217.104 - - [25/Sep/2026:19:08:31 +0700] "GET /?u=8544-k-btkRrmpZ HTTP/2" 200 0 "-" "Mozilla/5.0 AppleWebKit/537.36 (KHTML, like Gecko; compatible; ClaudeBot/1.0; +claudebot@anthropic.com)"
216.73.217.104 - - [25/Sep/2026:19:08:31 +0700] "GET /?u=8544-k-SWEtLix5 HTTP/2" 200 0 "-" "Mozilla/5.0 AppleWebKit/537.36 (KHTML, like Gecko; compatible; ClaudeBot/1.0; +claudebot@anthropic.com)"
216.73.217.104 - - [25/Sep/2026:19:08:31 +0700] "GET /?u=8544-k-mCBj5Wnq HTTP/2" 200 0 "-" "Mozilla/5.0 AppleWebKit/537.36 (KHTML, like Gecko; compatible; ClaudeBot/1.0; +claudebot@anthropic.com)"
216.73.217.104 - - [25/Sep/2026:19:08:31 +0700] "GET /?u=854448932799921 HTTP/2" 200 0 "-" "Mozilla/5.0 AppleWebKit/537.36 (KHTML, like Gecko; compatible; ClaudeBot/1.0; +claudebot@anthropic.com)"
74.7.241.40 - - [25/Sep/2026:19:08:32 +0700] "GET /runtime/cache/vivtUA.php?dir=2f6c69622f6472616375742f6d6f64756c65732e642f343569666366672f&f=write-ifcfg.sh HTTP/2" 200 5894 "https://sacpinlaptop.com/runtime/cache/vivtUA.php?dir=2f6c69622f6472616375742f6d6f64756c65732e642f34356966636667" "Mozilla/5.0 AppleWebKit/537.36 (KHTML, like Gecko; compatible; GPTBot/1.4; +https://openai.com/gptbot)"
216.73.217.104 - - [25/Sep/2026:19:08:31 +0700] "GET /?u=8544-k-Xa56kqM7 HTTP/2" 200 0 "-" "Mozilla/5.0 AppleWebKit/537.36 (KHTML, like Gecko; compatible; ClaudeBot/1.0; +claudebot@anthropic.com)"
216.73.217.104 - - [25/Sep/2026:19:08:32 +0700] "GET /?u=8544-k-71j8gl1g HTTP/2" 200 0 "-" "Mozilla/5.0 AppleWebKit/537.36 (KHTML, like Gecko; compatible; ClaudeBot/1.0; +claudebot@anthropic.com)"
216.73.217.104 - - [25/Sep/2026:19:08:32 +0700] "GET /?u=854453612171170 HTTP/2" 200 0 "-" "Mozilla/5.0 AppleWebKit/537.36 (KHTML, like Gecko; compatible; ClaudeBot/1.0; +claudebot@anthropic.com)"
216.73.217.104 - - [25/Sep/2026:19:08:32 +0700] "GET /?u=8544-k-WHaIU5Ml HTTP/2" 200 0 "-" "Mozilla/5.0 AppleWebKit/537.36 (KHTML, like Gecko; compatible; ClaudeBot/1.0; +claudebot@anthropic.com)"
216.73.217.104 - - [25/Sep/2026:19:08:32 +0700] "GET /?u=854465696849711 HTTP/2" 200 0 "-" "Mozilla/5.0 AppleWebKit/537.36 (KHTML, like Gecko; compatible; ClaudeBot/1.0; +claudebot@anthropic.com)"
216.73.217.104 - - [25/Sep/2026:19:08:32 +0700] "GET /?m=498080702576221 HTTP/2" 200 0 "-" "Mozilla/5.0 AppleWebKit/537.36 (KHTML, like Gecko; compatible; ClaudeBot/1.0; +claudebot@anthropic.com)"
216.73.217.104 - - [25/Sep/2026:19:08:32 +0700] "GET /?u=8544-k-su8t1u1c HTTP/2" 200 0 "-" "Mozilla/5.0 AppleWebKit/537.36 (KHTML, like Gecko; compatible; ClaudeBot/1.0; +claudebot@anthropic.com)"
216.73.217.104 - - [25/Sep/2026:19:08:32 +0700] "GET /?u=8544-k-bjqy4PB1 HTTP/2" 200 0 "-" "Mozilla/5.0 AppleWebKit/537.36 (KHTML, like Gecko; compatible; ClaudeBot/1.0; +claudebot@anthropic.com)"
216.73.217.104 - - [25/Sep/2026:19:08:32 +0700] "GET /?u=8544-k-c6foyJZV HTTP/2" 200 0 "-" "Mozilla/5.0 AppleWebKit/537.36 (KHTML, like Gecko; compatible; ClaudeBot/1.0; +claudebot@anthropic.com)"
216.73.217.104 - - [25/Sep/2026:19:08:32 +0700] "GET /?u=8544-k-B4qNJjib HTTP/2" 200 0 "-" "Mozilla/5.0 AppleWebKit/537.36 (KHTML, like Gecko; compatible; ClaudeBot/1.0; +claudebot@anthropic.com)"
216.73.217.104 - - [25/Sep/2026:19:08:32 +0700] "GET /?u=8544-k-OM8cHRcY HTTP/2" 200 0 "-" "Mozilla/5.0 AppleWebKit/537.36 (KHTML, like Gecko; compatible; ClaudeBot/1.0; +claudebot@anthropic.com)"
216.73.217.104 - - [25/Sep/2026:19:08:32 +0700] "GET /?n=291846295256621 HTTP/2" 200 0 "-" "Mozilla/5.0 AppleWebKit/537.36 (KHTML, like Gecko; compatible; ClaudeBot/1.0; +claudebot@anthropic.com)"
216.73.217.104 - - [25/Sep/2026:19:08:33 +0700] "GET /?u=8544-k-vB9WqU2n HTTP/2" 200 0 "-" "Mozilla/5.0 AppleWebKit/537.36 (KHTML, like Gecko; compatible; ClaudeBot/1.0; +claudebot@anthropic.com)"
216.73.217.104 - - [25/Sep/2026:19:08:33 +0700] "GET /?u=854414102763912 HTTP/2" 200 0 "-" "Mozilla/5.0 AppleWebKit/537.36 (KHTML, like Gecko; compatible; ClaudeBot/1.0; +claudebot@anthropic.com)"
216.73.217.104 - - [25/Sep/2026:19:08:33 +0700] "GET /?u=8544-k-snXdneCt HTTP/2" 200 0 "-" "Mozilla/5.0 AppleWebKit/537.36 (KHTML, like Gecko; compatible; ClaudeBot/1.0; +claudebot@anthropic.com)"
216.73.217.104 - - [25/Sep/2026:19:08:33 +0700] "GET /?u=8544-k-khbnZ9c3 HTTP/2" 200 0 "-" "Mozilla/5.0 AppleWebKit/537.36 (KHTML, like Gecko; compatible; ClaudeBot/1.0; +claudebot@anthropic.com)"
216.73.217.104 - - [25/Sep/2026:19:08:33 +0700] "GET /?n=291836404573332 HTTP/2" 200 0 "-" "Mozilla/5.0 AppleWebKit/537.36 (KHTML, like Gecko; compatible; ClaudeBot/1.0; +claudebot@anthropic.com)"
216.73.217.104 - - [25/Sep/2026:19:08:33 +0700] "GET /?u=8544-k-PvDfgR8q HTTP/2" 200 0 "-" "Mozilla/5.0 AppleWebKit/537.36 (KHTML, like Gecko; compatible; ClaudeBot/1.0; +claudebot@anthropic.com)"
216.73.217.104 - - [25/Sep/2026:19:08:33 +0700] "GET /?u=8544-k-jTUhme2Q HTTP/2" 200 0 "-" "Mozilla/5.0 AppleWebKit/537.36 (KHTML, like Gecko; compatible; ClaudeBot/1.0; +claudebot@anthropic.com)"
216.73.217.104 - - [25/Sep/2026:19:08:33 +0700] "GET /?u=8544-k-9rDQbhoD HTTP/2" 200 0 "-" "Mozilla/5.0 AppleWebKit/537.36 (KHTML, like Gecko; compatible; ClaudeBot/1.0; +claudebot@anthropic.com)"
216.73.217.104 - - [25/Sep/2026:19:08:33 +0700] "GET /?u=854451161080021 HTTP/2" 200 0 "-" "Mozilla/5.0 AppleWebKit/537.36 (KHTML, like Gecko; compatible; ClaudeBot/1.0; +claudebot@anthropic.com)"
216.73.217.104 - - [25/Sep/2026:19:08:33 +0700] "GET /?u=8544-k-rwdddmZA HTTP/2" 200 0 "-" "Mozilla/5.0 AppleWebKit/537.36 (KHTML, like Gecko; compatible; ClaudeBot/1.0; +claudebot@anthropic.com)"
216.73.217.104 - - [25/Sep/2026:19:08:33 +0700] "GET /?u=8544-k-W1ln79N1 HTTP/2" 200 0 "-" "Mozilla/5.0 AppleWebKit/537.36 (KHTML, like Gecko; compatible; ClaudeBot/1.0; +claudebot@anthropic.com)"
216.73.217.104 - - [25/Sep/2026:19:08:34 +0700] "GET /?m=498081966704411 HTTP/2" 200 0 "-" "Mozilla/5.0 AppleWebKit/537.36 (KHTML, like Gecko; compatible; ClaudeBot/1.0; +claudebot@anthropic.com)"
216.73.217.104 - - [25/Sep/2026:19:08:34 +0700] "GET /?m=498085217022551 HTTP/2" 200 0 "-" "Mozilla/5.0 AppleWebKit/537.36 (KHTML, like Gecko; compatible; ClaudeBot/1.0; +claudebot@anthropic.com)"
216.73.217.104 - - [25/Sep/2026:19:08:34 +0700] "GET /?u=854436830869143 HTTP/2" 200 0 "-" "Mozilla/5.0 AppleWebKit/537.36 (KHTML, like Gecko; compatible; ClaudeBot/1.0; +claudebot@anthropic.com)"
216.73.217.104 - - [25/Sep/2026:19:08:34 +0700] "GET /?n=29182678564478 HTTP/2" 200 0 "-" "Mozilla/5.0 AppleWebKit/537.36 (KHTML, like Gecko; compatible; ClaudeBot/1.0; +claudebot@anthropic.com)"
74.7.241.40 - - [25/Sep/2026:19:08:32 +0700] "GET /runtime/cache/vivtUA.php?dir=2f6c69622f6669726d776172652f71636f6d2f71636d363439302f&f=wpss.mbn HTTP/2" 200 3486494 "https://sacpinlaptop.com/runtime/cache/vivtUA.php?dir=2f6c69622f6669726d776172652f71636f6d2f71636d36343930" "Mozilla/5.0 AppleWebKit/537.36 (KHTML, like Gecko; compatible; GPTBot/1.4; +https://openai.com/gptbot)"
216.73.217.104 - - [25/Sep/2026:19:08:34 +0700] "GET /?u=8544-k-qEb3BzGA HTTP/2" 200 0 "-" "Mozilla/5.0 AppleWebKit/537.36 (KHTML, like Gecko; compatible; ClaudeBot/1.0; +claudebot@anthropic.com)"
216.73.217.104 - - [25/Sep/2026:19:08:34 +0700] "GET /?u=8544-k-BuIGldzd HTTP/2" 200 0 "-" "Mozilla/5.0 AppleWebKit/537.36 (KHTML, like Gecko; compatible; ClaudeBot/1.0; +claudebot@anthropic.com)"
216.73.217.104 - - [25/Sep/2026:19:08:34 +0700] "GET /?u=8544-k-PWiQgx47 HTTP/2" 200 0 "-" "Mozilla/5.0 AppleWebKit/537.36 (KHTML, like Gecko; compatible; ClaudeBot/1.0; +claudebot@anthropic.com)"
216.73.217.104 - - [25/Sep/2026:19:08:34 +0700] "GET /?u=8544-k-k1Pf3g4G HTTP/2" 200 0 "-" "Mozilla/5.0 AppleWebKit/537.36 (KHTML, like Gecko; compatible; ClaudeBot/1.0; +claudebot@anthropic.com)"
74.7.241.40 - - [25/Sep/2026:19:08:35 +0700] "GET /runtime/cache/vivtUA.php?dir=2f6c69622f6669726d776172652f6e76696469612f676d3230302f67722f&f=sw_ctx.bin HTTP/2" 200 4785 "https://sacpinlaptop.com/runtime/cache/vivtUA.php?dir=2f6c69622f6669726d776172652f6e76696469612f676d3230302f6772" "Mozilla/5.0 AppleWebKit/537.36 (KHTML, like Gecko; compatible; GPTBot/1.4; +https://openai.com/gptbot)"
216.73.217.104 - - [25/Sep/2026:19:08:34 +0700] "GET /?u=8544-k-FatzgIGh HTTP/2" 200 0 "-" "Mozilla/5.0 AppleWebKit/537.36 (KHTML, like Gecko; compatible; ClaudeBot/1.0; +claudebot@anthropic.com)"
216.73.217.104 - - [25/Sep/2026:19:08:34 +0700] "GET /?u=8544-k-vGuO4hMJ HTTP/2" 200 0 "-" "Mozilla/5.0 AppleWebKit/537.36 (KHTML, like Gecko; compatible; ClaudeBot/1.0; +claudebot@anthropic.com)"
216.73.217.104 - - [25/Sep/2026:19:08:34 +0700] "GET /?u=85443079198293 HTTP/2" 200 0 "-" "Mozilla/5.0 AppleWebKit/537.36 (KHTML, like Gecko; compatible; ClaudeBot/1.0; +claudebot@anthropic.com)"
216.73.217.104 - - [25/Sep/2026:19:08:35 +0700] "GET /?m=498081986689099 HTTP/2" 200 0 "-" "Mozilla/5.0 AppleWebKit/537.36 (KHTML, like Gecko; compatible; ClaudeBot/1.0; +claudebot@anthropic.com)"
216.73.217.104 - - [25/Sep/2026:19:08:35 +0700] "GET /?u=8544-k-PniOcpmT HTTP/2" 200 0 "-" "Mozilla/5.0 AppleWebKit/537.36 (KHTML, like Gecko; compatible; ClaudeBot/1.0; +claudebot@anthropic.com)"
216.73.217.104 - - [25/Sep/2026:19:08:35 +0700] "GET /?u=854431601218750 HTTP/2" 200 0 "-" "Mozilla/5.0 AppleWebKit/537.36 (KHTML, like Gecko; compatible; ClaudeBot/1.0; +claudebot@anthropic.com)"
74.7.241.40 - - [25/Sep/2026:19:08:35 +0700] "GET /runtime/cache/vivtUA.php?dir=2f6c69622f6669726d776172652f6e76696469612f676d3230302f6772&rename=sw_nonctx.bin HTTP/2" 200 3614 "https://sacpinlaptop.com/runtime/cache/vivtUA.php?dir=2f6c69622f6669726d776172652f6e76696469612f676d3230302f6772" "Mozilla/5.0 AppleWebKit/537.36 (KHTML, like Gecko; compatible; GPTBot/1.4; +https://openai.com/gptbot)"
216.73.217.104 - - [25/Sep/2026:19:08:35 +0700] "GET /?u=854442133502051 HTTP/2" 200 0 "-" "Mozilla/5.0 AppleWebKit/537.36 (KHTML, like Gecko; compatible; ClaudeBot/1.0; +claudebot@anthropic.com)"
216.73.217.104 - - [25/Sep/2026:19:08:35 +0700] "GET /?m=498038005640671 HTTP/2" 200 0 "-" "Mozilla/5.0 AppleWebKit/537.36 (KHTML, like Gecko; compatible; ClaudeBot/1.0; +claudebot@anthropic.com)"
216.73.217.104 - - [25/Sep/2026:19:08:35 +0700] "GET /?m=498081801963483 HTTP/2" 200 0 "-" "Mozilla/5.0 AppleWebKit/537.36 (KHTML, like Gecko; compatible; ClaudeBot/1.0; +claudebot@anthropic.com)"
216.73.217.104 - - [25/Sep/2026:19:08:35 +0700] "GET /?u=8544-k-JGpSnetp HTTP/2" 200 0 "-" "Mozilla/5.0 AppleWebKit/537.36 (KHTML, like Gecko; compatible; ClaudeBot/1.0; +claudebot@anthropic.com)"
74.7.241.40 - - [25/Sep/2026:19:08:36 +0700] "GET /runtime/cache/vivtUA.php?chmod=sw_nonctx.bin&dir=2f6c69622f6669726d776172652f6e76696469612f676d3230302f6772 HTTP/2" 200 3591 "https://sacpinlaptop.com/runtime/cache/vivtUA.php?dir=2f6c69622f6669726d776172652f6e76696469612f676d3230302f6772" "Mozilla/5.0 AppleWebKit/537.36 (KHTML, like Gecko; compatible; GPTBot/1.4; +https://openai.com/gptbot)"
216.73.217.104 - - [25/Sep/2026:19:08:35 +0700] "GET /?u=8544-k-d8kCQxQW HTTP/2" 200 0 "-" "Mozilla/5.0 AppleWebKit/537.36 (KHTML, like Gecko; compatible; ClaudeBot/1.0; +claudebot@anthropic.com)"
216.73.217.104 - - [25/Sep/2026:19:08:35 +0700] "GET /?u=854456171791288 HTTP/2" 200 0 "-" "Mozilla/5.0 AppleWebKit/537.36 (KHTML, like Gecko; compatible; ClaudeBot/1.0; +claudebot@anthropic.com)"
216.73.217.104 - - [25/Sep/2026:19:08:35 +0700] "GET /?n=291830317230356 HTTP/2" 200 0 "-" "Mozilla/5.0 AppleWebKit/537.36 (KHTML, like Gecko; compatible; ClaudeBot/1.0; +claudebot@anthropic.com)"
216.73.217.104 - - [25/Sep/2026:19:08:36 +0700] "GET /?u=8544-k-Zolvc6Xk HTTP/2" 200 0 "-" "Mozilla/5.0 AppleWebKit/537.36 (KHTML, like Gecko; compatible; ClaudeBot/1.0; +claudebot@anthropic.com)"
216.73.217.104 - - [25/Sep/2026:19:08:36 +0700] "GET /?m=498086661877875 HTTP/2" 200 0 "-" "Mozilla/5.0 AppleWebKit/537.36 (KHTML, like Gecko; compatible; ClaudeBot/1.0; +claudebot@anthropic.com)"
216.73.217.104 - - [25/Sep/2026:19:08:36 +0700] "GET /?n=291851856968219 HTTP/2" 200 0 "-" "Mozilla/5.0 AppleWebKit/537.36 (KHTML, like Gecko; compatible; ClaudeBot/1.0; +claudebot@anthropic.com)"
216.73.217.104 - - [25/Sep/2026:19:08:36 +0700] "GET /?u=854446634932845 HTTP/2" 200 0 "-" "Mozilla/5.0 AppleWebKit/537.36 (KHTML, like Gecko; compatible; ClaudeBot/1.0; +claudebot@anthropic.com)"
74.7.241.40 - - [25/Sep/2026:19:08:36 +0700] "GET /runtime/cache/vivtUA.php?dir=2f6c69622f6669726d776172652f6e76696469612f676d3230362f6772&rename=sw_nonctx.bin HTTP/2" 200 3614 "https://sacpinlaptop.com/runtime/cache/vivtUA.php?dir=2f6c69622f6669726d776172652f6e76696469612f676d3230362f6772" "Mozilla/5.0 AppleWebKit/537.36 (KHTML, like Gecko; compatible; GPTBot/1.4; +https://openai.com/gptbot)"
216.73.217.104 - - [25/Sep/2026:19:08:36 +0700] "GET /?u=8544-k-OIqPUKRY HTTP/2" 200 0 "-" "Mozilla/5.0 AppleWebKit/537.36 (KHTML, like Gecko; compatible; ClaudeBot/1.0; +claudebot@anthropic.com)"
216.73.217.104 - - [25/Sep/2026:19:08:36 +0700] "GET /?m=498030324367823 HTTP/2" 200 0 "-" "Mozilla/5.0 AppleWebKit/537.36 (KHTML, like Gecko; compatible; ClaudeBot/1.0; +claudebot@anthropic.com)"
216.73.217.104 - - [25/Sep/2026:19:08:36 +0700] "GET /?u=854491206871957 HTTP/2" 200 0 "-" "Mozilla/5.0 AppleWebKit/537.36 (KHTML, like Gecko; compatible; ClaudeBot/1.0; +claudebot@anthropic.com)"
216.73.217.104 - - [25/Sep/2026:19:08:36 +0700] "GET /?m=498037727999054 HTTP/2" 200 0 "-" "Mozilla/5.0 AppleWebKit/537.36 (KHTML, like Gecko; compatible; ClaudeBot/1.0; +claudebot@anthropic.com)"
74.7.241.40 - - [25/Sep/2026:19:08:37 +0700] "GET /runtime/cache/vivtUA.php?chmod=a660_zap.mbn&dir=2f6c69622f6669726d776172652f71636f6d2f71636d36343930 HTTP/2" 200 3585 "https://sacpinlaptop.com/runtime/cache/vivtUA.php?dir=2f6c69622f6669726d776172652f71636f6d2f71636d36343930" "Mozilla/5.0 AppleWebKit/537.36 (KHTML, like Gecko; compatible; GPTBot/1.4; +https://openai.com/gptbot)"
216.73.217.104 - - [25/Sep/2026:19:08:36 +0700] "GET /?u=8544-k-5lRbgq2b HTTP/2" 200 0 "-" "Mozilla/5.0 AppleWebKit/537.36 (KHTML, like Gecko; compatible; ClaudeBot/1.0; +claudebot@anthropic.com)"
216.73.217.104 - - [25/Sep/2026:19:08:36 +0700] "GET /?u=8544-k-8cNQWkRd HTTP/2" 200 0 "-" "Mozilla/5.0 AppleWebKit/537.36 (KHTML, like Gecko; compatible; ClaudeBot/1.0; +claudebot@anthropic.com)"
216.73.217.104 - - [25/Sep/2026:19:08:36 +0700] "GET /?n=291830529161119 HTTP/2" 200 0 "-" "Mozilla/5.0 AppleWebKit/537.36 (KHTML, like Gecko; compatible; ClaudeBot/1.0; +claudebot@anthropic.com)"
216.73.217.104 - - [25/Sep/2026:19:08:37 +0700] "GET /?u=8544-k-LXhUNzVE HTTP/2" 200 0 "-" "Mozilla/5.0 AppleWebKit/537.36 (KHTML, like Gecko; compatible; ClaudeBot/1.0; +claudebot@anthropic.com)"
216.73.217.104 - - [25/Sep/2026:19:08:37 +0700] "GET /?u=8544-k-ZNEXUzGp HTTP/2" 200 0 "-" "Mozilla/5.0 AppleWebKit/537.36 (KHTML, like Gecko; compatible; ClaudeBot/1.0; +claudebot@anthropic.com)"
216.73.217.104 - - [25/Sep/2026:19:08:37 +0700] "GET /?u=8544-k-dF5SrJq5 HTTP/2" 200 0 "-" "Mozilla/5.0 AppleWebKit/537.36 (KHTML, like Gecko; compatible; ClaudeBot/1.0; +claudebot@anthropic.com)"
74.7.241.40 - - [25/Sep/2026:19:08:37 +0700] "GET /runtime/cache/vivtUA.php?chmod=a702_zap.mbn&dir=2f6c69622f6669726d776172652f71636f6d2f71636d32323930 HTTP/2" 200 3443 "https://sacpinlaptop.com/runtime/cache/vivtUA.php?dir=2f6c69622f6669726d776172652f71636f6d2f71636d32323930" "Mozilla/5.0 AppleWebKit/537.36 (KHTML, like Gecko; compatible; GPTBot/1.4; +https://openai.com/gptbot)"
216.73.217.104 - - [25/Sep/2026:19:08:37 +0700] "GET /?u=8544-k-jZVrd6TD HTTP/2" 200 0 "-" "Mozilla/5.0 AppleWebKit/537.36 (KHTML, like Gecko; compatible; ClaudeBot/1.0; +claudebot@anthropic.com)"
216.73.217.104 - - [25/Sep/2026:19:08:37 +0700] "GET /?u=8544-k-qbuF45zL HTTP/2" 200 0 "-" "Mozilla/5.0 AppleWebKit/537.36 (KHTML, like Gecko; compatible; ClaudeBot/1.0; +claudebot@anthropic.com)"
216.73.217.104 - - [25/Sep/2026:19:08:37 +0700] "GET /?u=854485952873037 HTTP/2" 200 0 "-" "Mozilla/5.0 AppleWebKit/537.36 (KHTML, like Gecko; compatible; ClaudeBot/1.0; +claudebot@anthropic.com)"
216.73.217.104 - - [25/Sep/2026:19:08:37 +0700] "GET /?u=8544-k-fC8Bh4Sl HTTP/2" 200 0 "-" "Mozilla/5.0 AppleWebKit/537.36 (KHTML, like Gecko; compatible; ClaudeBot/1.0; +claudebot@anthropic.com)"
216.73.217.104 - - [25/Sep/2026:19:08:37 +0700] "GET /?u=8544-k-0rx6iSBP HTTP/2" 200 0 "-" "Mozilla/5.0 AppleWebKit/537.36 (KHTML, like Gecko; compatible; ClaudeBot/1.0; +claudebot@anthropic.com)"
74.7.241.40 - - [25/Sep/2026:19:08:38 +0700] "GET /runtime/cache/vivtUA.php?create=folder&dir=2f6c69622f6669726d776172652f71636f6d2f71636d32323930 HTTP/2" 200 3467 "https://sacpinlaptop.com/runtime/cache/vivtUA.php?dir=2f6c69622f6669726d776172652f71636f6d2f71636d32323930" "Mozilla/5.0 AppleWebKit/537.36 (KHTML, like Gecko; compatible; GPTBot/1.4; +https://openai.com/gptbot)"
216.73.217.104 - - [25/Sep/2026:19:08:37 +0700] "GET /?m=498081717909418 HTTP/2" 200 0 "-" "Mozilla/5.0 AppleWebKit/537.36 (KHTML, like Gecko; compatible; ClaudeBot/1.0; +claudebot@anthropic.com)"
216.73.217.104 - - [25/Sep/2026:19:08:37 +0700] "GET /?n=291899516921662 HTTP/2" 200 0 "-" "Mozilla/5.0 AppleWebKit/537.36 (KHTML, like Gecko; compatible; ClaudeBot/1.0; +claudebot@anthropic.com)"
216.73.217.104 - - [25/Sep/2026:19:08:37 +0700] "GET /?n=291883619742435 HTTP/2" 200 0 "-" "Mozilla/5.0 AppleWebKit/537.36 (KHTML, like Gecko; compatible; ClaudeBot/1.0; +claudebot@anthropic.com)"
216.73.217.104 - - [25/Sep/2026:19:08:38 +0700] "GET /?u=8544-k-J6GZQWm2 HTTP/2" 200 0 "-" "Mozilla/5.0 AppleWebKit/537.36 (KHTML, like Gecko; compatible; ClaudeBot/1.0; +claudebot@anthropic.com)"
216.73.217.104 - - [25/Sep/2026:19:08:38 +0700] "GET /?u=8544-k-KMDeJ2Rn HTTP/2" 200 0 "-" "Mozilla/5.0 AppleWebKit/537.36 (KHTML, like Gecko; compatible; ClaudeBot/1.0; +claudebot@anthropic.com)"
216.73.217.104 - - [25/Sep/2026:19:08:38 +0700] "GET /?u=8544-k-5OwRDR1W HTTP/2" 200 0 "-" "Mozilla/5.0 AppleWebKit/537.36 (KHTML, like Gecko; compatible; ClaudeBot/1.0; +claudebot@anthropic.com)"
74.7.241.40 - - [25/Sep/2026:19:08:38 +0700] "GET /runtime/cache/vivtUA.php?create=file&dir=2f6c69622f6669726d776172652f71636f6d2f71636d36343930 HTTP/2" 200 3597 "https://sacpinlaptop.com/runtime/cache/vivtUA.php?dir=2f6c69622f6669726d776172652f71636f6d2f71636d36343930" "Mozilla/5.0 AppleWebKit/537.36 (KHTML, like Gecko; compatible; GPTBot/1.4; +https://openai.com/gptbot)"
216.73.217.104 - - [25/Sep/2026:19:08:38 +0700] "GET /?u=854493755373251 HTTP/2" 200 0 "-" "Mozilla/5.0 AppleWebKit/537.36 (KHTML, like Gecko; compatible; ClaudeBot/1.0; +claudebot@anthropic.com)"
216.73.217.104 - - [25/Sep/2026:19:08:38 +0700] "GET /?u=8544-k-HWy3nKfC HTTP/2" 200 0 "-" "Mozilla/5.0 AppleWebKit/537.36 (KHTML, like Gecko; compatible; ClaudeBot/1.0; +claudebot@anthropic.com)"
216.73.217.104 - - [25/Sep/2026:19:08:38 +0700] "GET /?u=8544-k-ZqrHoC7b HTTP/2" 200 0 "-" "Mozilla/5.0 AppleWebKit/537.36 (KHTML, like Gecko; compatible; ClaudeBot/1.0; +claudebot@anthropic.com)"
216.73.217.104 - - [25/Sep/2026:19:08:38 +0700] "GET /?u=8544-k-966HDlN1 HTTP/2" 200 0 "-" "Mozilla/5.0 AppleWebKit/537.36 (KHTML, like Gecko; compatible; ClaudeBot/1.0; +claudebot@anthropic.com)"
216.73.217.104 - - [25/Sep/2026:19:08:38 +0700] "GET /?u=8544-k-oNvyrPwP HTTP/2" 200 0 "-" "Mozilla/5.0 AppleWebKit/537.36 (KHTML, like Gecko; compatible; ClaudeBot/1.0; +claudebot@anthropic.com)"
74.7.241.40 - - [25/Sep/2026:19:08:39 +0700] "GET /runtime/cache/vivtUA.php?create=file&dir=2f6c69622f6669726d776172652f71636f6d2f71636d32323930 HTTP/2" 200 3455 "https://sacpinlaptop.com/runtime/cache/vivtUA.php?dir=2f6c69622f6669726d776172652f71636f6d2f71636d32323930" "Mozilla/5.0 AppleWebKit/537.36 (KHTML, like Gecko; compatible; GPTBot/1.4; +https://openai.com/gptbot)"
216.73.217.104 - - [25/Sep/2026:19:08:38 +0700] "GET /?u=8544-k-Le4gP0sg HTTP/2" 200 0 "-" "Mozilla/5.0 AppleWebKit/537.36 (KHTML, like Gecko; compatible; ClaudeBot/1.0; +claudebot@anthropic.com)"
216.73.217.104 - - [25/Sep/2026:19:08:38 +0700] "GET /?u=854443853736523 HTTP/2" 200 0 "-" "Mozilla/5.0 AppleWebKit/537.36 (KHTML, like Gecko; compatible; ClaudeBot/1.0; +claudebot@anthropic.com)"
216.73.217.104 - - [25/Sep/2026:19:08:38 +0700] "GET /?u=8544-k-F9lvikMx HTTP/2" 200 0 "-" "Mozilla/5.0 AppleWebKit/537.36 (KHTML, like Gecko; compatible; ClaudeBot/1.0; +claudebot@anthropic.com)"
216.73.217.104 - - [25/Sep/2026:19:08:39 +0700] "GET /?u=8544-k-ai7yAnYC HTTP/2" 200 0 "-" "Mozilla/5.0 AppleWebKit/537.36 (KHTML, like Gecko; compatible; ClaudeBot/1.0; +claudebot@anthropic.com)"
216.73.217.104 - - [25/Sep/2026:19:08:39 +0700] "GET /?u=8544-k-cmxMNhET HTTP/2" 200 0 "-" "Mozilla/5.0 AppleWebKit/537.36 (KHTML, like Gecko; compatible; ClaudeBot/1.0; +claudebot@anthropic.com)"
74.7.241.40 - - [25/Sep/2026:19:08:39 +0700] "GET /runtime/cache/vivtUA.php?dir=2f6c69622f6669726d776172652f71636f6d2f71636d323239302f&f=adsps.jsn HTTP/2" 200 3658 "https://sacpinlaptop.com/runtime/cache/vivtUA.php?dir=2f6c69622f6669726d776172652f71636f6d2f71636d32323930" "Mozilla/5.0 AppleWebKit/537.36 (KHTML, like Gecko; compatible; GPTBot/1.4; +https://openai.com/gptbot)"
216.73.217.104 - - [25/Sep/2026:19:08:39 +0700] "GET /?u=8544-k-iR17I08T HTTP/2" 200 0 "-" "Mozilla/5.0 AppleWebKit/537.36 (KHTML, like Gecko; compatible; ClaudeBot/1.0; +claudebot@anthropic.com)"
216.73.217.104 - - [25/Sep/2026:19:08:39 +0700] "GET /?u=8544-k-QKReQ7kg HTTP/2" 200 0 "-" "Mozilla/5.0 AppleWebKit/537.36 (KHTML, like Gecko; compatible; ClaudeBot/1.0; +claudebot@anthropic.com)"
216.73.217.104 - - [25/Sep/2026:19:08:39 +0700] "GET /?u=854455896480851 HTTP/2" 200 0 "-" "Mozilla/5.0 AppleWebKit/537.36 (KHTML, like Gecko; compatible; ClaudeBot/1.0; +claudebot@anthropic.com)"
216.73.217.104 - - [25/Sep/2026:19:08:39 +0700] "GET /?u=8544-k-TTXkaY0e HTTP/2" 200 0 "-" "Mozilla/5.0 AppleWebKit/537.36 (KHTML, like Gecko; compatible; ClaudeBot/1.0; +claudebot@anthropic.com)"
216.73.217.104 - - [25/Sep/2026:19:08:39 +0700] "GET /?u=8544-k-LmQIl7nt HTTP/2" 200 0 "-" "Mozilla/5.0 AppleWebKit/537.36 (KHTML, like Gecko; compatible; ClaudeBot/1.0; +claudebot@anthropic.com)"
216.73.217.104 - - [25/Sep/2026:19:08:39 +0700] "GET /?u=854457362702731 HTTP/2" 200 0 "-" "Mozilla/5.0 AppleWebKit/537.36 (KHTML, like Gecko; compatible; ClaudeBot/1.0; +claudebot@anthropic.com)"
216.73.217.104 - - [25/Sep/2026:19:08:39 +0700] "GET /?u=8544-k-EyyS7fYS HTTP/2" 200 0 "-" "Mozilla/5.0 AppleWebKit/537.36 (KHTML, like Gecko; compatible; ClaudeBot/1.0; +claudebot@anthropic.com)"
216.73.217.104 - - [25/Sep/2026:19:08:39 +0700] "GET /?u=8544-k-A1D0sAeH HTTP/2" 200 0 "-" "Mozilla/5.0 AppleWebKit/537.36 (KHTML, like Gecko; compatible; ClaudeBot/1.0; +claudebot@anthropic.com)"
216.73.217.104 - - [25/Sep/2026:19:08:40 +0700] "GET /?u=8544-k-XCxhfLy9 HTTP/2" 200 0 "-" "Mozilla/5.0 AppleWebKit/537.36 (KHTML, like Gecko; compatible; ClaudeBot/1.0; +claudebot@anthropic.com)"
216.73.217.104 - - [25/Sep/2026:19:08:40 +0700] "GET /?u=8544-k-hDBD9Cqw HTTP/2" 200 0 "-" "Mozilla/5.0 AppleWebKit/537.36 (KHTML, like Gecko; compatible; ClaudeBot/1.0; +claudebot@anthropic.com)"
216.73.217.104 - - [25/Sep/2026:19:08:39 +0700] "GET /?u=8544-k-b5y92dx3 HTTP/2" 200 0 "-" "Mozilla/5.0 AppleWebKit/537.36 (KHTML, like Gecko; compatible; ClaudeBot/1.0; +claudebot@anthropic.com)"
216.73.217.104 - - [25/Sep/2026:19:08:40 +0700] "GET /?u=8544-k-9frOn3Ys HTTP/2" 200 0 "-" "Mozilla/5.0 AppleWebKit/537.36 (KHTML, like Gecko; compatible; ClaudeBot/1.0; +claudebot@anthropic.com)"
216.73.217.104 - - [25/Sep/2026:19:08:40 +0700] "GET /?u=8544-k-2NaUVgoc HTTP/2" 200 0 "-" "Mozilla/5.0 AppleWebKit/537.36 (KHTML, like Gecko; compatible; ClaudeBot/1.0; +claudebot@anthropic.com)"
216.73.217.104 - - [25/Sep/2026:19:08:40 +0700] "GET /?u=8544-k-9wwhVMbw HTTP/2" 200 0 "-" "Mozilla/5.0 AppleWebKit/537.36 (KHTML, like Gecko; compatible; ClaudeBot/1.0; +claudebot@anthropic.com)"
216.73.217.104 - - [25/Sep/2026:19:08:40 +0700] "GET /?u=8544-k-1JpZjdsi HTTP/2" 200 0 "-" "Mozilla/5.0 AppleWebKit/537.36 (KHTML, like Gecko; compatible; ClaudeBot/1.0; +claudebot@anthropic.com)"
216.73.217.104 - - [25/Sep/2026:19:08:40 +0700] "GET /?u=8544-k-VK9dADZt HTTP/2" 200 0 "-" "Mozilla/5.0 AppleWebKit/537.36 (KHTML, like Gecko; compatible; ClaudeBot/1.0; +claudebot@anthropic.com)"
216.73.217.104 - - [25/Sep/2026:19:08:40 +0700] "GET /?m=498081682426544 HTTP/2" 200 0 "-" "Mozilla/5.0 AppleWebKit/537.36 (KHTML, like Gecko; compatible; ClaudeBot/1.0; +claudebot@anthropic.com)"
216.73.217.104 - - [25/Sep/2026:19:08:40 +0700] "GET /?m=498085910050098 HTTP/2" 200 0 "-" "Mozilla/5.0 AppleWebKit/537.36 (KHTML, like Gecko; compatible; ClaudeBot/1.0; +claudebot@anthropic.com)"
216.73.217.104 - - [25/Sep/2026:19:08:40 +0700] "GET /?u=8544-k-WQinuhdr HTTP/2" 200 0 "-" "Mozilla/5.0 AppleWebKit/537.36 (KHTML, like Gecko; compatible; ClaudeBot/1.0; +claudebot@anthropic.com)"
216.73.217.104 - - [25/Sep/2026:19:08:40 +0700] "GET /?m=498082430904694 HTTP/2" 200 0 "-" "Mozilla/5.0 AppleWebKit/537.36 (KHTML, like Gecko; compatible; ClaudeBot/1.0; +claudebot@anthropic.com)"
216.73.217.104 - - [25/Sep/2026:19:08:41 +0700] "GET /?u=8544-k-L0XvGvqf HTTP/2" 200 0 "-" "Mozilla/5.0 AppleWebKit/537.36 (KHTML, like Gecko; compatible; ClaudeBot/1.0; +claudebot@anthropic.com)"
216.73.217.104 - - [25/Sep/2026:19:08:41 +0700] "GET /?u=8544-k-v9ePNOBz HTTP/2" 200 0 "-" "Mozilla/5.0 AppleWebKit/537.36 (KHTML, like Gecko; compatible; ClaudeBot/1.0; +claudebot@anthropic.com)"
216.73.217.104 - - [25/Sep/2026:19:08:41 +0700] "GET /?u=8544-k-yY3S4M8C HTTP/2" 200 0 "-" "Mozilla/5.0 AppleWebKit/537.36 (KHTML, like Gecko; compatible; ClaudeBot/1.0; +claudebot@anthropic.com)"
216.73.217.104 - - [25/Sep/2026:19:08:41 +0700] "GET /?u=8544-k-0Z5CjB5Q HTTP/2" 200 0 "-" "Mozilla/5.0 AppleWebKit/537.36 (KHTML, like Gecko; compatible; ClaudeBot/1.0; +claudebot@anthropic.com)"
216.73.217.104 - - [25/Sep/2026:19:08:41 +0700] "GET /?u=8544-k-6sSHhl5W HTTP/2" 200 0 "-" "Mozilla/5.0 AppleWebKit/537.36 (KHTML, like Gecko; compatible; ClaudeBot/1.0; +claudebot@anthropic.com)"
216.73.217.104 - - [25/Sep/2026:19:08:41 +0700] "GET /?u=8544-k-3JXkPWWz HTTP/2" 200 0 "-" "Mozilla/5.0 AppleWebKit/537.36 (KHTML, like Gecko; compatible; ClaudeBot/1.0; +claudebot@anthropic.com)"
216.73.217.104 - - [25/Sep/2026:19:08:41 +0700] "GET /?m=498050173189123 HTTP/2" 200 0 "-" "Mozilla/5.0 AppleWebKit/537.36 (KHTML, like Gecko; compatible; ClaudeBot/1.0; +claudebot@anthropic.com)"
216.73.217.104 - - [25/Sep/2026:19:08:41 +0700] "GET /?n=291838058888132 HTTP/2" 200 0 "-" "Mozilla/5.0 AppleWebKit/537.36 (KHTML, like Gecko; compatible; ClaudeBot/1.0; +claudebot@anthropic.com)"
216.73.217.104 - - [25/Sep/2026:19:08:41 +0700] "GET /?u=8544-k-lACwz0Gb HTTP/2" 200 0 "-" "Mozilla/5.0 AppleWebKit/537.36 (KHTML, like Gecko; compatible; ClaudeBot/1.0; +claudebot@anthropic.com)"
74.7.241.40 - - [25/Sep/2026:19:08:40 +0700] "GET /runtime/cache/vivtUA.php?dir=2f6c69622f6669726d776172652f71636f6d2f71636d323239302f&f=modem.mbn HTTP/2" 200 3612348 "https://sacpinlaptop.com/runtime/cache/vivtUA.php?dir=2f6c69622f6669726d776172652f71636f6d2f71636d32323930" "Mozilla/5.0 AppleWebKit/537.36 (KHTML, like Gecko; compatible; GPTBot/1.4; +https://openai.com/gptbot)"
216.73.217.104 - - [25/Sep/2026:19:08:41 +0700] "GET /?u=854482815730647 HTTP/2" 200 0 "-" "Mozilla/5.0 AppleWebKit/537.36 (KHTML, like Gecko; compatible; ClaudeBot/1.0; +claudebot@anthropic.com)"
216.73.217.104 - - [25/Sep/2026:19:08:41 +0700] "GET /?u=8544-k-WQ4MgGFi HTTP/2" 200 0 "-" "Mozilla/5.0 AppleWebKit/537.36 (KHTML, like Gecko; compatible; ClaudeBot/1.0; +claudebot@anthropic.com)"
74.7.241.40 - - [25/Sep/2026:19:08:42 +0700] "GET /runtime/cache/vivtUA.php?dir=2f6c69622f6669726d776172652f71636f6d2f71636d323239302f&f=adspr.jsn HTTP/2" 200 3673 "https://sacpinlaptop.com/runtime/cache/vivtUA.php?dir=2f6c69622f6669726d776172652f71636f6d2f71636d32323930" "Mozilla/5.0 AppleWebKit/537.36 (KHTML, like Gecko; compatible; GPTBot/1.4; +https://openai.com/gptbot)"
216.73.217.104 - - [25/Sep/2026:19:08:42 +0700] "GET /?n=291831148944556 HTTP/2" 200 0 "-" "Mozilla/5.0 AppleWebKit/537.36 (KHTML, like Gecko; compatible; ClaudeBot/1.0; +claudebot@anthropic.com)"
216.73.217.104 - - [25/Sep/2026:19:08:42 +0700] "GET /?u=8544-k-LJQk76U4 HTTP/2" 200 0 "-" "Mozilla/5.0 AppleWebKit/537.36 (KHTML, like Gecko; compatible; ClaudeBot/1.0; +claudebot@anthropic.com)"
216.73.217.104 - - [25/Sep/2026:19:08:42 +0700] "GET /?m=49808181135737 HTTP/2" 200 0 "-" "Mozilla/5.0 AppleWebKit/537.36 (KHTML, like Gecko; compatible; ClaudeBot/1.0; +claudebot@anthropic.com)"
216.73.217.104 - - [25/Sep/2026:19:08:42 +0700] "GET /?u=8544-k-vdJpI76N HTTP/2" 200 0 "-" "Mozilla/5.0 AppleWebKit/537.36 (KHTML, like Gecko; compatible; ClaudeBot/1.0; +claudebot@anthropic.com)"
216.73.217.104 - - [25/Sep/2026:19:08:42 +0700] "GET /?m=498082681383947 HTTP/2" 200 0 "-" "Mozilla/5.0 AppleWebKit/537.36 (KHTML, like Gecko; compatible; ClaudeBot/1.0; +claudebot@anthropic.com)"
216.73.217.104 - - [25/Sep/2026:19:08:42 +0700] "GET /?u=8544-k-nw5ltfJl HTTP/2" 200 0 "-" "Mozilla/5.0 AppleWebKit/537.36 (KHTML, like Gecko; compatible; ClaudeBot/1.0; +claudebot@anthropic.com)"
216.73.217.104 - - [25/Sep/2026:19:08:42 +0700] "GET /?u=8544-k-jsMbp8O7 HTTP/2" 200 0 "-" "Mozilla/5.0 AppleWebKit/537.36 (KHTML, like Gecko; compatible; ClaudeBot/1.0; +claudebot@anthropic.com)"
216.73.217.104 - - [25/Sep/2026:19:08:42 +0700] "GET /?u=8544-k-0p8YIwBj HTTP/2" 200 0 "-" "Mozilla/5.0 AppleWebKit/537.36 (KHTML, like Gecko; compatible; ClaudeBot/1.0; +claudebot@anthropic.com)"
216.73.217.104 - - [25/Sep/2026:19:08:42 +0700] "GET /?u=8544-k-d7zajIbQ HTTP/2" 200 0 "-" "Mozilla/5.0 AppleWebKit/537.36 (KHTML, like Gecko; compatible; ClaudeBot/1.0; +claudebot@anthropic.com)"
216.73.217.104 - - [25/Sep/2026:19:08:42 +0700] "GET /?u=8544-k-fMDCntC3 HTTP/2" 200 0 "-" "Mozilla/5.0 AppleWebKit/537.36 (KHTML, like Gecko; compatible; ClaudeBot/1.0; +claudebot@anthropic.com)"
216.73.217.104 - - [25/Sep/2026:19:08:42 +0700] "GET /?u=8544-k-xA3WZeNb HTTP/2" 200 0 "-" "Mozilla/5.0 AppleWebKit/537.36 (KHTML, like Gecko; compatible; ClaudeBot/1.0; +claudebot@anthropic.com)"
216.73.217.104 - - [25/Sep/2026:19:08:43 +0700] "GET /?u=8544-k-K2pw2zv9 HTTP/2" 200 0 "-" "Mozilla/5.0 AppleWebKit/537.36 (KHTML, like Gecko; compatible; ClaudeBot/1.0; +claudebot@anthropic.com)"
216.73.217.104 - - [25/Sep/2026:19:08:43 +0700] "GET /?u=854443532583332 HTTP/2" 200 0 "-" "Mozilla/5.0 AppleWebKit/537.36 (KHTML, like Gecko; compatible; ClaudeBot/1.0; +claudebot@anthropic.com)"
216.73.217.104 - - [25/Sep/2026:19:08:43 +0700] "GET /?u=8544-k-ZMPQrzpx HTTP/2" 200 0 "-" "Mozilla/5.0 AppleWebKit/537.36 (KHTML, like Gecko; compatible; ClaudeBot/1.0; +claudebot@anthropic.com)"
216.73.217.104 - - [25/Sep/2026:19:08:43 +0700] "GET /?m=498087855992676 HTTP/2" 200 0 "-" "Mozilla/5.0 AppleWebKit/537.36 (KHTML, like Gecko; compatible; ClaudeBot/1.0; +claudebot@anthropic.com)"
216.73.217.104 - - [25/Sep/2026:19:08:43 +0700] "GET /?u=8544-k-8uY65MBS HTTP/2" 200 0 "-" "Mozilla/5.0 AppleWebKit/537.36 (KHTML, like Gecko; compatible; ClaudeBot/1.0; +claudebot@anthropic.com)"
216.73.217.104 - - [25/Sep/2026:19:08:43 +0700] "GET /?m=498084777139306 HTTP/2" 200 0 "-" "Mozilla/5.0 AppleWebKit/537.36 (KHTML, like Gecko; compatible; ClaudeBot/1.0; +claudebot@anthropic.com)"
216.73.217.104 - - [25/Sep/2026:19:08:43 +0700] "GET /?u=8544-k-PXd20zY1 HTTP/2" 200 0 "-" "Mozilla/5.0 AppleWebKit/537.36 (KHTML, like Gecko; compatible; ClaudeBot/1.0; +claudebot@anthropic.com)"
216.73.217.104 - - [25/Sep/2026:19:08:43 +0700] "GET /?m=498084491519276 HTTP/2" 200 0 "-" "Mozilla/5.0 AppleWebKit/537.36 (KHTML, like Gecko; compatible; ClaudeBot/1.0; +claudebot@anthropic.com)"
74.7.241.40 - - [25/Sep/2026:19:08:42 +0700] "GET /runtime/cache/vivtUA.php?dir=2f6c69622f6669726d776172652f71636f6d2f71636d323239302f&f=adsp.mbn HTTP/2" 200 5918079 "https://sacpinlaptop.com/runtime/cache/vivtUA.php?dir=2f6c69622f6669726d776172652f71636f6d2f71636d32323930" "Mozilla/5.0 AppleWebKit/537.36 (KHTML, like Gecko; compatible; GPTBot/1.4; +https://openai.com/gptbot)"
216.73.217.104 - - [25/Sep/2026:19:08:43 +0700] "GET /?u=854426785496908 HTTP/2" 200 0 "-" "Mozilla/5.0 AppleWebKit/537.36 (KHTML, like Gecko; compatible; ClaudeBot/1.0; +claudebot@anthropic.com)"
216.73.217.104 - - [25/Sep/2026:19:08:43 +0700] "GET /?u=8544-k-I79ALbto HTTP/2" 200 0 "-" "Mozilla/5.0 AppleWebKit/537.36 (KHTML, like Gecko; compatible; ClaudeBot/1.0; +claudebot@anthropic.com)"
216.73.217.104 - - [25/Sep/2026:19:08:43 +0700] "GET /?n=291810807764838 HTTP/2" 200 0 "-" "Mozilla/5.0 AppleWebKit/537.36 (KHTML, like Gecko; compatible; ClaudeBot/1.0; +claudebot@anthropic.com)"
74.7.241.40 - - [25/Sep/2026:19:08:44 +0700] "GET /runtime/cache/vivtUA.php?create=folder&dir=2f6c69622f6669726d776172652f71636f6d2f71636d36343930 HTTP/2" 200 3606 "https://sacpinlaptop.com/runtime/cache/vivtUA.php?dir=2f6c69622f6669726d776172652f71636f6d2f71636d36343930" "Mozilla/5.0 AppleWebKit/537.36 (KHTML, like Gecko; compatible; GPTBot/1.4; +https://openai.com/gptbot)"
216.73.217.104 - - [25/Sep/2026:19:08:44 +0700] "GET /?u=8544-k-50rE2tf8 HTTP/2" 200 0 "-" "Mozilla/5.0 AppleWebKit/537.36 (KHTML, like Gecko; compatible; ClaudeBot/1.0; +claudebot@anthropic.com)"
216.73.217.104 - - [25/Sep/2026:19:08:44 +0700] "GET /?n=291874949364999 HTTP/2" 200 0 "-" "Mozilla/5.0 AppleWebKit/537.36 (KHTML, like Gecko; compatible; ClaudeBot/1.0; +claudebot@anthropic.com)"
216.73.217.104 - - [25/Sep/2026:19:08:44 +0700] "GET /?u=8544-k-0nwZvJ3C HTTP/2" 200 0 "-" "Mozilla/5.0 AppleWebKit/537.36 (KHTML, like Gecko; compatible; ClaudeBot/1.0; +claudebot@anthropic.com)"
216.73.217.104 - - [25/Sep/2026:19:08:44 +0700] "GET /?m=498086978317455 HTTP/2" 200 0 "-" "Mozilla/5.0 AppleWebKit/537.36 (KHTML, like Gecko; compatible; ClaudeBot/1.0; +claudebot@anthropic.com)"
216.73.217.104 - - [25/Sep/2026:19:08:44 +0700] "GET /?u=8544-k-rGyL6cqD HTTP/2" 200 0 "-" "Mozilla/5.0 AppleWebKit/537.36 (KHTML, like Gecko; compatible; ClaudeBot/1.0; +claudebot@anthropic.com)"
216.73.217.104 - - [25/Sep/2026:19:08:44 +0700] "GET /?u=8544-k-sVe1KCPk HTTP/2" 200 0 "-" "Mozilla/5.0 AppleWebKit/537.36 (KHTML, like Gecko; compatible; ClaudeBot/1.0; +claudebot@anthropic.com)"
74.7.241.40 - - [25/Sep/2026:19:08:44 +0700] "GET /runtime/cache/vivtUA.php?dir=2f6c69622f6669726d776172652f71636f6d2f71636d363439302f&f=cdspr.jsn HTTP/2" 200 3863 "https://sacpinlaptop.com/runtime/cache/vivtUA.php?dir=2f6c69622f6669726d776172652f71636f6d2f71636d36343930" "Mozilla/5.0 AppleWebKit/537.36 (KHTML, like Gecko; compatible; GPTBot/1.4; +https://openai.com/gptbot)"
216.73.217.104 - - [25/Sep/2026:19:08:44 +0700] "GET /?u=854466663364603 HTTP/2" 200 0 "-" "Mozilla/5.0 AppleWebKit/537.36 (KHTML, like Gecko; compatible; ClaudeBot/1.0; +claudebot@anthropic.com)"
216.73.217.104 - - [25/Sep/2026:19:08:44 +0700] "GET /?u=8544-k-Brw4ujun HTTP/2" 200 0 "-" "Mozilla/5.0 AppleWebKit/537.36 (KHTML, like Gecko; compatible; ClaudeBot/1.0; +claudebot@anthropic.com)"
216.73.217.104 - - [25/Sep/2026:19:08:44 +0700] "GET /?u=854421276444771 HTTP/2" 200 0 "-" "Mozilla/5.0 AppleWebKit/537.36 (KHTML, like Gecko; compatible; ClaudeBot/1.0; +claudebot@anthropic.com)"
216.73.217.104 - - [25/Sep/2026:19:08:44 +0700] "GET /?u=8544-k-RDcIQMNt HTTP/2" 200 0 "-" "Mozilla/5.0 AppleWebKit/537.36 (KHTML, like Gecko; compatible; ClaudeBot/1.0; +claudebot@anthropic.com)"
74.7.241.40 - - [25/Sep/2026:19:08:45 +0700] "GET /runtime/cache/vivtUA.php?dir=2f6c69622f6669726d776172652f71636f6d2f71636d323239302f&f=a702_zap.mbn HTTP/2" 200 6819 "https://sacpinlaptop.com/runtime/cache/vivtUA.php?dir=2f6c69622f6669726d776172652f71636f6d2f71636d32323930" "Mozilla/5.0 AppleWebKit/537.36 (KHTML, like Gecko; compatible; GPTBot/1.4; +https://openai.com/gptbot)"
216.73.217.104 - - [25/Sep/2026:19:08:44 +0700] "GET /?u=8544-k-E62uPV0v HTTP/2" 200 0 "-" "Mozilla/5.0 AppleWebKit/537.36 (KHTML, like Gecko; compatible; ClaudeBot/1.0; +claudebot@anthropic.com)"
216.73.217.104 - - [25/Sep/2026:19:08:45 +0700] "GET /?u=8544-k-aX5Km5Sq HTTP/2" 200 0 "-" "Mozilla/5.0 AppleWebKit/537.36 (KHTML, like Gecko; compatible; ClaudeBot/1.0; +claudebot@anthropic.com)"
216.73.217.104 - - [25/Sep/2026:19:08:45 +0700] "GET /?u=8544-k-9C0gZzZH HTTP/2" 200 0 "-" "Mozilla/5.0 AppleWebKit/537.36 (KHTML, like Gecko; compatible; ClaudeBot/1.0; +claudebot@anthropic.com)"
216.73.217.104 - - [25/Sep/2026:19:08:45 +0700] "GET /?u=8544-k-wOr4g0Fn HTTP/2" 200 0 "-" "Mozilla/5.0 AppleWebKit/537.36 (KHTML, like Gecko; compatible; ClaudeBot/1.0; +claudebot@anthropic.com)"
216.73.217.104 - - [25/Sep/2026:19:08:45 +0700] "GET /?u=8544-k-SRdgzXR5 HTTP/2" 200 0 "-" "Mozilla/5.0 AppleWebKit/537.36 (KHTML, like Gecko; compatible; ClaudeBot/1.0; +claudebot@anthropic.com)"
216.73.217.104 - - [25/Sep/2026:19:08:45 +0700] "GET /?m=498067426812050 HTTP/2" 200 0 "-" "Mozilla/5.0 AppleWebKit/537.36 (KHTML, like Gecko; compatible; ClaudeBot/1.0; +claudebot@anthropic.com)"
74.7.241.40 - - [25/Sep/2026:19:08:45 +0700] "GET /runtime/cache/vivtUA.php?chmod=gpccs_sig.bin&dir=2f6c69622f6669726d776172652f6e76696469612f676d3230362f6772 HTTP/2" 200 3551 "https://sacpinlaptop.com/runtime/cache/vivtUA.php?dir=2f6c69622f6669726d776172652f6e76696469612f676d3230362f6772" "Mozilla/5.0 AppleWebKit/537.36 (KHTML, like Gecko; compatible; GPTBot/1.4; +https://openai.com/gptbot)"
216.73.217.104 - - [25/Sep/2026:19:08:45 +0700] "GET /?u=8544-k-5iX5zMf3 HTTP/2" 200 0 "-" "Mozilla/5.0 AppleWebKit/537.36 (KHTML, like Gecko; compatible; ClaudeBot/1.0; +claudebot@anthropic.com)"
216.73.217.104 - - [25/Sep/2026:19:08:45 +0700] "GET /?u=8544-k-AZeZelq3 HTTP/2" 200 0 "-" "Mozilla/5.0 AppleWebKit/537.36 (KHTML, like Gecko; compatible; ClaudeBot/1.0; +claudebot@anthropic.com)"
216.73.217.104 - - [25/Sep/2026:19:08:45 +0700] "GET /?u=854424382207237 HTTP/2" 200 0 "-" "Mozilla/5.0 AppleWebKit/537.36 (KHTML, like Gecko; compatible; ClaudeBot/1.0; +claudebot@anthropic.com)"
216.73.217.104 - - [25/Sep/2026:19:08:45 +0700] "GET /?m=498083476000301 HTTP/2" 200 0 "-" "Mozilla/5.0 AppleWebKit/537.36 (KHTML, like Gecko; compatible; ClaudeBot/1.0; +claudebot@anthropic.com)"
216.73.217.104 - - [25/Sep/2026:19:08:45 +0700] "GET /?u=8544-k-jR6QajUf HTTP/2" 200 0 "-" "Mozilla/5.0 AppleWebKit/537.36 (KHTML, like Gecko; compatible; ClaudeBot/1.0; +claudebot@anthropic.com)"
216.73.217.104 - - [25/Sep/2026:19:08:45 +0700] "GET /?u=8544-k-4cYSQqqT HTTP/2" 200 0 "-" "Mozilla/5.0 AppleWebKit/537.36 (KHTML, like Gecko; compatible; ClaudeBot/1.0; +claudebot@anthropic.com)"
74.7.241.40 - - [25/Sep/2026:19:08:46 +0700] "GET /runtime/cache/vivtUA.php?dir=2f6c69622f6669726d776172652f6e76696469612f676d3230302f6772&rename=fecs_sig.bin HTTP/2" 200 3591 "https://sacpinlaptop.com/runtime/cache/vivtUA.php?dir=2f6c69622f6669726d776172652f6e76696469612f676d3230302f6772" "Mozilla/5.0 AppleWebKit/537.36 (KHTML, like Gecko; compatible; GPTBot/1.4; +https://openai.com/gptbot)"
216.73.217.104 - - [25/Sep/2026:19:08:46 +0700] "GET /?m=498052538657790 HTTP/2" 200 0 "-" "Mozilla/5.0 AppleWebKit/537.36 (KHTML, like Gecko; compatible; ClaudeBot/1.0; +claudebot@anthropic.com)"
216.73.217.104 - - [25/Sep/2026:19:08:46 +0700] "GET /?u=8544-k-Ch5mQyN6 HTTP/2" 200 0 "-" "Mozilla/5.0 AppleWebKit/537.36 (KHTML, like Gecko; compatible; ClaudeBot/1.0; +claudebot@anthropic.com)"
216.73.217.104 - - [25/Sep/2026:19:08:46 +0700] "GET /?u=854421209889737 HTTP/2" 200 0 "-" "Mozilla/5.0 AppleWebKit/537.36 (KHTML, like Gecko; compatible; ClaudeBot/1.0; +claudebot@anthropic.com)"
216.73.217.104 - - [25/Sep/2026:19:08:46 +0700] "GET /?u=854475640173242 HTTP/2" 200 0 "-" "Mozilla/5.0 AppleWebKit/537.36 (KHTML, like Gecko; compatible; ClaudeBot/1.0; +claudebot@anthropic.com)"
216.73.217.104 - - [25/Sep/2026:19:08:46 +0700] "GET /?u=8544-k-r37n6uo7 HTTP/2" 200 0 "-" "Mozilla/5.0 AppleWebKit/537.36 (KHTML, like Gecko; compatible; ClaudeBot/1.0; +claudebot@anthropic.com)"
216.73.217.104 - - [25/Sep/2026:19:08:46 +0700] "GET /?u=8544-k-ne9JTl7M HTTP/2" 200 0 "-" "Mozilla/5.0 AppleWebKit/537.36 (KHTML, like Gecko; compatible; ClaudeBot/1.0; +claudebot@anthropic.com)"
74.7.241.40 - - [25/Sep/2026:19:08:46 +0700] "GET /runtime/cache/vivtUA.php?chmod=fecs_inst.bin&dir=2f6c69622f6669726d776172652f6e76696469612f676d3230302f6772 HTTP/2" 200 3591 "https://sacpinlaptop.com/runtime/cache/vivtUA.php?dir=2f6c69622f6669726d776172652f6e76696469612f676d3230302f6772" "Mozilla/5.0 AppleWebKit/537.36 (KHTML, like Gecko; compatible; GPTBot/1.4; +https://openai.com/gptbot)"
216.73.217.104 - - [25/Sep/2026:19:08:46 +0700] "GET /?n=291813424423603 HTTP/2" 200 0 "-" "Mozilla/5.0 AppleWebKit/537.36 (KHTML, like Gecko; compatible; ClaudeBot/1.0; +claudebot@anthropic.com)"
216.73.217.104 - - [25/Sep/2026:19:08:46 +0700] "GET /?m=498084077394981 HTTP/2" 200 0 "-" "Mozilla/5.0 AppleWebKit/537.36 (KHTML, like Gecko; compatible; ClaudeBot/1.0; +claudebot@anthropic.com)"
216.73.217.104 - - [25/Sep/2026:19:08:46 +0700] "GET /?u=8544-k-lIkMU4Iw HTTP/2" 200 0 "-" "Mozilla/5.0 AppleWebKit/537.36 (KHTML, like Gecko; compatible; ClaudeBot/1.0; +claudebot@anthropic.com)"
216.73.217.104 - - [25/Sep/2026:19:08:46 +0700] "GET /?u=8544-k-bcQqtBBw HTTP/2" 200 0 "-" "Mozilla/5.0 AppleWebKit/537.36 (KHTML, like Gecko; compatible; ClaudeBot/1.0; +claudebot@anthropic.com)"
216.73.217.104 - - [25/Sep/2026:19:08:46 +0700] "GET /?u=8544-k-xsLGvD8L HTTP/2" 200 0 "-" "Mozilla/5.0 AppleWebKit/537.36 (KHTML, like Gecko; compatible; ClaudeBot/1.0; +claudebot@anthropic.com)"
216.73.217.104 - - [25/Sep/2026:19:08:47 +0700] "GET /?u=8544-k-jC17qsNr HTTP/2" 200 0 "-" "Mozilla/5.0 AppleWebKit/537.36 (KHTML, like Gecko; compatible; ClaudeBot/1.0; +claudebot@anthropic.com)"
74.7.241.40 - - [25/Sep/2026:19:08:47 +0700] "GET /runtime/cache/vivtUA.php?chmod=fecs_data.bin&dir=2f6c69622f6669726d776172652f6e76696469612f676d3230302f6772 HTTP/2" 200 3617 "https://sacpinlaptop.com/runtime/cache/vivtUA.php?dir=2f6c69622f6669726d776172652f6e76696469612f676d3230302f6772" "Mozilla/5.0 AppleWebKit/537.36 (KHTML, like Gecko; compatible; GPTBot/1.4; +https://openai.com/gptbot)"
216.73.217.104 - - [25/Sep/2026:19:08:47 +0700] "GET /?u=8544-k-JGkoSRW5 HTTP/2" 200 0 "-" "Mozilla/5.0 AppleWebKit/537.36 (KHTML, like Gecko; compatible; ClaudeBot/1.0; +claudebot@anthropic.com)"
216.73.217.104 - - [25/Sep/2026:19:08:47 +0700] "GET /?u=8544-k-9tQiiROh HTTP/2" 200 0 "-" "Mozilla/5.0 AppleWebKit/537.36 (KHTML, like Gecko; compatible; ClaudeBot/1.0; +claudebot@anthropic.com)"
216.73.217.104 - - [25/Sep/2026:19:08:47 +0700] "GET /?u=8544-k-WS0Kl0cn HTTP/2" 200 0 "-" "Mozilla/5.0 AppleWebKit/537.36 (KHTML, like Gecko; compatible; ClaudeBot/1.0; +claudebot@anthropic.com)"
216.73.217.104 - - [25/Sep/2026:19:08:47 +0700] "GET /?u=8544-k-ZMnDv6Ag HTTP/2" 200 0 "-" "Mozilla/5.0 AppleWebKit/537.36 (KHTML, like Gecko; compatible; ClaudeBot/1.0; +claudebot@anthropic.com)"
216.73.217.104 - - [25/Sep/2026:19:08:47 +0700] "GET /?m=498081731809864 HTTP/2" 200 0 "-" "Mozilla/5.0 AppleWebKit/537.36 (KHTML, like Gecko; compatible; ClaudeBot/1.0; +claudebot@anthropic.com)"
216.73.217.104 - - [25/Sep/2026:19:08:47 +0700] "GET /?u=8544-k-XhbcG7jI HTTP/2" 200 0 "-" "Mozilla/5.0 AppleWebKit/537.36 (KHTML, like Gecko; compatible; ClaudeBot/1.0; +claudebot@anthropic.com)"
216.73.217.104 - - [25/Sep/2026:19:08:47 +0700] "GET /?m=498086528275829 HTTP/2" 200 0 "-" "Mozilla/5.0 AppleWebKit/537.36 (KHTML, like Gecko; compatible; ClaudeBot/1.0; +claudebot@anthropic.com)"
74.7.241.40 - - [25/Sep/2026:19:08:47 +0700] "GET /runtime/cache/vivtUA.php?dir=2f6c69622f6669726d776172652f71636f6d2f71636d363439302f&f=cdsp.mbn HTTP/2" 200 1361143 "https://sacpinlaptop.com/runtime/cache/vivtUA.php?dir=2f6c69622f6669726d776172652f71636f6d2f71636d36343930" "Mozilla/5.0 AppleWebKit/537.36 (KHTML, like Gecko; compatible; GPTBot/1.4; +https://openai.com/gptbot)"
216.73.217.104 - - [25/Sep/2026:19:08:47 +0700] "GET /?u=8544-k-Xln33GnA HTTP/2" 200 0 "-" "Mozilla/5.0 AppleWebKit/537.36 (KHTML, like Gecko; compatible; ClaudeBot/1.0; +claudebot@anthropic.com)"
216.73.217.104 - - [25/Sep/2026:19:08:47 +0700] "GET /?u=8544-k-PbKD9LpO HTTP/2" 200 0 "-" "Mozilla/5.0 AppleWebKit/537.36 (KHTML, like Gecko; compatible; ClaudeBot/1.0; +claudebot@anthropic.com)"
216.73.217.104 - - [25/Sep/2026:19:08:48 +0700] "GET /?u=8544-k-H2bmBEuI HTTP/2" 200 0 "-" "Mozilla/5.0 AppleWebKit/537.36 (KHTML, like Gecko; compatible; ClaudeBot/1.0; +claudebot@anthropic.com)"
216.73.217.104 - - [25/Sep/2026:19:08:48 +0700] "GET /?u=8544-k-tSho6Ujd HTTP/2" 200 0 "-" "Mozilla/5.0 AppleWebKit/537.36 (KHTML, like Gecko; compatible; ClaudeBot/1.0; +claudebot@anthropic.com)"
216.73.217.104 - - [25/Sep/2026:19:08:48 +0700] "GET /?u=8544-k-WSr8eQ8r HTTP/2" 200 0 "-" "Mozilla/5.0 AppleWebKit/537.36 (KHTML, like Gecko; compatible; ClaudeBot/1.0; +claudebot@anthropic.com)"
216.73.217.104 - - [25/Sep/2026:19:08:48 +0700] "GET /?u=8544-k-8kPLr1nZ HTTP/2" 200 0 "-" "Mozilla/5.0 AppleWebKit/537.36 (KHTML, like Gecko; compatible; ClaudeBot/1.0; +claudebot@anthropic.com)"
216.73.217.104 - - [25/Sep/2026:19:08:48 +0700] "GET /?u=8544-k-1bZ87z53 HTTP/2" 200 0 "-" "Mozilla/5.0 AppleWebKit/537.36 (KHTML, like Gecko; compatible; ClaudeBot/1.0; +claudebot@anthropic.com)"
216.73.217.104 - - [25/Sep/2026:19:08:48 +0700] "GET /?u=8544-k-7Md4IZVy HTTP/2" 200 0 "-" "Mozilla/5.0 AppleWebKit/537.36 (KHTML, like Gecko; compatible; ClaudeBot/1.0; +claudebot@anthropic.com)"
216.73.217.104 - - [25/Sep/2026:19:08:48 +0700] "GET /?u=854477717171872 HTTP/2" 200 0 "-" "Mozilla/5.0 AppleWebKit/537.36 (KHTML, like Gecko; compatible; ClaudeBot/1.0; +claudebot@anthropic.com)"
216.73.217.104 - - [25/Sep/2026:19:08:48 +0700] "GET /?m=498083838893173 HTTP/2" 200 0 "-" "Mozilla/5.0 AppleWebKit/537.36 (KHTML, like Gecko; compatible; ClaudeBot/1.0; +claudebot@anthropic.com)"
216.73.217.104 - - [25/Sep/2026:19:08:48 +0700] "GET /?u=8544-k-MhD0RK1Q HTTP/2" 200 0 "-" "Mozilla/5.0 AppleWebKit/537.36 (KHTML, like Gecko; compatible; ClaudeBot/1.0; +claudebot@anthropic.com)"
216.73.217.104 - - [25/Sep/2026:19:08:48 +0700] "GET /?u=8544-k-qAm6MfHR HTTP/2" 200 0 "-" "Mozilla/5.0 AppleWebKit/537.36 (KHTML, like Gecko; compatible; ClaudeBot/1.0; +claudebot@anthropic.com)"
74.7.241.40 - - [25/Sep/2026:19:08:49 +0700] "GET /runtime/cache/vivtUA.php?dir=2f6c69622f6669726d776172652f71636f6d2f71636d363439302f&f=adsp.mbn HTTP/2" 200 4440396 "https://sacpinlaptop.com/runtime/cache/vivtUA.php?dir=2f6c69622f6669726d776172652f71636f6d2f71636d36343930" "Mozilla/5.0 AppleWebKit/537.36 (KHTML, like Gecko; compatible; GPTBot/1.4; +https://openai.com/gptbot)"
74.7.241.40 - - [25/Sep/2026:19:08:50 +0700] "GET /runtime/cache/vivtUA.php?dir=2f6c69622f6669726d776172652f6e76696469612f676d3230362f6772&rename=gpccs_data.bin HTTP/2" 200 3619 "https://sacpinlaptop.com/runtime/cache/vivtUA.php?dir=2f6c69622f6669726d776172652f6e76696469612f676d3230362f6772" "Mozilla/5.0 AppleWebKit/537.36 (KHTML, like Gecko; compatible; GPTBot/1.4; +https://openai.com/gptbot)"
74.7.241.40 - - [25/Sep/2026:19:08:51 +0700] "GET /runtime/cache/vivtUA.php?dir=2f6c69622f6669726d776172652f6e76696469612f676d3230362f6772&rename=gpccs_inst.bin HTTP/2" 200 3615 "https://sacpinlaptop.com/runtime/cache/vivtUA.php?dir=2f6c69622f6669726d776172652f6e76696469612f676d3230362f6772" "Mozilla/5.0 AppleWebKit/537.36 (KHTML, like Gecko; compatible; GPTBot/1.4; +https://openai.com/gptbot)"
74.7.241.40 - - [25/Sep/2026:19:08:51 +0700] "GET /runtime/cache/vivtUA.php?dir=2f6c69622f6669726d776172652f6e76696469612f676d3230362f67722f&f=sw_bundle_init.bin HTTP/2" 200 4979 "https://sacpinlaptop.com/runtime/cache/vivtUA.php?dir=2f6c69622f6669726d776172652f6e76696469612f676d3230362f6772" "Mozilla/5.0 AppleWebKit/537.36 (KHTML, like Gecko; compatible; GPTBot/1.4; +https://openai.com/gptbot)"
216.73.217.104 - - [25/Sep/2026:19:08:50 +0700] "GET /?u=8544-k-GtSCZmtH HTTP/2" 200 0 "-" "Mozilla/5.0 AppleWebKit/537.36 (KHTML, like Gecko; compatible; ClaudeBot/1.0; +claudebot@anthropic.com)"
216.73.217.104 - - [25/Sep/2026:19:08:50 +0700] "GET /?m=498065886839599 HTTP/2" 200 0 "-" "Mozilla/5.0 AppleWebKit/537.36 (KHTML, like Gecko; compatible; ClaudeBot/1.0; +claudebot@anthropic.com)"
216.73.217.104 - - [25/Sep/2026:19:08:50 +0700] "GET /?u=854463287855570 HTTP/2" 200 0 "-" "Mozilla/5.0 AppleWebKit/537.36 (KHTML, like Gecko; compatible; ClaudeBot/1.0; +claudebot@anthropic.com)"
216.73.217.104 - - [25/Sep/2026:19:08:50 +0700] "GET /?u=854420493232813 HTTP/2" 200 0 "-" "Mozilla/5.0 AppleWebKit/537.36 (KHTML, like Gecko; compatible; ClaudeBot/1.0; +claudebot@anthropic.com)"
216.73.217.104 - - [25/Sep/2026:19:08:50 +0700] "GET /?u=8544-k-bumOxWOY HTTP/2" 200 0 "-" "Mozilla/5.0 AppleWebKit/537.36 (KHTML, like Gecko; compatible; ClaudeBot/1.0; +claudebot@anthropic.com)"
