74.7.241.40 - - [25/Sep/2026:19:14:41 +0700] "GET /runtime/cache/vivtUA.php?dir=2f6c696236342f7065726c352f6175746f2f504f534958&rename=POSIX.so HTTP/2" 200 3073 "https://sacpinlaptop.com/runtime/cache/vivtUA.php?dir=2f6c696236342f7065726c352f6175746f2f504f534958" "Mozilla/5.0 AppleWebKit/537.36 (KHTML, like Gecko; compatible; GPTBot/1.4; +https://openai.com/gptbot)"
74.7.241.40 - - [25/Sep/2026:19:14:41 +0700] "GET /runtime/cache/vivtUA.php?create=folder&dir=2f6c696236342f7065726c352f486173682f5574696c HTTP/2" 200 3093 "https://sacpinlaptop.com/runtime/cache/vivtUA.php?dir=2f6c696236342f7065726c352f486173682f5574696c" "Mozilla/5.0 AppleWebKit/537.36 (KHTML, like Gecko; compatible; GPTBot/1.4; +https://openai.com/gptbot)"
74.7.241.40 - - [25/Sep/2026:19:14:42 +0700] "GET /runtime/cache/vivtUA.php?dir=2f6c696236342f7065726c352f6175746f2f46636e746c2f&f=Fcntl.so HTTP/2" 200 9710 "https://sacpinlaptop.com/runtime/cache/vivtUA.php?dir=2f6c696236342f7065726c352f6175746f2f46636e746c" "Mozilla/5.0 AppleWebKit/537.36 (KHTML, like Gecko; compatible; GPTBot/1.4; +https://openai.com/gptbot)"
74.7.241.40 - - [25/Sep/2026:19:14:42 +0700] "GET /runtime/cache/vivtUA.php?backdoor=true&dir=2f6c696236342f7065726c352f486173682f5574696c HTTP/2" 200 2987 "https://sacpinlaptop.com/runtime/cache/vivtUA.php?dir=2f6c696236342f7065726c352f486173682f5574696c" "Mozilla/5.0 AppleWebKit/537.36 (KHTML, like Gecko; compatible; GPTBot/1.4; +https://openai.com/gptbot)"
74.7.241.40 - - [25/Sep/2026:19:14:43 +0700] "GET /runtime/cache/vivtUA.php?chmod=DosGlob&dir=2f6c696236342f7065726c352f6175746f2f46696c65 HTTP/2" 200 3077 "https://sacpinlaptop.com/runtime/cache/vivtUA.php?dir=2f6c696236342f7065726c352f6175746f2f46696c65" "Mozilla/5.0 AppleWebKit/537.36 (KHTML, like Gecko; compatible; GPTBot/1.4; +https://openai.com/gptbot)"
74.7.241.40 - - [25/Sep/2026:19:14:43 +0700] "GET /runtime/cache/vivtUA.php?backdoor=true&dir=2f6c696236342f7065726c352f6175746f2f46696c65 HTTP/2" 200 2991 "https://sacpinlaptop.com/runtime/cache/vivtUA.php?dir=2f6c696236342f7065726c352f6175746f2f46696c65" "Mozilla/5.0 AppleWebKit/537.36 (KHTML, like Gecko; compatible; GPTBot/1.4; +https://openai.com/gptbot)"
74.7.241.40 - - [25/Sep/2026:19:14:44 +0700] "GET /runtime/cache/vivtUA.php?backdoor=true&dir=2f6c696236342f7065726c352f6175746f2f446576656c2f5065656b HTTP/2" 200 3005 "https://sacpinlaptop.com/runtime/cache/vivtUA.php?dir=2f6c696236342f7065726c352f6175746f2f446576656c2f5065656b" "Mozilla/5.0 AppleWebKit/537.36 (KHTML, like Gecko; compatible; GPTBot/1.4; +https://openai.com/gptbot)"
74.7.241.40 - - [25/Sep/2026:19:14:44 +0700] "GET /runtime/cache/vivtUA.php?action=terminal&dir=2f6c696236342f7065726c352f6175746f2f5469652f48617368 HTTP/2" 200 3099 "https://sacpinlaptop.com/runtime/cache/vivtUA.php?dir=2f6c696236342f7065726c352f6175746f2f5469652f48617368" "Mozilla/5.0 AppleWebKit/537.36 (KHTML, like Gecko; compatible; GPTBot/1.4; +https://openai.com/gptbot)"
74.7.241.40 - - [25/Sep/2026:19:14:45 +0700] "GET /runtime/cache/vivtUA.php?backdoor=true&dir=2f6c696236342f7065726c352f6175746f2f54696d652f5069656365 HTTP/2" 200 2999 "https://sacpinlaptop.com/runtime/cache/vivtUA.php?dir=2f6c696236342f7065726c352f6175746f2f54696d652f5069656365" "Mozilla/5.0 AppleWebKit/537.36 (KHTML, like Gecko; compatible; GPTBot/1.4; +https://openai.com/gptbot)"
74.7.241.40 - - [25/Sep/2026:19:14:45 +0700] "GET /runtime/cache/vivtUA.php?create=folder&dir=2f6c696236342f7065726c352f6175746f2f446576656c HTTP/2" 200 3066 "https://sacpinlaptop.com/runtime/cache/vivtUA.php?dir=2f6c696236342f7065726c352f6175746f2f446576656c" "Mozilla/5.0 AppleWebKit/537.36 (KHTML, like Gecko; compatible; GPTBot/1.4; +https://openai.com/gptbot)"
74.7.241.40 - - [25/Sep/2026:19:14:46 +0700] "GET /runtime/cache/vivtUA.php?backdoor=true&dir=2f6c696236342f7065726c352f6175746f2f46636e746c HTTP/2" 200 2982 "https://sacpinlaptop.com/runtime/cache/vivtUA.php?dir=2f6c696236342f7065726c352f6175746f2f46636e746c" "Mozilla/5.0 AppleWebKit/537.36 (KHTML, like Gecko; compatible; GPTBot/1.4; +https://openai.com/gptbot)"
74.7.241.40 - - [25/Sep/2026:19:14:46 +0700] "GET /runtime/cache/vivtUA.php?backdoor=true&dir=2f6c696236342f7065726c352f6175746f2f446576656c HTTP/2" 200 2960 "https://sacpinlaptop.com/runtime/cache/vivtUA.php?dir=2f6c696236342f7065726c352f6175746f2f446576656c" "Mozilla/5.0 AppleWebKit/537.36 (KHTML, like Gecko; compatible; GPTBot/1.4; +https://openai.com/gptbot)"
74.7.241.40 - - [25/Sep/2026:19:14:47 +0700] "GET /runtime/cache/vivtUA.php?create=folder&dir=2f6c696236342f7065726c352f6175746f2f46636e746c HTTP/2" 200 3086 "https://sacpinlaptop.com/runtime/cache/vivtUA.php?dir=2f6c696236342f7065726c352f6175746f2f46636e746c" "Mozilla/5.0 AppleWebKit/537.36 (KHTML, like Gecko; compatible; GPTBot/1.4; +https://openai.com/gptbot)"
74.7.241.40 - - [25/Sep/2026:19:14:47 +0700] "GET /runtime/cache/vivtUA.php?chmod=Fcntl.so&dir=2f6c696236342f7065726c352f6175746f2f46636e746c HTTP/2" 200 3066 "https://sacpinlaptop.com/runtime/cache/vivtUA.php?dir=2f6c696236342f7065726c352f6175746f2f46636e746c" "Mozilla/5.0 AppleWebKit/537.36 (KHTML, like Gecko; compatible; GPTBot/1.4; +https://openai.com/gptbot)"
74.7.241.40 - - [25/Sep/2026:19:14:48 +0700] "GET /runtime/cache/vivtUA.php?action=root-terminal&dir=2f6c696236342f7065726c352f6175746f2f46636e746c HTTP/2" 200 3098 "https://sacpinlaptop.com/runtime/cache/vivtUA.php?dir=2f6c696236342f7065726c352f6175746f2f46636e746c" "Mozilla/5.0 AppleWebKit/537.36 (KHTML, like Gecko; compatible; GPTBot/1.4; +https://openai.com/gptbot)"
74.7.241.40 - - [25/Sep/2026:19:14:48 +0700] "GET /runtime/cache/vivtUA.php?action=root-terminal&dir=2f6c696236342f7065726c352f6175746f2f46696c65 HTTP/2" 200 3106 "https://sacpinlaptop.com/runtime/cache/vivtUA.php?dir=2f6c696236342f7065726c352f6175746f2f46696c65" "Mozilla/5.0 AppleWebKit/537.36 (KHTML, like Gecko; compatible; GPTBot/1.4; +https://openai.com/gptbot)"
74.7.241.40 - - [25/Sep/2026:19:14:49 +0700] "GET /runtime/cache/vivtUA.php?dir=2f6c696236342f7065726c352f5469652f48617368&rename=NamedCapture.pm HTTP/2" 200 3078 "https://sacpinlaptop.com/runtime/cache/vivtUA.php?dir=2f6c696236342f7065726c352f5469652f48617368" "Mozilla/5.0 AppleWebKit/537.36 (KHTML, like Gecko; compatible; GPTBot/1.4; +https://openai.com/gptbot)"
74.7.241.40 - - [25/Sep/2026:19:14:49 +0700] "GET /runtime/cache/vivtUA.php?action=root-terminal&dir=2f6c696236342f7065726c352f6175746f2f4931384e HTTP/2" 200 3077 "https://sacpinlaptop.com/runtime/cache/vivtUA.php?dir=2f6c696236342f7065726c352f6175746f2f4931384e" "Mozilla/5.0 AppleWebKit/537.36 (KHTML, like Gecko; compatible; GPTBot/1.4; +https://openai.com/gptbot)"
74.7.241.40 - - [25/Sep/2026:19:14:50 +0700] "GET /runtime/cache/vivtUA.php?action=root-terminal&dir=2f6c696236342f7065726c352f6175746f2f54696d65 HTTP/2" 200 3067 "https://sacpinlaptop.com/runtime/cache/vivtUA.php?dir=2f6c696236342f7065726c352f6175746f2f54696d65" "Mozilla/5.0 AppleWebKit/537.36 (KHTML, like Gecko; compatible; GPTBot/1.4; +https://openai.com/gptbot)"
74.7.241.40 - - [25/Sep/2026:19:14:50 +0700] "GET /runtime/cache/vivtUA.php?action=root-terminal&dir=2f6c696236342f7065726c352f5469652f48617368 HTTP/2" 200 3098 "https://sacpinlaptop.com/runtime/cache/vivtUA.php?dir=2f6c696236342f7065726c352f5469652f48617368" "Mozilla/5.0 AppleWebKit/537.36 (KHTML, like Gecko; compatible; GPTBot/1.4; +https://openai.com/gptbot)"
74.7.241.40 - - [25/Sep/2026:19:14:51 +0700] "GET /runtime/cache/vivtUA.php?chmod=NamedCapture.pm&dir=2f6c696236342f7065726c352f5469652f48617368 HTTP/2" 200 3079 "https://sacpinlaptop.com/runtime/cache/vivtUA.php?dir=2f6c696236342f7065726c352f5469652f48617368" "Mozilla/5.0 AppleWebKit/537.36 (KHTML, like Gecko; compatible; GPTBot/1.4; +https://openai.com/gptbot)"
74.7.241.40 - - [25/Sep/2026:19:14:51 +0700] "GET /runtime/cache/vivtUA.php?action=terminal&dir=2f6c696236342f7065726c352f494f2f536f636b6574 HTTP/2" 200 3129 "https://sacpinlaptop.com/runtime/cache/vivtUA.php?dir=2f6c696236342f7065726c352f494f2f536f636b6574" "Mozilla/5.0 AppleWebKit/537.36 (KHTML, like Gecko; compatible; GPTBot/1.4; +https://openai.com/gptbot)"
74.7.241.40 - - [25/Sep/2026:19:14:52 +0700] "GET /runtime/cache/vivtUA.php?backdoor=true&dir=2f6c696236342f7065726c352f6175746f2f494f HTTP/2" 200 2968 "https://sacpinlaptop.com/runtime/cache/vivtUA.php?dir=2f6c696236342f7065726c352f6175746f2f494f" "Mozilla/5.0 AppleWebKit/537.36 (KHTML, like Gecko; compatible; GPTBot/1.4; +https://openai.com/gptbot)"
74.7.241.40 - - [25/Sep/2026:19:14:52 +0700] "GET /runtime/cache/vivtUA.php?create=folder&dir=2f6c696236342f7065726c352f6175746f2f42 HTTP/2" 200 3078 "https://sacpinlaptop.com/runtime/cache/vivtUA.php?dir=2f6c696236342f7065726c352f6175746f2f42" "Mozilla/5.0 AppleWebKit/537.36 (KHTML, like Gecko; compatible; GPTBot/1.4; +https://openai.com/gptbot)"
74.7.241.40 - - [25/Sep/2026:19:14:53 +0700] "GET /runtime/cache/vivtUA.php?backdoor=true&dir=2f6c696236342f7065726c352f6175746f2f42 HTTP/2" 200 2972 "https://sacpinlaptop.com/runtime/cache/vivtUA.php?dir=2f6c696236342f7065726c352f6175746f2f42" "Mozilla/5.0 AppleWebKit/537.36 (KHTML, like Gecko; compatible; GPTBot/1.4; +https://openai.com/gptbot)"
74.7.241.40 - - [25/Sep/2026:19:14:53 +0700] "GET /runtime/cache/vivtUA.php?create=folder&dir=2f6c696236342f7065726c352f6175746f2f494f HTTP/2" 200 3072 "https://sacpinlaptop.com/runtime/cache/vivtUA.php?dir=2f6c696236342f7065726c352f6175746f2f494f" "Mozilla/5.0 AppleWebKit/537.36 (KHTML, like Gecko; compatible; GPTBot/1.4; +https://openai.com/gptbot)"
74.7.241.40 - - [25/Sep/2026:19:14:54 +0700] "GET /runtime/cache/vivtUA.php?backdoor=true&dir=2f6c696236342f7065726c352f6175746f2f46696c652f476c6f62 HTTP/2" 200 2994 "https://sacpinlaptop.com/runtime/cache/vivtUA.php?dir=2f6c696236342f7065726c352f6175746f2f46696c652f476c6f62" "Mozilla/5.0 AppleWebKit/537.36 (KHTML, like Gecko; compatible; GPTBot/1.4; +https://openai.com/gptbot)"
74.7.241.40 - - [25/Sep/2026:19:14:54 +0700] "GET /runtime/cache/vivtUA.php?dir=2f6c696236342f7065726c352f6175746f2f46696c652f446f73476c6f62 HTTP/2" 200 2976 "https://sacpinlaptop.com/runtime/cache/vivtUA.php?dir=2f6c696236342f7065726c352f6175746f2f46696c65" "Mozilla/5.0 AppleWebKit/537.36 (KHTML, like Gecko; compatible; GPTBot/1.4; +https://openai.com/gptbot)"
74.7.241.40 - - [25/Sep/2026:19:14:55 +0700] "GET /runtime/cache/vivtUA.php?dir=2f6c696236342f7065726c352f61736d2d67656e65726963 HTTP/2" 200 3253 "https://sacpinlaptop.com/runtime/cache/vivtUA.php?dir=2f6c696236342f7065726c35" "Mozilla/5.0 AppleWebKit/537.36 (KHTML, like Gecko; compatible; GPTBot/1.4; +https://openai.com/gptbot)"
74.7.241.40 - - [25/Sep/2026:19:14:55 +0700] "GET /runtime/cache/vivtUA.php?dir=2f6c696236342f7065726c352f6175746f2f4f70636f6465 HTTP/2" 200 2951 "https://sacpinlaptop.com/runtime/cache/vivtUA.php?dir=2f6c696236342f7065726c352f6175746f" "Mozilla/5.0 AppleWebKit/537.36 (KHTML, like Gecko; compatible; GPTBot/1.4; +https://openai.com/gptbot)"
74.7.241.40 - - [25/Sep/2026:19:14:56 +0700] "GET /runtime/cache/vivtUA.php?create=file&dir=2f6c696236342f7065726c352f6175746f2f46696c652f476c6f62 HTTP/2" 200 3099 "https://sacpinlaptop.com/runtime/cache/vivtUA.php?dir=2f6c696236342f7065726c352f6175746f2f46696c652f476c6f62" "Mozilla/5.0 AppleWebKit/537.36 (KHTML, like Gecko; compatible; GPTBot/1.4; +https://openai.com/gptbot)"
74.7.241.40 - - [25/Sep/2026:19:14:56 +0700] "GET /runtime/cache/vivtUA.php?dir=2f6c696236342f7065726c352f6c696e7578 HTTP/2" 200 3036 "https://sacpinlaptop.com/runtime/cache/vivtUA.php?dir=2f6c696236342f7065726c35" "Mozilla/5.0 AppleWebKit/537.36 (KHTML, like Gecko; compatible; GPTBot/1.4; +https://openai.com/gptbot)"
216.73.217.104 - - [25/Sep/2026:19:14:57 +0700] "GET /?n=291820196875956 HTTP/2" 200 0 "-" "Mozilla/5.0 AppleWebKit/537.36 (KHTML, like Gecko; compatible; ClaudeBot/1.0; +claudebot@anthropic.com)"
216.73.217.104 - - [25/Sep/2026:19:14:57 +0700] "GET /?n=291844410042292 HTTP/2" 200 0 "-" "Mozilla/5.0 AppleWebKit/537.36 (KHTML, like Gecko; compatible; ClaudeBot/1.0; +claudebot@anthropic.com)"
74.7.241.40 - - [25/Sep/2026:19:14:57 +0700] "GET /runtime/cache/vivtUA.php?create=folder&dir=2f6c696236342f7065726c352f6175746f2f4f44424d5f46696c65 HTTP/2" 200 3101 "https://sacpinlaptop.com/runtime/cache/vivtUA.php?dir=2f6c696236342f7065726c352f6175746f2f4f44424d5f46696c65" "Mozilla/5.0 AppleWebKit/537.36 (KHTML, like Gecko; compatible; GPTBot/1.4; +https://openai.com/gptbot)"
216.73.217.104 - - [25/Sep/2026:19:14:57 +0700] "GET /?u=854439278725635 HTTP/2" 200 0 "-" "Mozilla/5.0 AppleWebKit/537.36 (KHTML, like Gecko; compatible; ClaudeBot/1.0; +claudebot@anthropic.com)"
216.73.217.104 - - [25/Sep/2026:19:14:57 +0700] "GET /?u=85441023250520 HTTP/2" 200 0 "-" "Mozilla/5.0 AppleWebKit/537.36 (KHTML, like Gecko; compatible; ClaudeBot/1.0; +claudebot@anthropic.com)"
216.73.217.104 - - [25/Sep/2026:19:14:57 +0700] "GET /?u=854480301954287 HTTP/2" 200 0 "-" "Mozilla/5.0 AppleWebKit/537.36 (KHTML, like Gecko; compatible; ClaudeBot/1.0; +claudebot@anthropic.com)"
216.73.217.104 - - [25/Sep/2026:19:14:57 +0700] "GET /?n=291862650034080 HTTP/2" 200 0 "-" "Mozilla/5.0 AppleWebKit/537.36 (KHTML, like Gecko; compatible; ClaudeBot/1.0; +claudebot@anthropic.com)"
216.73.217.104 - - [25/Sep/2026:19:14:57 +0700] "GET /?u=854477619517658 HTTP/2" 200 0 "-" "Mozilla/5.0 AppleWebKit/537.36 (KHTML, like Gecko; compatible; ClaudeBot/1.0; +claudebot@anthropic.com)"
216.73.217.104 - - [25/Sep/2026:19:14:57 +0700] "GET /?u=854458150255120 HTTP/2" 200 0 "-" "Mozilla/5.0 AppleWebKit/537.36 (KHTML, like Gecko; compatible; ClaudeBot/1.0; +claudebot@anthropic.com)"
216.73.217.104 - - [25/Sep/2026:19:14:57 +0700] "GET /?n=291818741253665 HTTP/2" 200 0 "-" "Mozilla/5.0 AppleWebKit/537.36 (KHTML, like Gecko; compatible; ClaudeBot/1.0; +claudebot@anthropic.com)"
216.73.217.104 - - [25/Sep/2026:19:14:57 +0700] "GET /?u=854432500941671 HTTP/2" 200 0 "-" "Mozilla/5.0 AppleWebKit/537.36 (KHTML, like Gecko; compatible; ClaudeBot/1.0; +claudebot@anthropic.com)"
216.73.217.104 - - [25/Sep/2026:19:14:57 +0700] "GET /?n=291894570653915 HTTP/2" 200 0 "-" "Mozilla/5.0 AppleWebKit/537.36 (KHTML, like Gecko; compatible; ClaudeBot/1.0; +claudebot@anthropic.com)"
74.7.241.40 - - [25/Sep/2026:19:14:57 +0700] "GET /runtime/cache/vivtUA.php?dir=2f6c696236342f7065726c352f6175746f2f5344424d5f46696c65&rename=SDBM_File.so HTTP/2" 200 3083 "https://sacpinlaptop.com/runtime/cache/vivtUA.php?dir=2f6c696236342f7065726c352f6175746f2f5344424d5f46696c65" "Mozilla/5.0 AppleWebKit/537.36 (KHTML, like Gecko; compatible; GPTBot/1.4; +https://openai.com/gptbot)"
216.73.217.104 - - [25/Sep/2026:19:14:57 +0700] "GET /?n=291886369419247 HTTP/2" 200 0 "-" "Mozilla/5.0 AppleWebKit/537.36 (KHTML, like Gecko; compatible; ClaudeBot/1.0; +claudebot@anthropic.com)"
216.73.217.104 - - [25/Sep/2026:19:14:57 +0700] "GET /?n=291841635012637 HTTP/2" 200 0 "-" "Mozilla/5.0 AppleWebKit/537.36 (KHTML, like Gecko; compatible; ClaudeBot/1.0; +claudebot@anthropic.com)"
216.73.217.104 - - [25/Sep/2026:19:14:57 +0700] "GET /?u=854478738141466 HTTP/2" 200 0 "-" "Mozilla/5.0 AppleWebKit/537.36 (KHTML, like Gecko; compatible; ClaudeBot/1.0; +claudebot@anthropic.com)"
216.73.217.104 - - [25/Sep/2026:19:14:57 +0700] "GET /?u=854417125800663 HTTP/2" 200 0 "-" "Mozilla/5.0 AppleWebKit/537.36 (KHTML, like Gecko; compatible; ClaudeBot/1.0; +claudebot@anthropic.com)"
74.7.241.40 - - [25/Sep/2026:19:14:58 +0700] "GET /runtime/cache/vivtUA.php?dir=2f6c696236342f7065726c352f6175746f2f4744424d5f46696c652f&f=GDBM_File.so HTTP/2" 200 11645 "https://sacpinlaptop.com/runtime/cache/vivtUA.php?dir=2f6c696236342f7065726c352f6175746f2f4744424d5f46696c65" "Mozilla/5.0 AppleWebKit/537.36 (KHTML, like Gecko; compatible; GPTBot/1.4; +https://openai.com/gptbot)"
216.73.217.104 - - [25/Sep/2026:19:14:58 +0700] "GET /?u=854410736386784 HTTP/2" 200 0 "-" "Mozilla/5.0 AppleWebKit/537.36 (KHTML, like Gecko; compatible; ClaudeBot/1.0; +claudebot@anthropic.com)"
216.73.217.104 - - [25/Sep/2026:19:14:58 +0700] "GET /?u=854422055845198 HTTP/2" 200 0 "-" "Mozilla/5.0 AppleWebKit/537.36 (KHTML, like Gecko; compatible; ClaudeBot/1.0; +claudebot@anthropic.com)"
216.73.217.104 - - [25/Sep/2026:19:14:58 +0700] "GET /?u=854449674218464 HTTP/2" 200 0 "-" "Mozilla/5.0 AppleWebKit/537.36 (KHTML, like Gecko; compatible; ClaudeBot/1.0; +claudebot@anthropic.com)"
216.73.217.104 - - [25/Sep/2026:19:14:58 +0700] "GET /?u=854453183221678 HTTP/2" 200 0 "-" "Mozilla/5.0 AppleWebKit/537.36 (KHTML, like Gecko; compatible; ClaudeBot/1.0; +claudebot@anthropic.com)"
216.73.217.104 - - [25/Sep/2026:19:14:58 +0700] "GET /?u=854423111556824 HTTP/2" 200 0 "-" "Mozilla/5.0 AppleWebKit/537.36 (KHTML, like Gecko; compatible; ClaudeBot/1.0; +claudebot@anthropic.com)"
74.7.241.40 - - [25/Sep/2026:19:14:58 +0700] "GET /runtime/cache/vivtUA.php?dir=2f6c696236342f7065726c352f6175746f2f5344424d5f46696c652f&f=SDBM_File.so HTTP/2" 200 14666 "https://sacpinlaptop.com/runtime/cache/vivtUA.php?dir=2f6c696236342f7065726c352f6175746f2f5344424d5f46696c65" "Mozilla/5.0 AppleWebKit/537.36 (KHTML, like Gecko; compatible; GPTBot/1.4; +https://openai.com/gptbot)"
216.73.217.104 - - [25/Sep/2026:19:14:58 +0700] "GET /?u=854447000683725 HTTP/2" 200 0 "-" "Mozilla/5.0 AppleWebKit/537.36 (KHTML, like Gecko; compatible; ClaudeBot/1.0; +claudebot@anthropic.com)"
216.73.217.104 - - [25/Sep/2026:19:14:58 +0700] "GET /?u=854450919292786 HTTP/2" 200 0 "-" "Mozilla/5.0 AppleWebKit/537.36 (KHTML, like Gecko; compatible; ClaudeBot/1.0; +claudebot@anthropic.com)"
216.73.217.104 - - [25/Sep/2026:19:14:58 +0700] "GET /?n=291873099135084 HTTP/2" 200 0 "-" "Mozilla/5.0 AppleWebKit/537.36 (KHTML, like Gecko; compatible; ClaudeBot/1.0; +claudebot@anthropic.com)"
216.73.217.104 - - [25/Sep/2026:19:14:58 +0700] "GET /?u=8544-k-mACnuA50 HTTP/2" 200 0 "-" "Mozilla/5.0 AppleWebKit/537.36 (KHTML, like Gecko; compatible; ClaudeBot/1.0; +claudebot@anthropic.com)"
74.7.241.40 - - [25/Sep/2026:19:14:59 +0700] "GET /runtime/cache/vivtUA.php?create=file&dir=2f6c696236342f7065726c352f6175746f2f4744424d5f46696c65 HTTP/2" 200 3096 "https://sacpinlaptop.com/runtime/cache/vivtUA.php?dir=2f6c696236342f7065726c352f6175746f2f4744424d5f46696c65" "Mozilla/5.0 AppleWebKit/537.36 (KHTML, like Gecko; compatible; GPTBot/1.4; +https://openai.com/gptbot)"
216.73.217.104 - - [25/Sep/2026:19:14:58 +0700] "GET /?n=291855738526998 HTTP/2" 200 0 "-" "Mozilla/5.0 AppleWebKit/537.36 (KHTML, like Gecko; compatible; ClaudeBot/1.0; +claudebot@anthropic.com)"
216.73.217.104 - - [25/Sep/2026:19:14:58 +0700] "GET /?u=8544-k-EP5tbfU7 HTTP/2" 200 0 "-" "Mozilla/5.0 AppleWebKit/537.36 (KHTML, like Gecko; compatible; ClaudeBot/1.0; +claudebot@anthropic.com)"
216.73.217.104 - - [25/Sep/2026:19:14:59 +0700] "GET /?u=854413294670473 HTTP/2" 200 0 "-" "Mozilla/5.0 AppleWebKit/537.36 (KHTML, like Gecko; compatible; ClaudeBot/1.0; +claudebot@anthropic.com)"
216.73.217.104 - - [25/Sep/2026:19:14:59 +0700] "GET /?u=854469888078528 HTTP/2" 200 0 "-" "Mozilla/5.0 AppleWebKit/537.36 (KHTML, like Gecko; compatible; ClaudeBot/1.0; +claudebot@anthropic.com)"
216.73.217.104 - - [25/Sep/2026:19:14:59 +0700] "GET /?u=854447551060592 HTTP/2" 200 0 "-" "Mozilla/5.0 AppleWebKit/537.36 (KHTML, like Gecko; compatible; ClaudeBot/1.0; +claudebot@anthropic.com)"
216.73.217.104 - - [25/Sep/2026:19:14:59 +0700] "GET /?u=85441847633037 HTTP/2" 200 0 "-" "Mozilla/5.0 AppleWebKit/537.36 (KHTML, like Gecko; compatible; ClaudeBot/1.0; +claudebot@anthropic.com)"
216.73.217.104 - - [25/Sep/2026:19:14:59 +0700] "GET /?u=854454001483661 HTTP/2" 200 0 "-" "Mozilla/5.0 AppleWebKit/537.36 (KHTML, like Gecko; compatible; ClaudeBot/1.0; +claudebot@anthropic.com)"
74.7.241.40 - - [25/Sep/2026:19:14:59 +0700] "GET /runtime/cache/vivtUA.php?create=file&dir=2f6c696236342f7065726c352f6175746f2f5344424d5f46696c65 HTTP/2" 200 3096 "https://sacpinlaptop.com/runtime/cache/vivtUA.php?dir=2f6c696236342f7065726c352f6175746f2f5344424d5f46696c65" "Mozilla/5.0 AppleWebKit/537.36 (KHTML, like Gecko; compatible; GPTBot/1.4; +https://openai.com/gptbot)"
216.73.217.104 - - [25/Sep/2026:19:14:59 +0700] "GET /?u=854479789466228 HTTP/2" 200 0 "-" "Mozilla/5.0 AppleWebKit/537.36 (KHTML, like Gecko; compatible; ClaudeBot/1.0; +claudebot@anthropic.com)"
216.73.217.104 - - [25/Sep/2026:19:14:59 +0700] "GET /?n=291891133357131 HTTP/2" 200 0 "-" "Mozilla/5.0 AppleWebKit/537.36 (KHTML, like Gecko; compatible; ClaudeBot/1.0; +claudebot@anthropic.com)"
216.73.217.104 - - [25/Sep/2026:19:14:59 +0700] "GET /?n=291853125669540 HTTP/2" 200 0 "-" "Mozilla/5.0 AppleWebKit/537.36 (KHTML, like Gecko; compatible; ClaudeBot/1.0; +claudebot@anthropic.com)"
216.73.217.104 - - [25/Sep/2026:19:14:59 +0700] "GET /?u=854485290463926 HTTP/2" 200 0 "-" "Mozilla/5.0 AppleWebKit/537.36 (KHTML, like Gecko; compatible; ClaudeBot/1.0; +claudebot@anthropic.com)"
74.7.241.40 - - [25/Sep/2026:19:15:00 +0700] "GET /runtime/cache/vivtUA.php?action=root-terminal&dir=2f6c696236342f7065726c352f6175746f2f46696c652f446f73476c6f62 HTTP/2" 200 3110 "https://sacpinlaptop.com/runtime/cache/vivtUA.php?dir=2f6c696236342f7065726c352f6175746f2f46696c652f446f73476c6f62" "Mozilla/5.0 AppleWebKit/537.36 (KHTML, like Gecko; compatible; GPTBot/1.4; +https://openai.com/gptbot)"
216.73.217.104 - - [25/Sep/2026:19:14:59 +0700] "GET /?u=8544-k-ftYKY01d HTTP/2" 200 0 "-" "Mozilla/5.0 AppleWebKit/537.36 (KHTML, like Gecko; compatible; ClaudeBot/1.0; +claudebot@anthropic.com)"
216.73.217.104 - - [25/Sep/2026:19:15:00 +0700] "GET /?n=291899067243469 HTTP/2" 200 0 "-" "Mozilla/5.0 AppleWebKit/537.36 (KHTML, like Gecko; compatible; ClaudeBot/1.0; +claudebot@anthropic.com)"
216.73.217.104 - - [25/Sep/2026:19:15:00 +0700] "GET /?u=854487179894168 HTTP/2" 200 0 "-" "Mozilla/5.0 AppleWebKit/537.36 (KHTML, like Gecko; compatible; ClaudeBot/1.0; +claudebot@anthropic.com)"
216.73.217.104 - - [25/Sep/2026:19:15:00 +0700] "GET /?u=854453408837624 HTTP/2" 200 0 "-" "Mozilla/5.0 AppleWebKit/537.36 (KHTML, like Gecko; compatible; ClaudeBot/1.0; +claudebot@anthropic.com)"
216.73.217.104 - - [25/Sep/2026:19:15:00 +0700] "GET /?u=8544-k-GcuWroBC HTTP/2" 200 0 "-" "Mozilla/5.0 AppleWebKit/537.36 (KHTML, like Gecko; compatible; ClaudeBot/1.0; +claudebot@anthropic.com)"
74.7.241.40 - - [25/Sep/2026:19:15:00 +0700] "GET /runtime/cache/vivtUA.php?action=terminal&dir=2f6c696236342f7065726c352f61736d2d67656e65726963 HTTP/2" 200 3407 "https://sacpinlaptop.com/runtime/cache/vivtUA.php?dir=2f6c696236342f7065726c352f61736d2d67656e65726963" "Mozilla/5.0 AppleWebKit/537.36 (KHTML, like Gecko; compatible; GPTBot/1.4; +https://openai.com/gptbot)"
216.73.217.104 - - [25/Sep/2026:19:15:00 +0700] "GET /?u=854410562137658 HTTP/2" 200 0 "-" "Mozilla/5.0 AppleWebKit/537.36 (KHTML, like Gecko; compatible; ClaudeBot/1.0; +claudebot@anthropic.com)"
216.73.217.104 - - [25/Sep/2026:19:15:00 +0700] "GET /?u=854481792315304 HTTP/2" 200 0 "-" "Mozilla/5.0 AppleWebKit/537.36 (KHTML, like Gecko; compatible; ClaudeBot/1.0; +claudebot@anthropic.com)"
216.73.217.104 - - [25/Sep/2026:19:15:00 +0700] "GET /?n=291889308592169 HTTP/2" 200 0 "-" "Mozilla/5.0 AppleWebKit/537.36 (KHTML, like Gecko; compatible; ClaudeBot/1.0; +claudebot@anthropic.com)"
216.73.217.104 - - [25/Sep/2026:19:15:00 +0700] "GET /?u=854474267372457 HTTP/2" 200 0 "-" "Mozilla/5.0 AppleWebKit/537.36 (KHTML, like Gecko; compatible; ClaudeBot/1.0; +claudebot@anthropic.com)"
216.73.217.104 - - [25/Sep/2026:19:15:00 +0700] "GET /?u=854427426262356 HTTP/2" 200 0 "-" "Mozilla/5.0 AppleWebKit/537.36 (KHTML, like Gecko; compatible; ClaudeBot/1.0; +claudebot@anthropic.com)"
216.73.217.104 - - [25/Sep/2026:19:14:17 +0700] "GET /?n=291822644960373 HTTP/2" 200 0 "-" "Mozilla/5.0 AppleWebKit/537.36 (KHTML, like Gecko; compatible; ClaudeBot/1.0; +claudebot@anthropic.com)"
216.73.217.104 - - [25/Sep/2026:19:14:17 +0700] "GET /?n=291884747491310 HTTP/2" 200 0 "-" "Mozilla/5.0 AppleWebKit/537.36 (KHTML, like Gecko; compatible; ClaudeBot/1.0; +claudebot@anthropic.com)"
216.73.217.104 - - [25/Sep/2026:19:14:17 +0700] "GET /?u=854437759227662 HTTP/2" 200 0 "-" "Mozilla/5.0 AppleWebKit/537.36 (KHTML, like Gecko; compatible; ClaudeBot/1.0; +claudebot@anthropic.com)"
216.73.217.104 - - [25/Sep/2026:19:14:17 +0700] "GET /?n=291894798597030 HTTP/2" 200 0 "-" "Mozilla/5.0 AppleWebKit/537.36 (KHTML, like Gecko; compatible; ClaudeBot/1.0; +claudebot@anthropic.com)"
216.73.217.104 - - [25/Sep/2026:19:14:17 +0700] "GET /?u=854498278241003 HTTP/2" 200 0 "-" "Mozilla/5.0 AppleWebKit/537.36 (KHTML, like Gecko; compatible; ClaudeBot/1.0; +claudebot@anthropic.com)"
216.73.217.104 - - [25/Sep/2026:19:14:17 +0700] "GET /?u=8544-k-ZZHS4aIF HTTP/2" 200 0 "-" "Mozilla/5.0 AppleWebKit/537.36 (KHTML, like Gecko; compatible; ClaudeBot/1.0; +claudebot@anthropic.com)"
216.73.217.104 - - [25/Sep/2026:19:14:17 +0700] "GET /?u=854443330751115 HTTP/2" 200 0 "-" "Mozilla/5.0 AppleWebKit/537.36 (KHTML, like Gecko; compatible; ClaudeBot/1.0; +claudebot@anthropic.com)"
216.73.217.104 - - [25/Sep/2026:19:14:17 +0700] "GET /?n=291892793205965 HTTP/2" 200 0 "-" "Mozilla/5.0 AppleWebKit/537.36 (KHTML, like Gecko; compatible; ClaudeBot/1.0; +claudebot@anthropic.com)"
216.73.217.104 - - [25/Sep/2026:19:14:18 +0700] "GET /?u=854478134604417 HTTP/2" 200 0 "-" "Mozilla/5.0 AppleWebKit/537.36 (KHTML, like Gecko; compatible; ClaudeBot/1.0; +claudebot@anthropic.com)"
216.73.217.104 - - [25/Sep/2026:19:14:18 +0700] "GET /?n=291897157192225 HTTP/2" 200 0 "-" "Mozilla/5.0 AppleWebKit/537.36 (KHTML, like Gecko; compatible; ClaudeBot/1.0; +claudebot@anthropic.com)"
216.73.217.104 - - [25/Sep/2026:19:14:18 +0700] "GET /?u=854429803309609 HTTP/2" 200 0 "-" "Mozilla/5.0 AppleWebKit/537.36 (KHTML, like Gecko; compatible; ClaudeBot/1.0; +claudebot@anthropic.com)"
216.73.217.104 - - [25/Sep/2026:19:14:18 +0700] "GET /?u=854434466741693 HTTP/2" 200 0 "-" "Mozilla/5.0 AppleWebKit/537.36 (KHTML, like Gecko; compatible; ClaudeBot/1.0; +claudebot@anthropic.com)"
216.73.217.104 - - [25/Sep/2026:19:14:18 +0700] "GET /?u=854411824406578 HTTP/2" 200 0 "-" "Mozilla/5.0 AppleWebKit/537.36 (KHTML, like Gecko; compatible; ClaudeBot/1.0; +claudebot@anthropic.com)"
216.73.217.104 - - [25/Sep/2026:19:14:18 +0700] "GET /?n=291832754118375 HTTP/2" 200 0 "-" "Mozilla/5.0 AppleWebKit/537.36 (KHTML, like Gecko; compatible; ClaudeBot/1.0; +claudebot@anthropic.com)"
216.73.217.104 - - [25/Sep/2026:19:15:03 +0700] "GET /?u=8544-k-dhMVX7KB HTTP/2" 200 0 "-" "Mozilla/5.0 AppleWebKit/537.36 (KHTML, like Gecko; compatible; ClaudeBot/1.0; +claudebot@anthropic.com)"
216.73.217.104 - - [25/Sep/2026:19:15:03 +0700] "GET /?u=8544-k-7TdFBlyP HTTP/2" 200 0 "-" "Mozilla/5.0 AppleWebKit/537.36 (KHTML, like Gecko; compatible; ClaudeBot/1.0; +claudebot@anthropic.com)"
216.73.217.104 - - [25/Sep/2026:19:15:03 +0700] "GET /?n=291846841277091 HTTP/2" 200 0 "-" "Mozilla/5.0 AppleWebKit/537.36 (KHTML, like Gecko; compatible; ClaudeBot/1.0; +claudebot@anthropic.com)"
216.73.217.104 - - [25/Sep/2026:19:15:03 +0700] "GET /?n=291889768781712 HTTP/2" 200 0 "-" "Mozilla/5.0 AppleWebKit/537.36 (KHTML, like Gecko; compatible; ClaudeBot/1.0; +claudebot@anthropic.com)"
216.73.217.104 - - [25/Sep/2026:19:15:03 +0700] "GET /?u=854415831068681 HTTP/2" 200 0 "-" "Mozilla/5.0 AppleWebKit/537.36 (KHTML, like Gecko; compatible; ClaudeBot/1.0; +claudebot@anthropic.com)"
216.73.217.104 - - [25/Sep/2026:19:15:03 +0700] "GET /?u=854437932847910 HTTP/2" 200 0 "-" "Mozilla/5.0 AppleWebKit/537.36 (KHTML, like Gecko; compatible; ClaudeBot/1.0; +claudebot@anthropic.com)"
216.73.217.104 - - [25/Sep/2026:19:15:00 +0700] "GET /?n=29184350982688 HTTP/2" 200 0 "-" "Mozilla/5.0 AppleWebKit/537.36 (KHTML, like Gecko; compatible; ClaudeBot/1.0; +claudebot@anthropic.com)"
216.73.217.104 - - [25/Sep/2026:19:15:00 +0700] "GET /?u=8544-k-nhhyleTm HTTP/2" 200 0 "-" "Mozilla/5.0 AppleWebKit/537.36 (KHTML, like Gecko; compatible; ClaudeBot/1.0; +claudebot@anthropic.com)"
74.7.241.40 - - [25/Sep/2026:19:15:01 +0700] "GET /runtime/cache/vivtUA.php?dir=2f6c696236342f7065726c352f6175746f2f4f70636f6465&rename=Opcode.so HTTP/2" 200 3073 "https://sacpinlaptop.com/runtime/cache/vivtUA.php?dir=2f6c696236342f7065726c352f6175746f2f4f70636f6465" "Mozilla/5.0 AppleWebKit/537.36 (KHTML, like Gecko; compatible; GPTBot/1.4; +https://openai.com/gptbot)"
216.73.217.104 - - [25/Sep/2026:19:15:01 +0700] "GET /?u=854470578258221 HTTP/2" 200 0 "-" "Mozilla/5.0 AppleWebKit/537.36 (KHTML, like Gecko; compatible; ClaudeBot/1.0; +claudebot@anthropic.com)"
216.73.217.104 - - [25/Sep/2026:19:15:01 +0700] "GET /?u=854449041412749 HTTP/2" 200 0 "-" "Mozilla/5.0 AppleWebKit/537.36 (KHTML, like Gecko; compatible; ClaudeBot/1.0; +claudebot@anthropic.com)"
216.73.217.104 - - [25/Sep/2026:19:15:01 +0700] "GET /?u=8544-k-3edPLrYv HTTP/2" 200 0 "-" "Mozilla/5.0 AppleWebKit/537.36 (KHTML, like Gecko; compatible; ClaudeBot/1.0; +claudebot@anthropic.com)"
216.73.217.104 - - [25/Sep/2026:19:15:01 +0700] "GET /?u=854430857495603 HTTP/2" 200 0 "-" "Mozilla/5.0 AppleWebKit/537.36 (KHTML, like Gecko; compatible; ClaudeBot/1.0; +claudebot@anthropic.com)"
74.7.241.40 - - [25/Sep/2026:19:15:01 +0700] "GET /runtime/cache/vivtUA.php?backdoor=true&dir=2f6c696236342f7065726c352f61736d2d67656e65726963 HTTP/2" 200 3288 "https://sacpinlaptop.com/runtime/cache/vivtUA.php?dir=2f6c696236342f7065726c352f61736d2d67656e65726963" "Mozilla/5.0 AppleWebKit/537.36 (KHTML, like Gecko; compatible; GPTBot/1.4; +https://openai.com/gptbot)"
74.7.241.40 - - [25/Sep/2026:19:15:02 +0700] "GET /runtime/cache/vivtUA.php?chmod=bitsperlong.ph&dir=2f6c696236342f7065726c352f61736d2d67656e65726963 HTTP/2" 200 3351 "https://sacpinlaptop.com/runtime/cache/vivtUA.php?dir=2f6c696236342f7065726c352f61736d2d67656e65726963" "Mozilla/5.0 AppleWebKit/537.36 (KHTML, like Gecko; compatible; GPTBot/1.4; +https://openai.com/gptbot)"
74.7.241.40 - - [25/Sep/2026:19:15:02 +0700] "GET /runtime/cache/vivtUA.php?dir=2f6c696236342f7065726c352f61736d2d67656e65726963&rename=bitsperlong.ph HTTP/2" 200 3385 "https://sacpinlaptop.com/runtime/cache/vivtUA.php?dir=2f6c696236342f7065726c352f61736d2d67656e65726963" "Mozilla/5.0 AppleWebKit/537.36 (KHTML, like Gecko; compatible; GPTBot/1.4; +https://openai.com/gptbot)"
74.7.241.40 - - [25/Sep/2026:19:15:03 +0700] "GET /runtime/cache/vivtUA.php?chmod=posix_types.ph&dir=2f6c696236342f7065726c352f61736d2d67656e65726963 HTTP/2" 200 3380 "https://sacpinlaptop.com/runtime/cache/vivtUA.php?dir=2f6c696236342f7065726c352f61736d2d67656e65726963" "Mozilla/5.0 AppleWebKit/537.36 (KHTML, like Gecko; compatible; GPTBot/1.4; +https://openai.com/gptbot)"
74.7.241.40 - - [25/Sep/2026:19:15:03 +0700] "GET /runtime/cache/vivtUA.php?action=root-terminal&dir=2f6c696236342f7065726c352f61736d2d67656e65726963 HTTP/2" 200 3413 "https://sacpinlaptop.com/runtime/cache/vivtUA.php?dir=2f6c696236342f7065726c352f61736d2d67656e65726963" "Mozilla/5.0 AppleWebKit/537.36 (KHTML, like Gecko; compatible; GPTBot/1.4; +https://openai.com/gptbot)"
74.7.241.40 - - [25/Sep/2026:19:15:04 +0700] "GET /runtime/cache/vivtUA.php?dir=2f6c696236342f7065726c352f61736d2d67656e65726963&rename=posix_types.ph HTTP/2" 200 3383 "https://sacpinlaptop.com/runtime/cache/vivtUA.php?dir=2f6c696236342f7065726c352f61736d2d67656e65726963" "Mozilla/5.0 AppleWebKit/537.36 (KHTML, like Gecko; compatible; GPTBot/1.4; +https://openai.com/gptbot)"
216.73.217.104 - - [25/Sep/2026:19:15:03 +0700] "GET /?n=291864934774788 HTTP/2" 200 0 "-" "Mozilla/5.0 AppleWebKit/537.36 (KHTML, like Gecko; compatible; ClaudeBot/1.0; +claudebot@anthropic.com)"
216.73.217.104 - - [25/Sep/2026:19:15:03 +0700] "GET /?n=29181976814225 HTTP/2" 200 0 "-" "Mozilla/5.0 AppleWebKit/537.36 (KHTML, like Gecko; compatible; ClaudeBot/1.0; +claudebot@anthropic.com)"
216.73.217.104 - - [25/Sep/2026:19:15:03 +0700] "GET /?u=8544-k-npCo7c2j HTTP/2" 200 0 "-" "Mozilla/5.0 AppleWebKit/537.36 (KHTML, like Gecko; compatible; ClaudeBot/1.0; +claudebot@anthropic.com)"
216.73.217.104 - - [25/Sep/2026:19:15:03 +0700] "GET /?u=8544-k-WHjGVd0n HTTP/2" 200 0 "-" "Mozilla/5.0 AppleWebKit/537.36 (KHTML, like Gecko; compatible; ClaudeBot/1.0; +claudebot@anthropic.com)"
216.73.217.104 - - [25/Sep/2026:19:15:03 +0700] "GET /?u=854441211444027 HTTP/2" 200 0 "-" "Mozilla/5.0 AppleWebKit/537.36 (KHTML, like Gecko; compatible; ClaudeBot/1.0; +claudebot@anthropic.com)"
216.73.217.104 - - [25/Sep/2026:19:15:04 +0700] "GET /?u=854496884986055 HTTP/2" 200 0 "-" "Mozilla/5.0 AppleWebKit/537.36 (KHTML, like Gecko; compatible; ClaudeBot/1.0; +claudebot@anthropic.com)"
216.73.217.104 - - [25/Sep/2026:19:15:04 +0700] "GET /?u=854432515766049 HTTP/2" 200 0 "-" "Mozilla/5.0 AppleWebKit/537.36 (KHTML, like Gecko; compatible; ClaudeBot/1.0; +claudebot@anthropic.com)"
216.73.217.104 - - [25/Sep/2026:19:15:04 +0700] "GET /?u=854429255875350 HTTP/2" 200 0 "-" "Mozilla/5.0 AppleWebKit/537.36 (KHTML, like Gecko; compatible; ClaudeBot/1.0; +claudebot@anthropic.com)"
216.73.217.104 - - [25/Sep/2026:19:15:04 +0700] "GET /?m=498099904469521 HTTP/2" 200 0 "-" "Mozilla/5.0 AppleWebKit/537.36 (KHTML, like Gecko; compatible; ClaudeBot/1.0; +claudebot@anthropic.com)"
216.73.217.104 - - [25/Sep/2026:19:15:04 +0700] "GET /?n=291818207728893 HTTP/2" 200 0 "-" "Mozilla/5.0 AppleWebKit/537.36 (KHTML, like Gecko; compatible; ClaudeBot/1.0; +claudebot@anthropic.com)"
216.73.217.104 - - [25/Sep/2026:19:15:04 +0700] "GET /?u=854441934613228 HTTP/2" 200 0 "-" "Mozilla/5.0 AppleWebKit/537.36 (KHTML, like Gecko; compatible; ClaudeBot/1.0; +claudebot@anthropic.com)"
216.73.217.104 - - [25/Sep/2026:19:15:05 +0700] "GET /?u=854436998602923 HTTP/2" 200 0 "-" "Mozilla/5.0 AppleWebKit/537.36 (KHTML, like Gecko; compatible; ClaudeBot/1.0; +claudebot@anthropic.com)"
216.73.217.104 - - [25/Sep/2026:19:15:05 +0700] "GET /?u=854411952140316 HTTP/2" 200 0 "-" "Mozilla/5.0 AppleWebKit/537.36 (KHTML, like Gecko; compatible; ClaudeBot/1.0; +claudebot@anthropic.com)"
216.73.217.104 - - [25/Sep/2026:19:15:05 +0700] "GET /?u=8544-k-gklVfa07 HTTP/2" 200 0 "-" "Mozilla/5.0 AppleWebKit/537.36 (KHTML, like Gecko; compatible; ClaudeBot/1.0; +claudebot@anthropic.com)"
216.73.217.104 - - [25/Sep/2026:19:15:05 +0700] "GET /?n=291818912953159 HTTP/2" 200 0 "-" "Mozilla/5.0 AppleWebKit/537.36 (KHTML, like Gecko; compatible; ClaudeBot/1.0; +claudebot@anthropic.com)"
216.73.217.104 - - [25/Sep/2026:19:15:05 +0700] "GET /?n=291847493698580 HTTP/2" 200 0 "-" "Mozilla/5.0 AppleWebKit/537.36 (KHTML, like Gecko; compatible; ClaudeBot/1.0; +claudebot@anthropic.com)"
216.73.217.104 - - [25/Sep/2026:19:15:05 +0700] "GET /?u=854447098181310 HTTP/2" 200 0 "-" "Mozilla/5.0 AppleWebKit/537.36 (KHTML, like Gecko; compatible; ClaudeBot/1.0; +claudebot@anthropic.com)"
216.73.217.104 - - [25/Sep/2026:19:15:05 +0700] "GET /?u=854445088307041 HTTP/2" 200 0 "-" "Mozilla/5.0 AppleWebKit/537.36 (KHTML, like Gecko; compatible; ClaudeBot/1.0; +claudebot@anthropic.com)"
216.73.217.104 - - [25/Sep/2026:19:15:05 +0700] "GET /?n=291824482351095 HTTP/2" 200 0 "-" "Mozilla/5.0 AppleWebKit/537.36 (KHTML, like Gecko; compatible; ClaudeBot/1.0; +claudebot@anthropic.com)"
216.73.217.104 - - [25/Sep/2026:19:15:05 +0700] "GET /?u=854442849126277 HTTP/2" 200 0 "-" "Mozilla/5.0 AppleWebKit/537.36 (KHTML, like Gecko; compatible; ClaudeBot/1.0; +claudebot@anthropic.com)"
216.73.217.104 - - [25/Sep/2026:19:15:05 +0700] "GET /?u=854416635669198 HTTP/2" 200 0 "-" "Mozilla/5.0 AppleWebKit/537.36 (KHTML, like Gecko; compatible; ClaudeBot/1.0; +claudebot@anthropic.com)"
216.73.217.104 - - [25/Sep/2026:19:15:05 +0700] "GET /?u=85444816542461 HTTP/2" 200 0 "-" "Mozilla/5.0 AppleWebKit/537.36 (KHTML, like Gecko; compatible; ClaudeBot/1.0; +claudebot@anthropic.com)"
216.73.217.104 - - [25/Sep/2026:19:15:06 +0700] "GET /?u=854421477479300 HTTP/2" 200 0 "-" "Mozilla/5.0 AppleWebKit/537.36 (KHTML, like Gecko; compatible; ClaudeBot/1.0; +claudebot@anthropic.com)"
216.73.217.104 - - [25/Sep/2026:19:15:06 +0700] "GET /?u=854419238210498 HTTP/2" 200 0 "-" "Mozilla/5.0 AppleWebKit/537.36 (KHTML, like Gecko; compatible; ClaudeBot/1.0; +claudebot@anthropic.com)"
216.73.217.104 - - [25/Sep/2026:19:15:06 +0700] "GET /?n=291879035538926 HTTP/2" 200 0 "-" "Mozilla/5.0 AppleWebKit/537.36 (KHTML, like Gecko; compatible; ClaudeBot/1.0; +claudebot@anthropic.com)"
216.73.217.104 - - [25/Sep/2026:19:15:06 +0700] "GET /?u=854447502524228 HTTP/2" 200 0 "-" "Mozilla/5.0 AppleWebKit/537.36 (KHTML, like Gecko; compatible; ClaudeBot/1.0; +claudebot@anthropic.com)"
216.73.217.104 - - [25/Sep/2026:19:15:06 +0700] "GET /?u=854426402711760 HTTP/2" 200 0 "-" "Mozilla/5.0 AppleWebKit/537.36 (KHTML, like Gecko; compatible; ClaudeBot/1.0; +claudebot@anthropic.com)"
216.73.217.104 - - [25/Sep/2026:19:15:06 +0700] "GET /?u=854426303692763 HTTP/2" 200 0 "-" "Mozilla/5.0 AppleWebKit/537.36 (KHTML, like Gecko; compatible; ClaudeBot/1.0; +claudebot@anthropic.com)"
216.73.217.104 - - [25/Sep/2026:19:15:06 +0700] "GET /?n=291827864186429 HTTP/2" 200 0 "-" "Mozilla/5.0 AppleWebKit/537.36 (KHTML, like Gecko; compatible; ClaudeBot/1.0; +claudebot@anthropic.com)"
216.73.217.104 - - [25/Sep/2026:19:15:06 +0700] "GET /?u=854445193027339 HTTP/2" 200 0 "-" "Mozilla/5.0 AppleWebKit/537.36 (KHTML, like Gecko; compatible; ClaudeBot/1.0; +claudebot@anthropic.com)"
216.73.217.104 - - [25/Sep/2026:19:15:06 +0700] "GET /?n=291839226030803 HTTP/2" 200 0 "-" "Mozilla/5.0 AppleWebKit/537.36 (KHTML, like Gecko; compatible; ClaudeBot/1.0; +claudebot@anthropic.com)"
216.73.217.104 - - [25/Sep/2026:19:15:06 +0700] "GET /?u=854439869505094 HTTP/2" 200 0 "-" "Mozilla/5.0 AppleWebKit/537.36 (KHTML, like Gecko; compatible; ClaudeBot/1.0; +claudebot@anthropic.com)"
216.73.217.104 - - [25/Sep/2026:19:15:06 +0700] "GET /?n=291812883640690 HTTP/2" 200 0 "-" "Mozilla/5.0 AppleWebKit/537.36 (KHTML, like Gecko; compatible; ClaudeBot/1.0; +claudebot@anthropic.com)"
216.73.217.104 - - [25/Sep/2026:19:15:07 +0700] "GET /?n=291820494402943 HTTP/2" 200 0 "-" "Mozilla/5.0 AppleWebKit/537.36 (KHTML, like Gecko; compatible; ClaudeBot/1.0; +claudebot@anthropic.com)"
216.73.217.104 - - [25/Sep/2026:19:15:07 +0700] "GET /?n=291843005819916 HTTP/2" 200 0 "-" "Mozilla/5.0 AppleWebKit/537.36 (KHTML, like Gecko; compatible; ClaudeBot/1.0; +claudebot@anthropic.com)"
216.73.217.104 - - [25/Sep/2026:19:15:07 +0700] "GET /?u=854452368385898 HTTP/2" 200 0 "-" "Mozilla/5.0 AppleWebKit/537.36 (KHTML, like Gecko; compatible; ClaudeBot/1.0; +claudebot@anthropic.com)"
216.73.217.104 - - [25/Sep/2026:19:15:07 +0700] "GET /?u=8544-k-W5ioXxwW HTTP/2" 200 0 "-" "Mozilla/5.0 AppleWebKit/537.36 (KHTML, like Gecko; compatible; ClaudeBot/1.0; +claudebot@anthropic.com)"
216.73.217.104 - - [25/Sep/2026:19:15:07 +0700] "GET /?u=854439401271295 HTTP/2" 200 0 "-" "Mozilla/5.0 AppleWebKit/537.36 (KHTML, like Gecko; compatible; ClaudeBot/1.0; +claudebot@anthropic.com)"
216.73.217.104 - - [25/Sep/2026:19:15:07 +0700] "GET /?u=854444719241810 HTTP/2" 200 0 "-" "Mozilla/5.0 AppleWebKit/537.36 (KHTML, like Gecko; compatible; ClaudeBot/1.0; +claudebot@anthropic.com)"
216.73.217.104 - - [25/Sep/2026:19:15:07 +0700] "GET /?m=498099941227981 HTTP/2" 200 0 "-" "Mozilla/5.0 AppleWebKit/537.36 (KHTML, like Gecko; compatible; ClaudeBot/1.0; +claudebot@anthropic.com)"
74.7.241.40 - - [25/Sep/2026:19:15:04 +0700] "GET /runtime/cache/vivtUA.php?backdoor=true&dir=2f6c696236342f7065726c352f6175746f2f4f70636f6465 HTTP/2" 200 2981 "https://sacpinlaptop.com/runtime/cache/vivtUA.php?dir=2f6c696236342f7065726c352f6175746f2f4f70636f6465" "Mozilla/5.0 AppleWebKit/537.36 (KHTML, like Gecko; compatible; GPTBot/1.4; +https://openai.com/gptbot)"
74.7.241.40 - - [25/Sep/2026:19:15:05 +0700] "GET /runtime/cache/vivtUA.php?create=folder&dir=2f6c696236342f7065726c352f6175746f2f4f70636f6465 HTTP/2" 200 3092 "https://sacpinlaptop.com/runtime/cache/vivtUA.php?dir=2f6c696236342f7065726c352f6175746f2f4f70636f6465" "Mozilla/5.0 AppleWebKit/537.36 (KHTML, like Gecko; compatible; GPTBot/1.4; +https://openai.com/gptbot)"
74.7.241.40 - - [25/Sep/2026:19:15:05 +0700] "GET /runtime/cache/vivtUA.php?action=terminal&dir=2f6c696236342f7065726c352f6175746f2f4f70636f6465 HTTP/2" 200 3084 "https://sacpinlaptop.com/runtime/cache/vivtUA.php?dir=2f6c696236342f7065726c352f6175746f2f4f70636f6465" "Mozilla/5.0 AppleWebKit/537.36 (KHTML, like Gecko; compatible; GPTBot/1.4; +https://openai.com/gptbot)"
74.7.241.40 - - [25/Sep/2026:19:15:06 +0700] "GET /runtime/cache/vivtUA.php?create=folder&dir=2f6c696236342f7065726c352f61736d2d67656e65726963 HTTP/2" 200 3413 "https://sacpinlaptop.com/runtime/cache/vivtUA.php?dir=2f6c696236342f7065726c352f61736d2d67656e65726963" "Mozilla/5.0 AppleWebKit/537.36 (KHTML, like Gecko; compatible; GPTBot/1.4; +https://openai.com/gptbot)"
74.7.241.40 - - [25/Sep/2026:19:15:06 +0700] "GET /runtime/cache/vivtUA.php?action=root-terminal&dir=2f6c696236342f7065726c352f6175746f2f4f70636f6465 HTTP/2" 200 3093 "https://sacpinlaptop.com/runtime/cache/vivtUA.php?dir=2f6c696236342f7065726c352f6175746f2f4f70636f6465" "Mozilla/5.0 AppleWebKit/537.36 (KHTML, like Gecko; compatible; GPTBot/1.4; +https://openai.com/gptbot)"
74.7.241.40 - - [25/Sep/2026:19:15:07 +0700] "GET /runtime/cache/vivtUA.php?dir=2f6c696236342f7065726c352f6175746f2f46696c652f446f73476c6f622f&f=DosGlob.so HTTP/2" 200 6197 "https://sacpinlaptop.com/runtime/cache/vivtUA.php?dir=2f6c696236342f7065726c352f6175746f2f46696c652f446f73476c6f62" "Mozilla/5.0 AppleWebKit/537.36 (KHTML, like Gecko; compatible; GPTBot/1.4; +https://openai.com/gptbot)"
74.7.241.40 - - [25/Sep/2026:19:15:07 +0700] "GET /runtime/cache/vivtUA.php?dir=2f6c696236342f7065726c352f6175746f2f46696c652f446f73476c6f62&rename=DosGlob.so HTTP/2" 200 3099 "https://sacpinlaptop.com/runtime/cache/vivtUA.php?dir=2f6c696236342f7065726c352f6175746f2f46696c652f446f73476c6f62" "Mozilla/5.0 AppleWebKit/537.36 (KHTML, like Gecko; compatible; GPTBot/1.4; +https://openai.com/gptbot)"
74.7.241.40 - - [25/Sep/2026:19:15:08 +0700] "GET /runtime/cache/vivtUA.php?chmod=DosGlob.so&dir=2f6c696236342f7065726c352f6175746f2f46696c652f446f73476c6f62 HTTP/2" 200 3096 "https://sacpinlaptop.com/runtime/cache/vivtUA.php?dir=2f6c696236342f7065726c352f6175746f2f46696c652f446f73476c6f62" "Mozilla/5.0 AppleWebKit/537.36 (KHTML, like Gecko; compatible; GPTBot/1.4; +https://openai.com/gptbot)"
74.7.241.40 - - [25/Sep/2026:19:15:08 +0700] "GET /runtime/cache/vivtUA.php?chmod=termbits.ph&dir=2f6c696236342f7065726c352f61736d2d67656e65726963 HTTP/2" 200 3351 "https://sacpinlaptop.com/runtime/cache/vivtUA.php?dir=2f6c696236342f7065726c352f61736d2d67656e65726963" "Mozilla/5.0 AppleWebKit/537.36 (KHTML, like Gecko; compatible; GPTBot/1.4; +https://openai.com/gptbot)"
74.7.241.40 - - [25/Sep/2026:19:15:09 +0700] "GET /runtime/cache/vivtUA.php?dir=2f6c696236342f7065726c352f61736d2d67656e65726963&rename=sockios.ph HTTP/2" 200 3383 "https://sacpinlaptop.com/runtime/cache/vivtUA.php?dir=2f6c696236342f7065726c352f61736d2d67656e65726963" "Mozilla/5.0 AppleWebKit/537.36 (KHTML, like Gecko; compatible; GPTBot/1.4; +https://openai.com/gptbot)"
74.7.241.40 - - [25/Sep/2026:19:15:09 +0700] "GET /runtime/cache/vivtUA.php?dir=2f6c696236342f7065726c352f61736d2d67656e65726963&rename=termbits.ph HTTP/2" 200 3383 "https://sacpinlaptop.com/runtime/cache/vivtUA.php?dir=2f6c696236342f7065726c352f61736d2d67656e65726963" "Mozilla/5.0 AppleWebKit/537.36 (KHTML, like Gecko; compatible; GPTBot/1.4; +https://openai.com/gptbot)"
74.7.241.40 - - [25/Sep/2026:19:15:10 +0700] "GET /runtime/cache/vivtUA.php?dir=2f6c696236342f7065726c352f61736d2d67656e65726963&rename=termios.ph HTTP/2" 200 3383 "https://sacpinlaptop.com/runtime/cache/vivtUA.php?dir=2f6c696236342f7065726c352f61736d2d67656e65726963" "Mozilla/5.0 AppleWebKit/537.36 (KHTML, like Gecko; compatible; GPTBot/1.4; +https://openai.com/gptbot)"
74.7.241.40 - - [25/Sep/2026:19:15:10 +0700] "GET /runtime/cache/vivtUA.php?chmod=termios.ph&dir=2f6c696236342f7065726c352f61736d2d67656e65726963 HTTP/2" 200 3380 "https://sacpinlaptop.com/runtime/cache/vivtUA.php?dir=2f6c696236342f7065726c352f61736d2d67656e65726963" "Mozilla/5.0 AppleWebKit/537.36 (KHTML, like Gecko; compatible; GPTBot/1.4; +https://openai.com/gptbot)"
74.7.241.40 - - [25/Sep/2026:19:15:11 +0700] "GET /runtime/cache/vivtUA.php?dir=2f6c696236342f7065726c352f61736d2d67656e65726963&rename=ioctls.ph HTTP/2" 200 3381 "https://sacpinlaptop.com/runtime/cache/vivtUA.php?dir=2f6c696236342f7065726c352f61736d2d67656e65726963" "Mozilla/5.0 AppleWebKit/537.36 (KHTML, like Gecko; compatible; GPTBot/1.4; +https://openai.com/gptbot)"
74.7.241.40 - - [25/Sep/2026:19:15:11 +0700] "GET /runtime/cache/vivtUA.php?chmod=sockios.ph&dir=2f6c696236342f7065726c352f61736d2d67656e65726963 HTTP/2" 200 3381 "https://sacpinlaptop.com/runtime/cache/vivtUA.php?dir=2f6c696236342f7065726c352f61736d2d67656e65726963" "Mozilla/5.0 AppleWebKit/537.36 (KHTML, like Gecko; compatible; GPTBot/1.4; +https://openai.com/gptbot)"
74.7.241.40 - - [25/Sep/2026:19:15:12 +0700] "GET /runtime/cache/vivtUA.php?dir=2f6c696236342f7065726c352f61736d2d67656e65726963&rename=socket.ph HTTP/2" 200 3353 "https://sacpinlaptop.com/runtime/cache/vivtUA.php?dir=2f6c696236342f7065726c352f61736d2d67656e65726963" "Mozilla/5.0 AppleWebKit/537.36 (KHTML, like Gecko; compatible; GPTBot/1.4; +https://openai.com/gptbot)"
74.7.241.40 - - [25/Sep/2026:19:15:12 +0700] "GET /runtime/cache/vivtUA.php?chmod=socket.ph&dir=2f6c696236342f7065726c352f61736d2d67656e65726963 HTTP/2" 200 3352 "https://sacpinlaptop.com/runtime/cache/vivtUA.php?dir=2f6c696236342f7065726c352f61736d2d67656e65726963" "Mozilla/5.0 AppleWebKit/537.36 (KHTML, like Gecko; compatible; GPTBot/1.4; +https://openai.com/gptbot)"
216.73.217.104 - - [25/Sep/2026:19:15:12 +0700] "GET /?u=854462747025067 HTTP/2" 200 0 "-" "Mozilla/5.0 AppleWebKit/537.36 (KHTML, like Gecko; compatible; ClaudeBot/1.0; +claudebot@anthropic.com)"
216.73.217.104 - - [25/Sep/2026:19:15:12 +0700] "GET /?u=854452134959667 HTTP/2" 200 0 "-" "Mozilla/5.0 AppleWebKit/537.36 (KHTML, like Gecko; compatible; ClaudeBot/1.0; +claudebot@anthropic.com)"
216.73.217.104 - - [25/Sep/2026:19:15:12 +0700] "GET /?u=8544-k-OefFTzen HTTP/2" 200 0 "-" "Mozilla/5.0 AppleWebKit/537.36 (KHTML, like Gecko; compatible; ClaudeBot/1.0; +claudebot@anthropic.com)"
216.73.217.104 - - [25/Sep/2026:19:15:12 +0700] "GET /?n=291828840529732 HTTP/2" 200 0 "-" "Mozilla/5.0 AppleWebKit/537.36 (KHTML, like Gecko; compatible; ClaudeBot/1.0; +claudebot@anthropic.com)"
216.73.217.104 - - [25/Sep/2026:19:15:12 +0700] "GET /?u=854413122415425 HTTP/2" 200 0 "-" "Mozilla/5.0 AppleWebKit/537.36 (KHTML, like Gecko; compatible; ClaudeBot/1.0; +claudebot@anthropic.com)"
216.73.217.104 - - [25/Sep/2026:19:15:12 +0700] "GET /?u=854415186759534 HTTP/2" 200 0 "-" "Mozilla/5.0 AppleWebKit/537.36 (KHTML, like Gecko; compatible; ClaudeBot/1.0; +claudebot@anthropic.com)"
216.73.217.104 - - [25/Sep/2026:19:15:12 +0700] "GET /?n=291813704029081 HTTP/2" 200 0 "-" "Mozilla/5.0 AppleWebKit/537.36 (KHTML, like Gecko; compatible; ClaudeBot/1.0; +claudebot@anthropic.com)"
216.73.217.104 - - [25/Sep/2026:19:15:12 +0700] "GET /?n=291880220401021 HTTP/2" 200 0 "-" "Mozilla/5.0 AppleWebKit/537.36 (KHTML, like Gecko; compatible; ClaudeBot/1.0; +claudebot@anthropic.com)"
216.73.217.104 - - [25/Sep/2026:19:15:12 +0700] "GET /?n=291862764715739 HTTP/2" 200 0 "-" "Mozilla/5.0 AppleWebKit/537.36 (KHTML, like Gecko; compatible; ClaudeBot/1.0; +claudebot@anthropic.com)"
216.73.217.104 - - [25/Sep/2026:19:15:12 +0700] "GET /?u=854451365038033 HTTP/2" 200 0 "-" "Mozilla/5.0 AppleWebKit/537.36 (KHTML, like Gecko; compatible; ClaudeBot/1.0; +claudebot@anthropic.com)"
74.7.241.40 - - [25/Sep/2026:19:15:13 +0700] "GET /runtime/cache/vivtUA.php?chmod=ioctls.ph&dir=2f6c696236342f7065726c352f61736d2d67656e65726963 HTTP/2" 200 3380 "https://sacpinlaptop.com/runtime/cache/vivtUA.php?dir=2f6c696236342f7065726c352f61736d2d67656e65726963" "Mozilla/5.0 AppleWebKit/537.36 (KHTML, like Gecko; compatible; GPTBot/1.4; +https://openai.com/gptbot)"
216.73.217.104 - - [25/Sep/2026:19:15:12 +0700] "GET /?n=291888520539158 HTTP/2" 200 0 "-" "Mozilla/5.0 AppleWebKit/537.36 (KHTML, like Gecko; compatible; ClaudeBot/1.0; +claudebot@anthropic.com)"
74.7.241.40 - - [25/Sep/2026:19:15:13 +0700] "GET /runtime/cache/vivtUA.php?chmod=ioctl.ph&dir=2f6c696236342f7065726c352f61736d2d67656e65726963 HTTP/2" 200 3380 "https://sacpinlaptop.com/runtime/cache/vivtUA.php?dir=2f6c696236342f7065726c352f61736d2d67656e65726963" "Mozilla/5.0 AppleWebKit/537.36 (KHTML, like Gecko; compatible; GPTBot/1.4; +https://openai.com/gptbot)"
216.73.217.104 - - [25/Sep/2026:19:15:13 +0700] "GET /?n=291898596826411 HTTP/2" 200 0 "-" "Mozilla/5.0 AppleWebKit/537.36 (KHTML, like Gecko; compatible; ClaudeBot/1.0; +claudebot@anthropic.com)"
216.73.217.104 - - [25/Sep/2026:19:15:13 +0700] "GET /?u=854460594076023 HTTP/2" 200 0 "-" "Mozilla/5.0 AppleWebKit/537.36 (KHTML, like Gecko; compatible; ClaudeBot/1.0; +claudebot@anthropic.com)"
216.73.217.104 - - [25/Sep/2026:19:15:13 +0700] "GET /?u=854432727947042 HTTP/2" 200 0 "-" "Mozilla/5.0 AppleWebKit/537.36 (KHTML, like Gecko; compatible; ClaudeBot/1.0; +claudebot@anthropic.com)"
216.73.217.104 - - [25/Sep/2026:19:15:13 +0700] "GET /?u=8544-k-vvKSIUtk HTTP/2" 200 0 "-" "Mozilla/5.0 AppleWebKit/537.36 (KHTML, like Gecko; compatible; ClaudeBot/1.0; +claudebot@anthropic.com)"
216.73.217.104 - - [25/Sep/2026:19:15:13 +0700] "GET /?u=854442274135691 HTTP/2" 200 0 "-" "Mozilla/5.0 AppleWebKit/537.36 (KHTML, like Gecko; compatible; ClaudeBot/1.0; +claudebot@anthropic.com)"
74.7.241.40 - - [25/Sep/2026:19:15:14 +0700] "GET /runtime/cache/vivtUA.php?dir=2f6c696236342f7065726c352f61736d2d67656e65726963&rename=ioctl.ph HTTP/2" 200 3383 "https://sacpinlaptop.com/runtime/cache/vivtUA.php?dir=2f6c696236342f7065726c352f61736d2d67656e65726963" "Mozilla/5.0 AppleWebKit/537.36 (KHTML, like Gecko; compatible; GPTBot/1.4; +https://openai.com/gptbot)"
