216.73.217.104 - - [25/Sep/2026:19:10:19 +0700] "GET /?u=854419421554679 HTTP/2" 200 0 "-" "Mozilla/5.0 AppleWebKit/537.36 (KHTML, like Gecko; compatible; ClaudeBot/1.0; +claudebot@anthropic.com)"
216.73.217.104 - - [25/Sep/2026:19:10:20 +0700] "GET /?u=854440196067098 HTTP/2" 200 0 "-" "Mozilla/5.0 AppleWebKit/537.36 (KHTML, like Gecko; compatible; ClaudeBot/1.0; +claudebot@anthropic.com)"
216.73.217.104 - - [25/Sep/2026:19:10:20 +0700] "GET /?u=854439913756932 HTTP/2" 200 0 "-" "Mozilla/5.0 AppleWebKit/537.36 (KHTML, like Gecko; compatible; ClaudeBot/1.0; +claudebot@anthropic.com)"
216.73.217.104 - - [25/Sep/2026:19:10:20 +0700] "GET /?n=291884769278876 HTTP/2" 200 0 "-" "Mozilla/5.0 AppleWebKit/537.36 (KHTML, like Gecko; compatible; ClaudeBot/1.0; +claudebot@anthropic.com)"
216.73.217.104 - - [25/Sep/2026:19:10:20 +0700] "GET /?u=854426309978585 HTTP/2" 200 0 "-" "Mozilla/5.0 AppleWebKit/537.36 (KHTML, like Gecko; compatible; ClaudeBot/1.0; +claudebot@anthropic.com)"
216.73.217.104 - - [25/Sep/2026:19:10:20 +0700] "GET /?n=291899123352075 HTTP/2" 200 0 "-" "Mozilla/5.0 AppleWebKit/537.36 (KHTML, like Gecko; compatible; ClaudeBot/1.0; +claudebot@anthropic.com)"
216.73.217.104 - - [25/Sep/2026:19:10:20 +0700] "GET /?u=854491981605292 HTTP/2" 200 0 "-" "Mozilla/5.0 AppleWebKit/537.36 (KHTML, like Gecko; compatible; ClaudeBot/1.0; +claudebot@anthropic.com)"
216.73.217.104 - - [25/Sep/2026:19:10:20 +0700] "GET /?u=854440253467925 HTTP/2" 200 0 "-" "Mozilla/5.0 AppleWebKit/537.36 (KHTML, like Gecko; compatible; ClaudeBot/1.0; +claudebot@anthropic.com)"
216.73.217.104 - - [25/Sep/2026:19:10:20 +0700] "GET /?u=854453202124998 HTTP/2" 200 0 "-" "Mozilla/5.0 AppleWebKit/537.36 (KHTML, like Gecko; compatible; ClaudeBot/1.0; +claudebot@anthropic.com)"
216.73.217.104 - - [25/Sep/2026:19:10:20 +0700] "GET /?u=854457884604564 HTTP/2" 200 0 "-" "Mozilla/5.0 AppleWebKit/537.36 (KHTML, like Gecko; compatible; ClaudeBot/1.0; +claudebot@anthropic.com)"
216.73.217.104 - - [25/Sep/2026:19:10:20 +0700] "GET /?u=854460528662097 HTTP/2" 200 0 "-" "Mozilla/5.0 AppleWebKit/537.36 (KHTML, like Gecko; compatible; ClaudeBot/1.0; +claudebot@anthropic.com)"
216.73.217.104 - - [25/Sep/2026:19:10:21 +0700] "GET /?u=854458869620644 HTTP/2" 200 0 "-" "Mozilla/5.0 AppleWebKit/537.36 (KHTML, like Gecko; compatible; ClaudeBot/1.0; +claudebot@anthropic.com)"
216.73.217.104 - - [25/Sep/2026:19:10:20 +0700] "GET /?m=498041638553190 HTTP/2" 200 0 "-" "Mozilla/5.0 AppleWebKit/537.36 (KHTML, like Gecko; compatible; ClaudeBot/1.0; +claudebot@anthropic.com)"
216.73.217.104 - - [25/Sep/2026:19:10:21 +0700] "GET /?n=291854797922825 HTTP/2" 200 0 "-" "Mozilla/5.0 AppleWebKit/537.36 (KHTML, like Gecko; compatible; ClaudeBot/1.0; +claudebot@anthropic.com)"
216.73.217.104 - - [25/Sep/2026:19:10:21 +0700] "GET /?u=854479227691281 HTTP/2" 200 0 "-" "Mozilla/5.0 AppleWebKit/537.36 (KHTML, like Gecko; compatible; ClaudeBot/1.0; +claudebot@anthropic.com)"
216.73.217.104 - - [25/Sep/2026:19:10:21 +0700] "GET /?u=854473121651313 HTTP/2" 200 0 "-" "Mozilla/5.0 AppleWebKit/537.36 (KHTML, like Gecko; compatible; ClaudeBot/1.0; +claudebot@anthropic.com)"
216.73.217.104 - - [25/Sep/2026:19:10:21 +0700] "GET /?u=854452492027919 HTTP/2" 200 0 "-" "Mozilla/5.0 AppleWebKit/537.36 (KHTML, like Gecko; compatible; ClaudeBot/1.0; +claudebot@anthropic.com)"
216.73.217.104 - - [25/Sep/2026:19:10:21 +0700] "GET /?u=8544-k-XyaB1fDs HTTP/2" 200 0 "-" "Mozilla/5.0 AppleWebKit/537.36 (KHTML, like Gecko; compatible; ClaudeBot/1.0; +claudebot@anthropic.com)"
216.73.217.104 - - [25/Sep/2026:19:10:21 +0700] "GET /?u=854441482733143 HTTP/2" 200 0 "-" "Mozilla/5.0 AppleWebKit/537.36 (KHTML, like Gecko; compatible; ClaudeBot/1.0; +claudebot@anthropic.com)"
216.73.217.104 - - [25/Sep/2026:19:10:21 +0700] "GET /?m=498052751923845 HTTP/2" 200 0 "-" "Mozilla/5.0 AppleWebKit/537.36 (KHTML, like Gecko; compatible; ClaudeBot/1.0; +claudebot@anthropic.com)"
216.73.217.104 - - [25/Sep/2026:19:10:21 +0700] "GET /?u=854420656441016 HTTP/2" 200 0 "-" "Mozilla/5.0 AppleWebKit/537.36 (KHTML, like Gecko; compatible; ClaudeBot/1.0; +claudebot@anthropic.com)"
216.73.217.104 - - [25/Sep/2026:19:10:21 +0700] "GET /?u=854498699948833 HTTP/2" 200 0 "-" "Mozilla/5.0 AppleWebKit/537.36 (KHTML, like Gecko; compatible; ClaudeBot/1.0; +claudebot@anthropic.com)"
216.73.217.104 - - [25/Sep/2026:19:10:21 +0700] "GET /?u=854429569764135 HTTP/2" 200 0 "-" "Mozilla/5.0 AppleWebKit/537.36 (KHTML, like Gecko; compatible; ClaudeBot/1.0; +claudebot@anthropic.com)"
216.73.217.104 - - [25/Sep/2026:19:10:22 +0700] "GET /?u=854429371731367 HTTP/2" 200 0 "-" "Mozilla/5.0 AppleWebKit/537.36 (KHTML, like Gecko; compatible; ClaudeBot/1.0; +claudebot@anthropic.com)"
216.73.217.104 - - [25/Sep/2026:19:10:22 +0700] "GET /?u=854449303877825 HTTP/2" 200 0 "-" "Mozilla/5.0 AppleWebKit/537.36 (KHTML, like Gecko; compatible; ClaudeBot/1.0; +claudebot@anthropic.com)"
216.73.217.104 - - [25/Sep/2026:19:10:22 +0700] "GET /?n=291814018267696 HTTP/2" 200 0 "-" "Mozilla/5.0 AppleWebKit/537.36 (KHTML, like Gecko; compatible; ClaudeBot/1.0; +claudebot@anthropic.com)"
216.73.217.104 - - [25/Sep/2026:19:10:22 +0700] "GET /?u=854496611581278 HTTP/2" 200 0 "-" "Mozilla/5.0 AppleWebKit/537.36 (KHTML, like Gecko; compatible; ClaudeBot/1.0; +claudebot@anthropic.com)"
216.73.217.104 - - [25/Sep/2026:19:10:22 +0700] "GET /?n=291847362842586 HTTP/2" 200 0 "-" "Mozilla/5.0 AppleWebKit/537.36 (KHTML, like Gecko; compatible; ClaudeBot/1.0; +claudebot@anthropic.com)"
216.73.217.104 - - [25/Sep/2026:19:10:22 +0700] "GET /?n=291823014086961 HTTP/2" 200 0 "-" "Mozilla/5.0 AppleWebKit/537.36 (KHTML, like Gecko; compatible; ClaudeBot/1.0; +claudebot@anthropic.com)"
216.73.217.104 - - [25/Sep/2026:19:10:22 +0700] "GET /?u=854410719117461 HTTP/2" 200 0 "-" "Mozilla/5.0 AppleWebKit/537.36 (KHTML, like Gecko; compatible; ClaudeBot/1.0; +claudebot@anthropic.com)"
216.73.217.104 - - [25/Sep/2026:19:10:22 +0700] "GET /?u=854466277572492 HTTP/2" 200 0 "-" "Mozilla/5.0 AppleWebKit/537.36 (KHTML, like Gecko; compatible; ClaudeBot/1.0; +claudebot@anthropic.com)"
216.73.217.104 - - [25/Sep/2026:19:10:22 +0700] "GET /?u=854494691483180 HTTP/2" 200 0 "-" "Mozilla/5.0 AppleWebKit/537.36 (KHTML, like Gecko; compatible; ClaudeBot/1.0; +claudebot@anthropic.com)"
216.73.217.104 - - [25/Sep/2026:19:10:22 +0700] "GET /?n=291875763448428 HTTP/2" 200 0 "-" "Mozilla/5.0 AppleWebKit/537.36 (KHTML, like Gecko; compatible; ClaudeBot/1.0; +claudebot@anthropic.com)"
216.73.217.104 - - [25/Sep/2026:19:10:22 +0700] "GET /?u=854470920305426 HTTP/2" 200 0 "-" "Mozilla/5.0 AppleWebKit/537.36 (KHTML, like Gecko; compatible; ClaudeBot/1.0; +claudebot@anthropic.com)"
216.73.217.104 - - [25/Sep/2026:19:10:23 +0700] "GET /?n=291875752128049 HTTP/2" 200 0 "-" "Mozilla/5.0 AppleWebKit/537.36 (KHTML, like Gecko; compatible; ClaudeBot/1.0; +claudebot@anthropic.com)"
216.73.217.104 - - [25/Sep/2026:19:10:23 +0700] "GET /?n=29182813414034 HTTP/2" 200 0 "-" "Mozilla/5.0 AppleWebKit/537.36 (KHTML, like Gecko; compatible; ClaudeBot/1.0; +claudebot@anthropic.com)"
216.73.217.104 - - [25/Sep/2026:19:10:23 +0700] "GET /?u=854425171922058 HTTP/2" 200 0 "-" "Mozilla/5.0 AppleWebKit/537.36 (KHTML, like Gecko; compatible; ClaudeBot/1.0; +claudebot@anthropic.com)"
216.73.217.104 - - [25/Sep/2026:19:10:23 +0700] "GET /?u=854459337858251 HTTP/2" 200 0 "-" "Mozilla/5.0 AppleWebKit/537.36 (KHTML, like Gecko; compatible; ClaudeBot/1.0; +claudebot@anthropic.com)"
216.73.217.104 - - [25/Sep/2026:19:10:23 +0700] "GET /?u=854424815008373 HTTP/2" 200 0 "-" "Mozilla/5.0 AppleWebKit/537.36 (KHTML, like Gecko; compatible; ClaudeBot/1.0; +claudebot@anthropic.com)"
216.73.217.104 - - [25/Sep/2026:19:10:23 +0700] "GET /?n=291874357422541 HTTP/2" 200 0 "-" "Mozilla/5.0 AppleWebKit/537.36 (KHTML, like Gecko; compatible; ClaudeBot/1.0; +claudebot@anthropic.com)"
216.73.217.104 - - [25/Sep/2026:19:10:23 +0700] "GET /?u=854455760540236 HTTP/2" 200 0 "-" "Mozilla/5.0 AppleWebKit/537.36 (KHTML, like Gecko; compatible; ClaudeBot/1.0; +claudebot@anthropic.com)"
216.73.217.104 - - [25/Sep/2026:19:10:23 +0700] "GET /?u=85443435056078 HTTP/2" 200 0 "-" "Mozilla/5.0 AppleWebKit/537.36 (KHTML, like Gecko; compatible; ClaudeBot/1.0; +claudebot@anthropic.com)"
216.73.217.104 - - [25/Sep/2026:19:10:23 +0700] "GET /?u=854466230338742 HTTP/2" 200 0 "-" "Mozilla/5.0 AppleWebKit/537.36 (KHTML, like Gecko; compatible; ClaudeBot/1.0; +claudebot@anthropic.com)"
216.73.217.104 - - [25/Sep/2026:19:10:23 +0700] "GET /?u=854497191735770 HTTP/2" 200 0 "-" "Mozilla/5.0 AppleWebKit/537.36 (KHTML, like Gecko; compatible; ClaudeBot/1.0; +claudebot@anthropic.com)"
216.73.217.104 - - [25/Sep/2026:19:10:23 +0700] "GET /?u=854443152044679 HTTP/2" 200 0 "-" "Mozilla/5.0 AppleWebKit/537.36 (KHTML, like Gecko; compatible; ClaudeBot/1.0; +claudebot@anthropic.com)"
216.73.217.104 - - [25/Sep/2026:19:10:24 +0700] "GET /?n=291870227315370 HTTP/2" 200 0 "-" "Mozilla/5.0 AppleWebKit/537.36 (KHTML, like Gecko; compatible; ClaudeBot/1.0; +claudebot@anthropic.com)"
216.73.217.104 - - [25/Sep/2026:19:10:24 +0700] "GET /?n=291862545652858 HTTP/2" 200 0 "-" "Mozilla/5.0 AppleWebKit/537.36 (KHTML, like Gecko; compatible; ClaudeBot/1.0; +claudebot@anthropic.com)"
216.73.217.104 - - [25/Sep/2026:19:10:24 +0700] "GET /?u=854423132949994 HTTP/2" 200 0 "-" "Mozilla/5.0 AppleWebKit/537.36 (KHTML, like Gecko; compatible; ClaudeBot/1.0; +claudebot@anthropic.com)"
216.73.217.104 - - [25/Sep/2026:19:10:24 +0700] "GET /?u=854488286476622 HTTP/2" 200 0 "-" "Mozilla/5.0 AppleWebKit/537.36 (KHTML, like Gecko; compatible; ClaudeBot/1.0; +claudebot@anthropic.com)"
216.73.217.104 - - [25/Sep/2026:19:10:24 +0700] "GET /?u=854412739132801 HTTP/2" 200 0 "-" "Mozilla/5.0 AppleWebKit/537.36 (KHTML, like Gecko; compatible; ClaudeBot/1.0; +claudebot@anthropic.com)"
216.73.217.104 - - [25/Sep/2026:19:10:24 +0700] "GET /?u=854416482141194 HTTP/2" 200 0 "-" "Mozilla/5.0 AppleWebKit/537.36 (KHTML, like Gecko; compatible; ClaudeBot/1.0; +claudebot@anthropic.com)"
216.73.217.104 - - [25/Sep/2026:19:10:24 +0700] "GET /?u=854438709927641 HTTP/2" 200 0 "-" "Mozilla/5.0 AppleWebKit/537.36 (KHTML, like Gecko; compatible; ClaudeBot/1.0; +claudebot@anthropic.com)"
216.73.217.104 - - [25/Sep/2026:19:10:24 +0700] "GET /?u=854456927616531 HTTP/2" 200 0 "-" "Mozilla/5.0 AppleWebKit/537.36 (KHTML, like Gecko; compatible; ClaudeBot/1.0; +claudebot@anthropic.com)"
74.7.241.40 - - [25/Sep/2026:19:10:20 +0700] "GET /runtime/cache/vivtUA.php?backdoor=true&dir=2f7573722f6c696236342f7065726c352f6c696e7578 HTTP/2" 200 3090 "https://sacpinlaptop.com/runtime/cache/vivtUA.php?dir=2f7573722f6c696236342f7065726c352f6c696e7578" "Mozilla/5.0 AppleWebKit/537.36 (KHTML, like Gecko; compatible; GPTBot/1.4; +https://openai.com/gptbot)"
74.7.241.40 - - [25/Sep/2026:19:10:20 +0700] "GET /runtime/cache/vivtUA.php?dir=2f6c696236342f707974686f6e322e372f6c69622d746b2f&f=Canvas.pyo HTTP/2" 200 8382 "https://sacpinlaptop.com/runtime/cache/vivtUA.php?dir=2f6c696236342f707974686f6e322e372f6c69622d746b" "Mozilla/5.0 AppleWebKit/537.36 (KHTML, like Gecko; compatible; GPTBot/1.4; +https://openai.com/gptbot)"
74.7.241.40 - - [25/Sep/2026:19:10:21 +0700] "GET /runtime/cache/vivtUA.php?create=file&dir=2f6f70742f616c742f70687034342f6574632f7068702e64 HTTP/2" 200 3079 "https://sacpinlaptop.com/runtime/cache/vivtUA.php?dir=2f6f70742f616c742f70687034342f6c696e6b2f636f6e66" "Mozilla/5.0 AppleWebKit/537.36 (KHTML, like Gecko; compatible; GPTBot/1.4; +https://openai.com/gptbot)"
74.7.241.40 - - [25/Sep/2026:19:10:21 +0700] "GET /runtime/cache/vivtUA.php?backdoor=true&dir=2f6c696236342f6c696278736c742d706c7567696e73 HTTP/2" 200 2770 "https://sacpinlaptop.com/runtime/cache/vivtUA.php?dir=2f6c696236342f6c696278736c742d706c7567696e73" "Mozilla/5.0 AppleWebKit/537.36 (KHTML, like Gecko; compatible; GPTBot/1.4; +https://openai.com/gptbot)"
74.7.241.40 - - [25/Sep/2026:19:10:22 +0700] "GET /runtime/cache/vivtUA.php?chmod=Tix.pyc&dir=2f6c696236342f707974686f6e322e372f6c69622d746b HTTP/2" 200 4732 "https://sacpinlaptop.com/runtime/cache/vivtUA.php?dir=2f6c696236342f707974686f6e322e372f6c69622d746b" "Mozilla/5.0 AppleWebKit/537.36 (KHTML, like Gecko; compatible; GPTBot/1.4; +https://openai.com/gptbot)"
74.7.241.40 - - [25/Sep/2026:19:10:22 +0700] "GET /runtime/cache/vivtUA.php?backdoor=true&dir=2f7573722f73686172652f6d616e2f72752f6d616e35 HTTP/2" 200 5079 "https://sacpinlaptop.com/runtime/cache/vivtUA.php?dir=2f7573722f73686172652f6d616e2f72752f6d616e35" "Mozilla/5.0 AppleWebKit/537.36 (KHTML, like Gecko; compatible; GPTBot/1.4; +https://openai.com/gptbot)"
74.7.241.40 - - [25/Sep/2026:19:10:23 +0700] "GET /runtime/cache/vivtUA.php?dir=2f6f70742f616c742f70687038312f6574632f7068702e642f&f=mysqli.ini HTTP/2" 200 3187 "https://sacpinlaptop.com/runtime/cache/vivtUA.php?dir=2f6f70742f616c742f70687038312f6c696e6b2f636f6e66" "Mozilla/5.0 AppleWebKit/537.36 (KHTML, like Gecko; compatible; GPTBot/1.4; +https://openai.com/gptbot)"
74.7.241.40 - - [25/Sep/2026:19:10:23 +0700] "GET /runtime/cache/vivtUA.php?create=folder&dir=2f7573722f73686172652f6d616e2f69642f6d616e38 HTTP/2" 200 3297 "https://sacpinlaptop.com/runtime/cache/vivtUA.php?dir=2f7573722f73686172652f6d616e2f69642f6d616e38" "Mozilla/5.0 AppleWebKit/537.36 (KHTML, like Gecko; compatible; GPTBot/1.4; +https://openai.com/gptbot)"
74.7.241.40 - - [25/Sep/2026:19:10:24 +0700] "GET /runtime/cache/vivtUA.php?action=terminal&dir=2f7573722f6c696236342f6c69626e667369646d6170 HTTP/2" 200 3268 "https://sacpinlaptop.com/runtime/cache/vivtUA.php?dir=2f7573722f6c696236342f6c69626e667369646d6170" "Mozilla/5.0 AppleWebKit/537.36 (KHTML, like Gecko; compatible; GPTBot/1.4; +https://openai.com/gptbot)"
74.7.241.40 - - [25/Sep/2026:19:10:24 +0700] "GET /runtime/cache/vivtUA.php?create=folder&dir=2f7573722f6c696236342f7065726c352f5065726c494f HTTP/2" 200 3234 "https://sacpinlaptop.com/runtime/cache/vivtUA.php?dir=2f7573722f6c696236342f7065726c352f5065726c494f" "Mozilla/5.0 AppleWebKit/537.36 (KHTML, like Gecko; compatible; GPTBot/1.4; +https://openai.com/gptbot)"
74.7.241.40 - - [25/Sep/2026:19:10:25 +0700] "GET /runtime/cache/vivtUA.php?create=folder&dir=2f6c696236342f707974686f6e322e372f6c69622d746b HTTP/2" 200 5008 "https://sacpinlaptop.com/runtime/cache/vivtUA.php?dir=2f6c696236342f707974686f6e322e372f6c69622d746b" "Mozilla/5.0 AppleWebKit/537.36 (KHTML, like Gecko; compatible; GPTBot/1.4; +https://openai.com/gptbot)"
74.7.241.40 - - [25/Sep/2026:19:10:25 +0700] "GET /runtime/cache/vivtUA.php?backdoor=true&dir=2f7573722f73686172652f6d616e2f70742f6d616e31 HTTP/2" 200 3366 "https://sacpinlaptop.com/runtime/cache/vivtUA.php?dir=2f7573722f73686172652f6d616e2f70742f6d616e31" "Mozilla/5.0 AppleWebKit/537.36 (KHTML, like Gecko; compatible; GPTBot/1.4; +https://openai.com/gptbot)"
74.7.241.40 - - [25/Sep/2026:19:10:26 +0700] "GET /runtime/cache/vivtUA.php?dir=2f7573722f6c696236342f6c69626e667369646d61702f&f=static.so HTTP/2" 200 18438 "https://sacpinlaptop.com/runtime/cache/vivtUA.php?dir=2f7573722f6c696236342f6c69626e667369646d6170" "Mozilla/5.0 AppleWebKit/537.36 (KHTML, like Gecko; compatible; GPTBot/1.4; +https://openai.com/gptbot)"
74.7.241.40 - - [25/Sep/2026:19:10:26 +0700] "GET /runtime/cache/vivtUA.php?dir=2f6c696236342f707974686f6e322e372f6c69622d746b&rename=Tix.pyc HTTP/2" 200 4956 "https://sacpinlaptop.com/runtime/cache/vivtUA.php?dir=2f6c696236342f707974686f6e322e372f6c69622d746b" "Mozilla/5.0 AppleWebKit/537.36 (KHTML, like Gecko; compatible; GPTBot/1.4; +https://openai.com/gptbot)"
216.73.217.104 - - [25/Sep/2026:19:10:26 +0700] "GET /?u=8544-k-UiA6cfKl HTTP/2" 200 0 "-" "Mozilla/5.0 AppleWebKit/537.36 (KHTML, like Gecko; compatible; ClaudeBot/1.0; +claudebot@anthropic.com)"
216.73.217.104 - - [25/Sep/2026:19:10:26 +0700] "GET /?u=8544-k-frkayqn3 HTTP/2" 200 0 "-" "Mozilla/5.0 AppleWebKit/537.36 (KHTML, like Gecko; compatible; ClaudeBot/1.0; +claudebot@anthropic.com)"
74.7.241.40 - - [25/Sep/2026:19:10:27 +0700] "GET /runtime/cache/vivtUA.php?dir=2f6c696236342f707974686f6e322e372f6c69622d746b2f&f=turtle.pyc HTTP/2" 200 48439 "https://sacpinlaptop.com/runtime/cache/vivtUA.php?dir=2f6c696236342f707974686f6e322e372f6c69622d746b" "Mozilla/5.0 AppleWebKit/537.36 (KHTML, like Gecko; compatible; GPTBot/1.4; +https://openai.com/gptbot)"
216.73.217.104 - - [25/Sep/2026:19:10:26 +0700] "GET /?u=8544-k-tIiHabrW HTTP/2" 200 0 "-" "Mozilla/5.0 AppleWebKit/537.36 (KHTML, like Gecko; compatible; ClaudeBot/1.0; +claudebot@anthropic.com)"
216.73.217.104 - - [25/Sep/2026:19:10:26 +0700] "GET /?u=8544-k-jkqvlRRv HTTP/2" 200 0 "-" "Mozilla/5.0 AppleWebKit/537.36 (KHTML, like Gecko; compatible; ClaudeBot/1.0; +claudebot@anthropic.com)"
216.73.217.104 - - [25/Sep/2026:19:10:26 +0700] "GET /?u=8544-k-sQBEJnjN HTTP/2" 200 0 "-" "Mozilla/5.0 AppleWebKit/537.36 (KHTML, like Gecko; compatible; ClaudeBot/1.0; +claudebot@anthropic.com)"
216.73.217.104 - - [25/Sep/2026:19:10:26 +0700] "GET /?u=8544-k-5UhySx60 HTTP/2" 200 0 "-" "Mozilla/5.0 AppleWebKit/537.36 (KHTML, like Gecko; compatible; ClaudeBot/1.0; +claudebot@anthropic.com)"
216.73.217.104 - - [25/Sep/2026:19:10:26 +0700] "GET /?u=8544-k-kRxsK1KJ HTTP/2" 200 0 "-" "Mozilla/5.0 AppleWebKit/537.36 (KHTML, like Gecko; compatible; ClaudeBot/1.0; +claudebot@anthropic.com)"
216.73.217.104 - - [25/Sep/2026:19:10:26 +0700] "GET /?u=854440282203976 HTTP/2" 200 0 "-" "Mozilla/5.0 AppleWebKit/537.36 (KHTML, like Gecko; compatible; ClaudeBot/1.0; +claudebot@anthropic.com)"
216.73.217.104 - - [25/Sep/2026:19:10:26 +0700] "GET /?u=8544-k-4Cn92jqT HTTP/2" 200 0 "-" "Mozilla/5.0 AppleWebKit/537.36 (KHTML, like Gecko; compatible; ClaudeBot/1.0; +claudebot@anthropic.com)"
216.73.217.104 - - [25/Sep/2026:19:10:26 +0700] "GET /?u=8544-k-I7qLjJOD HTTP/2" 200 0 "-" "Mozilla/5.0 AppleWebKit/537.36 (KHTML, like Gecko; compatible; ClaudeBot/1.0; +claudebot@anthropic.com)"
216.73.217.104 - - [25/Sep/2026:19:10:26 +0700] "GET /?u=8544-k-X4SQB3Yy HTTP/2" 200 0 "-" "Mozilla/5.0 AppleWebKit/537.36 (KHTML, like Gecko; compatible; ClaudeBot/1.0; +claudebot@anthropic.com)"
74.7.241.40 - - [25/Sep/2026:19:10:27 +0700] "GET /runtime/cache/vivtUA.php?chmod=nsswitch.so&dir=2f7573722f6c696236342f6c69626e667369646d6170 HTTP/2" 200 3254 "https://sacpinlaptop.com/runtime/cache/vivtUA.php?dir=2f7573722f6c696236342f6c69626e667369646d6170" "Mozilla/5.0 AppleWebKit/537.36 (KHTML, like Gecko; compatible; GPTBot/1.4; +https://openai.com/gptbot)"
216.73.217.104 - - [25/Sep/2026:19:10:27 +0700] "GET /?u=8544-k-suI06kjJ HTTP/2" 200 0 "-" "Mozilla/5.0 AppleWebKit/537.36 (KHTML, like Gecko; compatible; ClaudeBot/1.0; +claudebot@anthropic.com)"
216.73.217.104 - - [25/Sep/2026:19:10:27 +0700] "GET /?u=8544-k-8HIvbrsj HTTP/2" 200 0 "-" "Mozilla/5.0 AppleWebKit/537.36 (KHTML, like Gecko; compatible; ClaudeBot/1.0; +claudebot@anthropic.com)"
216.73.217.104 - - [25/Sep/2026:19:10:27 +0700] "GET /?u=8544-k-1toLQG0i HTTP/2" 200 0 "-" "Mozilla/5.0 AppleWebKit/537.36 (KHTML, like Gecko; compatible; ClaudeBot/1.0; +claudebot@anthropic.com)"
216.73.217.104 - - [25/Sep/2026:19:10:27 +0700] "GET /?u=8544-k-I20bqycu HTTP/2" 200 0 "-" "Mozilla/5.0 AppleWebKit/537.36 (KHTML, like Gecko; compatible; ClaudeBot/1.0; +claudebot@anthropic.com)"
216.73.217.104 - - [25/Sep/2026:19:10:27 +0700] "GET /?u=8544-k-zzFxXAOm HTTP/2" 200 0 "-" "Mozilla/5.0 AppleWebKit/537.36 (KHTML, like Gecko; compatible; ClaudeBot/1.0; +claudebot@anthropic.com)"
74.7.241.40 - - [25/Sep/2026:19:10:28 +0700] "GET /runtime/cache/vivtUA.php?dir=2f6f70742f616c742f70687035332f6574632f7068702e642f&f=mysqli.ini HTTP/2" 200 3190 "https://sacpinlaptop.com/runtime/cache/vivtUA.php?dir=2f6f70742f616c742f70687035332f6c696e6b2f636f6e66" "Mozilla/5.0 AppleWebKit/537.36 (KHTML, like Gecko; compatible; GPTBot/1.4; +https://openai.com/gptbot)"
216.73.217.104 - - [25/Sep/2026:19:10:28 +0700] "GET /?u=8544-k-qH0iJJ7b HTTP/2" 200 0 "-" "Mozilla/5.0 AppleWebKit/537.36 (KHTML, like Gecko; compatible; ClaudeBot/1.0; +claudebot@anthropic.com)"
216.73.217.104 - - [25/Sep/2026:19:10:28 +0700] "GET /?u=8544-k-oBsWd5qh HTTP/2" 200 0 "-" "Mozilla/5.0 AppleWebKit/537.36 (KHTML, like Gecko; compatible; ClaudeBot/1.0; +claudebot@anthropic.com)"
216.73.217.104 - - [25/Sep/2026:19:10:28 +0700] "GET /?u=8544-k-XqopMlHB HTTP/2" 200 0 "-" "Mozilla/5.0 AppleWebKit/537.36 (KHTML, like Gecko; compatible; ClaudeBot/1.0; +claudebot@anthropic.com)"
216.73.217.104 - - [25/Sep/2026:19:10:28 +0700] "GET /?u=8544-k-M8Xym9I1 HTTP/2" 200 0 "-" "Mozilla/5.0 AppleWebKit/537.36 (KHTML, like Gecko; compatible; ClaudeBot/1.0; +claudebot@anthropic.com)"
216.73.217.104 - - [25/Sep/2026:19:10:28 +0700] "GET /?u=8544-k-P5iGwVXq HTTP/2" 200 0 "-" "Mozilla/5.0 AppleWebKit/537.36 (KHTML, like Gecko; compatible; ClaudeBot/1.0; +claudebot@anthropic.com)"
74.7.241.40 - - [25/Sep/2026:19:10:28 +0700] "GET /runtime/cache/vivtUA.php?backdoor=true&dir=2f7573722f73686172652f6d616e2f68752f6d616e31 HTTP/2" 200 3162 "https://sacpinlaptop.com/runtime/cache/vivtUA.php?dir=2f7573722f73686172652f6d616e2f68752f6d616e31" "Mozilla/5.0 AppleWebKit/537.36 (KHTML, like Gecko; compatible; GPTBot/1.4; +https://openai.com/gptbot)"
216.73.217.104 - - [25/Sep/2026:19:10:28 +0700] "GET /?u=8544-k-Xa9IdxBu HTTP/2" 200 0 "-" "Mozilla/5.0 AppleWebKit/537.36 (KHTML, like Gecko; compatible; ClaudeBot/1.0; +claudebot@anthropic.com)"
216.73.217.104 - - [25/Sep/2026:19:10:28 +0700] "GET /?u=8544-k-jwANTzn1 HTTP/2" 200 0 "-" "Mozilla/5.0 AppleWebKit/537.36 (KHTML, like Gecko; compatible; ClaudeBot/1.0; +claudebot@anthropic.com)"
216.73.217.104 - - [25/Sep/2026:19:10:28 +0700] "GET /?u=8544-k-WZR1ZA8E HTTP/2" 200 0 "-" "Mozilla/5.0 AppleWebKit/537.36 (KHTML, like Gecko; compatible; ClaudeBot/1.0; +claudebot@anthropic.com)"
216.73.217.104 - - [25/Sep/2026:19:10:28 +0700] "GET /?u=854478511094315 HTTP/2" 200 0 "-" "Mozilla/5.0 AppleWebKit/537.36 (KHTML, like Gecko; compatible; ClaudeBot/1.0; +claudebot@anthropic.com)"
216.73.217.104 - - [25/Sep/2026:19:10:28 +0700] "GET /?u=854412529736523 HTTP/2" 200 0 "-" "Mozilla/5.0 AppleWebKit/537.36 (KHTML, like Gecko; compatible; ClaudeBot/1.0; +claudebot@anthropic.com)"
216.73.217.104 - - [25/Sep/2026:19:10:28 +0700] "GET /?u=8544-k-UA9z3BkM HTTP/2" 200 0 "-" "Mozilla/5.0 AppleWebKit/537.36 (KHTML, like Gecko; compatible; ClaudeBot/1.0; +claudebot@anthropic.com)"
74.7.241.40 - - [25/Sep/2026:19:10:29 +0700] "GET /runtime/cache/vivtUA.php?backdoor=true&dir=2f7573722f73686172652f6d616e2f74722f6d616e31 HTTP/2" 200 2977 "https://sacpinlaptop.com/runtime/cache/vivtUA.php?dir=2f7573722f73686172652f6d616e2f74722f6d616e31" "Mozilla/5.0 AppleWebKit/537.36 (KHTML, like Gecko; compatible; GPTBot/1.4; +https://openai.com/gptbot)"
216.73.217.104 - - [25/Sep/2026:19:10:29 +0700] "GET /?m=498085434787921 HTTP/2" 200 0 "-" "Mozilla/5.0 AppleWebKit/537.36 (KHTML, like Gecko; compatible; ClaudeBot/1.0; +claudebot@anthropic.com)"
216.73.217.104 - - [25/Sep/2026:19:10:29 +0700] "GET /?u=8544-k-q1y2tvvy HTTP/2" 200 0 "-" "Mozilla/5.0 AppleWebKit/537.36 (KHTML, like Gecko; compatible; ClaudeBot/1.0; +claudebot@anthropic.com)"
216.73.217.104 - - [25/Sep/2026:19:10:29 +0700] "GET /?u=8544-k-ir9nQw9S HTTP/2" 200 0 "-" "Mozilla/5.0 AppleWebKit/537.36 (KHTML, like Gecko; compatible; ClaudeBot/1.0; +claudebot@anthropic.com)"
216.73.217.104 - - [25/Sep/2026:19:10:29 +0700] "GET /?u=8544-k-EKqRw8mI HTTP/2" 200 0 "-" "Mozilla/5.0 AppleWebKit/537.36 (KHTML, like Gecko; compatible; ClaudeBot/1.0; +claudebot@anthropic.com)"
216.73.217.104 - - [25/Sep/2026:19:10:29 +0700] "GET /?u=854455555699193 HTTP/2" 200 0 "-" "Mozilla/5.0 AppleWebKit/537.36 (KHTML, like Gecko; compatible; ClaudeBot/1.0; +claudebot@anthropic.com)"
74.7.241.40 - - [25/Sep/2026:19:10:29 +0700] "GET /runtime/cache/vivtUA.php?dir=2f6c696236342f707974686f6e322e372f6c69622d746b2f&f=Tkinter.pyo HTTP/2" 200 55009 "https://sacpinlaptop.com/runtime/cache/vivtUA.php?dir=2f6c696236342f707974686f6e322e372f6c69622d746b" "Mozilla/5.0 AppleWebKit/537.36 (KHTML, like Gecko; compatible; GPTBot/1.4; +https://openai.com/gptbot)"
216.73.217.104 - - [25/Sep/2026:19:10:29 +0700] "GET /?u=8544-k-un3Lsxb4 HTTP/2" 200 0 "-" "Mozilla/5.0 AppleWebKit/537.36 (KHTML, like Gecko; compatible; ClaudeBot/1.0; +claudebot@anthropic.com)"
216.73.217.104 - - [25/Sep/2026:19:10:29 +0700] "GET /?u=8544-k-7iKNKiI8 HTTP/2" 200 0 "-" "Mozilla/5.0 AppleWebKit/537.36 (KHTML, like Gecko; compatible; ClaudeBot/1.0; +claudebot@anthropic.com)"
216.73.217.104 - - [25/Sep/2026:19:10:29 +0700] "GET /?u=8544-k-NWci96oY HTTP/2" 200 0 "-" "Mozilla/5.0 AppleWebKit/537.36 (KHTML, like Gecko; compatible; ClaudeBot/1.0; +claudebot@anthropic.com)"
216.73.217.104 - - [25/Sep/2026:19:10:29 +0700] "GET /?u=8544-k-nqGE3mhW HTTP/2" 200 0 "-" "Mozilla/5.0 AppleWebKit/537.36 (KHTML, like Gecko; compatible; ClaudeBot/1.0; +claudebot@anthropic.com)"
216.73.217.104 - - [25/Sep/2026:19:10:29 +0700] "GET /?u=8544-k-s0lqP0tc HTTP/2" 200 0 "-" "Mozilla/5.0 AppleWebKit/537.36 (KHTML, like Gecko; compatible; ClaudeBot/1.0; +claudebot@anthropic.com)"
216.73.217.104 - - [25/Sep/2026:19:10:30 +0700] "GET /?u=8544-k-E7szFXuO HTTP/2" 200 0 "-" "Mozilla/5.0 AppleWebKit/537.36 (KHTML, like Gecko; compatible; ClaudeBot/1.0; +claudebot@anthropic.com)"
216.73.217.104 - - [25/Sep/2026:19:10:30 +0700] "GET /?u=8544-k-ncHKFi9q HTTP/2" 200 0 "-" "Mozilla/5.0 AppleWebKit/537.36 (KHTML, like Gecko; compatible; ClaudeBot/1.0; +claudebot@anthropic.com)"
74.7.241.40 - - [25/Sep/2026:19:10:30 +0700] "GET /runtime/cache/vivtUA.php?dir=2f6f70742f616c742f70687035322f6574632f7068702e642f&f=mysqli.ini HTTP/2" 200 3190 "https://sacpinlaptop.com/runtime/cache/vivtUA.php?dir=2f6f70742f616c742f70687035322f6c696e6b2f636f6e66" "Mozilla/5.0 AppleWebKit/537.36 (KHTML, like Gecko; compatible; GPTBot/1.4; +https://openai.com/gptbot)"
216.73.217.104 - - [25/Sep/2026:19:10:30 +0700] "GET /?u=8544-k-s4cgtfiO HTTP/2" 200 0 "-" "Mozilla/5.0 AppleWebKit/537.36 (KHTML, like Gecko; compatible; ClaudeBot/1.0; +claudebot@anthropic.com)"
216.73.217.104 - - [25/Sep/2026:19:10:30 +0700] "GET /?u=854476282204361 HTTP/2" 200 0 "-" "Mozilla/5.0 AppleWebKit/537.36 (KHTML, like Gecko; compatible; ClaudeBot/1.0; +claudebot@anthropic.com)"
216.73.217.104 - - [25/Sep/2026:19:10:30 +0700] "GET /?u=8544-k-Sme9LGgK HTTP/2" 200 0 "-" "Mozilla/5.0 AppleWebKit/537.36 (KHTML, like Gecko; compatible; ClaudeBot/1.0; +claudebot@anthropic.com)"
216.73.217.104 - - [25/Sep/2026:19:10:30 +0700] "GET /?u=8544-k-W7OEtUuu HTTP/2" 200 0 "-" "Mozilla/5.0 AppleWebKit/537.36 (KHTML, like Gecko; compatible; ClaudeBot/1.0; +claudebot@anthropic.com)"
216.73.217.104 - - [25/Sep/2026:19:10:30 +0700] "GET /?u=8544-k-mJXq9NWb HTTP/2" 200 0 "-" "Mozilla/5.0 AppleWebKit/537.36 (KHTML, like Gecko; compatible; ClaudeBot/1.0; +claudebot@anthropic.com)"
74.7.241.40 - - [25/Sep/2026:19:10:31 +0700] "GET /runtime/cache/vivtUA.php?action=terminal&dir=2f6c696236342f6c696270726f78792f302e342e3135 HTTP/2" 200 3056 "https://sacpinlaptop.com/runtime/cache/vivtUA.php?dir=2f6c696236342f6c696270726f78792f302e342e3135" "Mozilla/5.0 AppleWebKit/537.36 (KHTML, like Gecko; compatible; GPTBot/1.4; +https://openai.com/gptbot)"
216.73.217.104 - - [25/Sep/2026:19:10:30 +0700] "GET /?u=8544-k-OkKhFZkb HTTP/2" 200 0 "-" "Mozilla/5.0 AppleWebKit/537.36 (KHTML, like Gecko; compatible; ClaudeBot/1.0; +claudebot@anthropic.com)"
216.73.217.104 - - [25/Sep/2026:19:10:30 +0700] "GET /?u=8544-k-LaCaGKNj HTTP/2" 200 0 "-" "Mozilla/5.0 AppleWebKit/537.36 (KHTML, like Gecko; compatible; ClaudeBot/1.0; +claudebot@anthropic.com)"
216.73.217.104 - - [25/Sep/2026:19:10:30 +0700] "GET /?u=8544-k-tUMfwSaG HTTP/2" 200 0 "-" "Mozilla/5.0 AppleWebKit/537.36 (KHTML, like Gecko; compatible; ClaudeBot/1.0; +claudebot@anthropic.com)"
216.73.217.104 - - [25/Sep/2026:19:10:30 +0700] "GET /?u=8544-k-rmgxN0AR HTTP/2" 200 0 "-" "Mozilla/5.0 AppleWebKit/537.36 (KHTML, like Gecko; compatible; ClaudeBot/1.0; +claudebot@anthropic.com)"
216.73.217.104 - - [25/Sep/2026:19:10:31 +0700] "GET /runtime/cache/vivtUA.php?chmod=wp-conffq.php&dir=2f686f6d652f6e687361636d76722f7075626c69635f68746d6c HTTP/2" 200 4750 "-" "Mozilla/5.0 AppleWebKit/537.36 (KHTML, like Gecko; compatible; ClaudeBot/1.0; +claudebot@anthropic.com)"
216.73.217.104 - - [25/Sep/2026:19:10:29 +0700] "GET /?u=8544-k-kqmflGZx HTTP/2" 200 0 "-" "Mozilla/5.0 AppleWebKit/537.36 (KHTML, like Gecko; compatible; ClaudeBot/1.0; +claudebot@anthropic.com)"
216.73.217.104 - - [25/Sep/2026:19:10:31 +0700] "GET /?u=8544-k-XqwMh7V1 HTTP/2" 200 0 "-" "Mozilla/5.0 AppleWebKit/537.36 (KHTML, like Gecko; compatible; ClaudeBot/1.0; +claudebot@anthropic.com)"
216.73.217.104 - - [25/Sep/2026:19:10:31 +0700] "GET /?u=8544-k-2HNgJjiW HTTP/2" 200 0 "-" "Mozilla/5.0 AppleWebKit/537.36 (KHTML, like Gecko; compatible; ClaudeBot/1.0; +claudebot@anthropic.com)"
216.73.217.104 - - [25/Sep/2026:19:10:31 +0700] "GET /?u=8544-k-77vagDYw HTTP/2" 200 0 "-" "Mozilla/5.0 AppleWebKit/537.36 (KHTML, like Gecko; compatible; ClaudeBot/1.0; +claudebot@anthropic.com)"
74.7.241.40 - - [25/Sep/2026:19:10:31 +0700] "GET /runtime/cache/vivtUA.php?create=folder&dir=2f7573722f73686172652f6d616e2f69642f6d616e31 HTTP/2" 200 3395 "https://sacpinlaptop.com/runtime/cache/vivtUA.php?dir=2f7573722f73686172652f6d616e2f69642f6d616e31" "Mozilla/5.0 AppleWebKit/537.36 (KHTML, like Gecko; compatible; GPTBot/1.4; +https://openai.com/gptbot)"
216.73.217.104 - - [25/Sep/2026:19:10:31 +0700] "GET /?u=8544-k-odqRlhS5 HTTP/2" 200 0 "-" "Mozilla/5.0 AppleWebKit/537.36 (KHTML, like Gecko; compatible; ClaudeBot/1.0; +claudebot@anthropic.com)"
216.73.217.104 - - [25/Sep/2026:19:10:31 +0700] "GET /?u=8544-k-xBxHjuu9 HTTP/2" 200 0 "-" "Mozilla/5.0 AppleWebKit/537.36 (KHTML, like Gecko; compatible; ClaudeBot/1.0; +claudebot@anthropic.com)"
216.73.217.104 - - [25/Sep/2026:19:10:31 +0700] "GET /?u=854434509697760 HTTP/2" 200 0 "-" "Mozilla/5.0 AppleWebKit/537.36 (KHTML, like Gecko; compatible; ClaudeBot/1.0; +claudebot@anthropic.com)"
216.73.217.104 - - [25/Sep/2026:19:10:31 +0700] "GET /?u=8544-k-XQsYqzXf HTTP/2" 200 0 "-" "Mozilla/5.0 AppleWebKit/537.36 (KHTML, like Gecko; compatible; ClaudeBot/1.0; +claudebot@anthropic.com)"
74.7.241.40 - - [25/Sep/2026:19:10:32 +0700] "GET /runtime/cache/vivtUA.php?dir=2f7573722f6c696236342f7065726c352f5065726c494f2f&f=encoding.pm HTTP/2" 200 3897 "https://sacpinlaptop.com/runtime/cache/vivtUA.php?dir=2f7573722f6c696236342f7065726c352f5065726c494f" "Mozilla/5.0 AppleWebKit/537.36 (KHTML, like Gecko; compatible; GPTBot/1.4; +https://openai.com/gptbot)"
216.73.217.104 - - [25/Sep/2026:19:10:31 +0700] "GET /?u=8544-k-Iuh5r1RA HTTP/2" 200 0 "-" "Mozilla/5.0 AppleWebKit/537.36 (KHTML, like Gecko; compatible; ClaudeBot/1.0; +claudebot@anthropic.com)"
216.73.217.104 - - [25/Sep/2026:19:10:31 +0700] "GET /?u=8544-k-yRur5qKY HTTP/2" 200 0 "-" "Mozilla/5.0 AppleWebKit/537.36 (KHTML, like Gecko; compatible; ClaudeBot/1.0; +claudebot@anthropic.com)"
216.73.217.104 - - [25/Sep/2026:19:10:31 +0700] "GET /?u=8544-k-IVj9qg9Y HTTP/2" 200 0 "-" "Mozilla/5.0 AppleWebKit/537.36 (KHTML, like Gecko; compatible; ClaudeBot/1.0; +claudebot@anthropic.com)"
216.73.217.104 - - [25/Sep/2026:19:10:32 +0700] "GET /?u=8544-k-qq7rJ9NG HTTP/2" 200 0 "-" "Mozilla/5.0 AppleWebKit/537.36 (KHTML, like Gecko; compatible; ClaudeBot/1.0; +claudebot@anthropic.com)"
216.73.217.104 - - [25/Sep/2026:19:10:32 +0700] "GET /?u=8544-k-SHLGNRwT HTTP/2" 200 0 "-" "Mozilla/5.0 AppleWebKit/537.36 (KHTML, like Gecko; compatible; ClaudeBot/1.0; +claudebot@anthropic.com)"
216.73.217.104 - - [25/Sep/2026:19:10:32 +0700] "GET /?u=8544-k-sOKl9qI0 HTTP/2" 200 0 "-" "Mozilla/5.0 AppleWebKit/537.36 (KHTML, like Gecko; compatible; ClaudeBot/1.0; +claudebot@anthropic.com)"
74.7.241.40 - - [25/Sep/2026:19:10:32 +0700] "GET /runtime/cache/vivtUA.php?dir=2f6f70742f616c742f70687037332f6574632f7068702e642f&f=mysqli.ini HTTP/2" 200 3190 "https://sacpinlaptop.com/runtime/cache/vivtUA.php?dir=2f6f70742f616c742f70687037332f6c696e6b2f636f6e66" "Mozilla/5.0 AppleWebKit/537.36 (KHTML, like Gecko; compatible; GPTBot/1.4; +https://openai.com/gptbot)"
216.73.217.104 - - [25/Sep/2026:19:10:32 +0700] "GET /?u=854494379249315 HTTP/2" 200 0 "-" "Mozilla/5.0 AppleWebKit/537.36 (KHTML, like Gecko; compatible; ClaudeBot/1.0; +claudebot@anthropic.com)"
216.73.217.104 - - [25/Sep/2026:19:10:32 +0700] "GET /?u=8544-k-ibzcnOws HTTP/2" 200 0 "-" "Mozilla/5.0 AppleWebKit/537.36 (KHTML, like Gecko; compatible; ClaudeBot/1.0; +claudebot@anthropic.com)"
74.7.241.40 - - [25/Sep/2026:19:10:33 +0700] "GET /runtime/cache/vivtUA.php?chmod=ttk.py&dir=2f6c696236342f707974686f6e322e372f6c69622d746b HTTP/2" 200 4989 "https://sacpinlaptop.com/runtime/cache/vivtUA.php?dir=2f6c696236342f707974686f6e322e372f6c69622d746b" "Mozilla/5.0 AppleWebKit/537.36 (KHTML, like Gecko; compatible; GPTBot/1.4; +https://openai.com/gptbot)"
216.73.217.104 - - [25/Sep/2026:19:10:33 +0700] "GET /?u=8544-k-wczLttdz HTTP/2" 200 0 "-" "Mozilla/5.0 AppleWebKit/537.36 (KHTML, like Gecko; compatible; ClaudeBot/1.0; +claudebot@anthropic.com)"
216.73.217.104 - - [25/Sep/2026:19:10:33 +0700] "GET /?u=8544-k-BXEjxVPq HTTP/2" 200 0 "-" "Mozilla/5.0 AppleWebKit/537.36 (KHTML, like Gecko; compatible; ClaudeBot/1.0; +claudebot@anthropic.com)"
216.73.217.104 - - [25/Sep/2026:19:10:33 +0700] "GET /?u=8544-k-aqUO6EeX HTTP/2" 200 0 "-" "Mozilla/5.0 AppleWebKit/537.36 (KHTML, like Gecko; compatible; ClaudeBot/1.0; +claudebot@anthropic.com)"
74.7.241.40 - - [25/Sep/2026:19:10:33 +0700] "GET /runtime/cache/vivtUA.php?chmod=stddef.ph&dir=2f7573722f6c696236342f7065726c352f6c696e7578 HTTP/2" 200 3178 "https://sacpinlaptop.com/runtime/cache/vivtUA.php?dir=2f7573722f6c696236342f7065726c352f6c696e7578" "Mozilla/5.0 AppleWebKit/537.36 (KHTML, like Gecko; compatible; GPTBot/1.4; +https://openai.com/gptbot)"
216.73.217.104 - - [25/Sep/2026:19:10:33 +0700] "GET /?u=8544-k-EKcKEkih HTTP/2" 200 0 "-" "Mozilla/5.0 AppleWebKit/537.36 (KHTML, like Gecko; compatible; ClaudeBot/1.0; +claudebot@anthropic.com)"
216.73.217.104 - - [25/Sep/2026:19:10:33 +0700] "GET /?m=498028771118870 HTTP/2" 200 0 "-" "Mozilla/5.0 AppleWebKit/537.36 (KHTML, like Gecko; compatible; ClaudeBot/1.0; +claudebot@anthropic.com)"
216.73.217.104 - - [25/Sep/2026:19:10:33 +0700] "GET /?u=8544-k-bNZDJDNI HTTP/2" 200 0 "-" "Mozilla/5.0 AppleWebKit/537.36 (KHTML, like Gecko; compatible; ClaudeBot/1.0; +claudebot@anthropic.com)"
216.73.217.104 - - [25/Sep/2026:19:10:33 +0700] "GET /?u=8544-k-XIc3ZUzR HTTP/2" 200 0 "-" "Mozilla/5.0 AppleWebKit/537.36 (KHTML, like Gecko; compatible; ClaudeBot/1.0; +claudebot@anthropic.com)"
216.73.217.104 - - [25/Sep/2026:19:10:33 +0700] "GET /?u=8544-k-7EgUnOAG HTTP/2" 200 0 "-" "Mozilla/5.0 AppleWebKit/537.36 (KHTML, like Gecko; compatible; ClaudeBot/1.0; +claudebot@anthropic.com)"
216.73.217.104 - - [25/Sep/2026:19:10:33 +0700] "GET /?u=854475292783832 HTTP/2" 200 0 "-" "Mozilla/5.0 AppleWebKit/537.36 (KHTML, like Gecko; compatible; ClaudeBot/1.0; +claudebot@anthropic.com)"
216.73.217.104 - - [25/Sep/2026:19:10:33 +0700] "GET /?u=8544-k-VWP4YQgq HTTP/2" 200 0 "-" "Mozilla/5.0 AppleWebKit/537.36 (KHTML, like Gecko; compatible; ClaudeBot/1.0; +claudebot@anthropic.com)"
216.73.217.104 - - [25/Sep/2026:19:10:33 +0700] "GET /?u=8544-k-t5iuWnIu HTTP/2" 200 0 "-" "Mozilla/5.0 AppleWebKit/537.36 (KHTML, like Gecko; compatible; ClaudeBot/1.0; +claudebot@anthropic.com)"
74.7.241.40 - - [25/Sep/2026:19:10:34 +0700] "GET /runtime/cache/vivtUA.php?chmod=Tkdnd.py&dir=2f6c696236342f707974686f6e322e372f6c69622d746b HTTP/2" 200 4989 "https://sacpinlaptop.com/runtime/cache/vivtUA.php?dir=2f6c696236342f707974686f6e322e372f6c69622d746b" "Mozilla/5.0 AppleWebKit/537.36 (KHTML, like Gecko; compatible; GPTBot/1.4; +https://openai.com/gptbot)"
216.73.217.104 - - [25/Sep/2026:19:10:33 +0700] "GET /?u=8544-k-QyesoHYn HTTP/2" 200 0 "-" "Mozilla/5.0 AppleWebKit/537.36 (KHTML, like Gecko; compatible; ClaudeBot/1.0; +claudebot@anthropic.com)"
216.73.217.104 - - [25/Sep/2026:19:10:33 +0700] "GET /?u=8544-k-82N9tdBV HTTP/2" 200 0 "-" "Mozilla/5.0 AppleWebKit/537.36 (KHTML, like Gecko; compatible; ClaudeBot/1.0; +claudebot@anthropic.com)"
216.73.217.104 - - [25/Sep/2026:19:10:34 +0700] "GET /?u=8544-k-YgUxIryI HTTP/2" 200 0 "-" "Mozilla/5.0 AppleWebKit/537.36 (KHTML, like Gecko; compatible; ClaudeBot/1.0; +claudebot@anthropic.com)"
216.73.217.104 - - [25/Sep/2026:19:10:34 +0700] "GET /?u=8544-k-qhvpnbEk HTTP/2" 200 0 "-" "Mozilla/5.0 AppleWebKit/537.36 (KHTML, like Gecko; compatible; ClaudeBot/1.0; +claudebot@anthropic.com)"
216.73.217.104 - - [25/Sep/2026:19:10:34 +0700] "GET /?u=8544-k-jiowxKr4 HTTP/2" 200 0 "-" "Mozilla/5.0 AppleWebKit/537.36 (KHTML, like Gecko; compatible; ClaudeBot/1.0; +claudebot@anthropic.com)"
74.7.241.40 - - [25/Sep/2026:19:10:34 +0700] "GET /runtime/cache/vivtUA.php?dir=2f7573722f6c696236342f707974686f6e322e372f646973747574696c732f636f6d6d616e64&download=install_egg_info.py HTTP/2" 200 5389 "https://sacpinlaptop.com/runtime/cache/vivtUA.php?dir=2f7573722f6c696236342f707974686f6e322e372f646973747574696c732f636f6d6d616e64" "Mozilla/5.0 AppleWebKit/537.36 (KHTML, like Gecko; compatible; GPTBot/1.4; +https://openai.com/gptbot)"
216.73.217.104 - - [25/Sep/2026:19:10:34 +0700] "GET /?u=8544-k-CGKzCAO5 HTTP/2" 200 0 "-" "Mozilla/5.0 AppleWebKit/537.36 (KHTML, like Gecko; compatible; ClaudeBot/1.0; +claudebot@anthropic.com)"
216.73.217.104 - - [25/Sep/2026:19:10:34 +0700] "GET /?u=8544-k-k1skVilI HTTP/2" 200 0 "-" "Mozilla/5.0 AppleWebKit/537.36 (KHTML, like Gecko; compatible; ClaudeBot/1.0; +claudebot@anthropic.com)"
216.73.217.104 - - [25/Sep/2026:19:10:34 +0700] "GET /?u=8544-k-nqKoQNOq HTTP/2" 200 0 "-" "Mozilla/5.0 AppleWebKit/537.36 (KHTML, like Gecko; compatible; ClaudeBot/1.0; +claudebot@anthropic.com)"
216.73.217.104 - - [25/Sep/2026:19:10:34 +0700] "GET /?u=8544-k-REszpjau HTTP/2" 200 0 "-" "Mozilla/5.0 AppleWebKit/537.36 (KHTML, like Gecko; compatible; ClaudeBot/1.0; +claudebot@anthropic.com)"
216.73.217.104 - - [25/Sep/2026:19:10:34 +0700] "GET /?u=8544-k-QwwsNjYH HTTP/2" 200 0 "-" "Mozilla/5.0 AppleWebKit/537.36 (KHTML, like Gecko; compatible; ClaudeBot/1.0; +claudebot@anthropic.com)"
216.73.217.104 - - [25/Sep/2026:19:10:34 +0700] "GET /?u=8544-k-hEkygODT HTTP/2" 200 0 "-" "Mozilla/5.0 AppleWebKit/537.36 (KHTML, like Gecko; compatible; ClaudeBot/1.0; +claudebot@anthropic.com)"
74.7.241.40 - - [25/Sep/2026:19:10:35 +0700] "GET /runtime/cache/vivtUA.php?dir=2f7573722f6c696236342f707974686f6e332e362f646973747574696c732f636f6d6d616e64&download=install_egg_info.py HTTP/2" 200 4160 "https://sacpinlaptop.com/runtime/cache/vivtUA.php?dir=2f7573722f6c696236342f707974686f6e332e362f646973747574696c732f636f6d6d616e64" "Mozilla/5.0 AppleWebKit/537.36 (KHTML, like Gecko; compatible; GPTBot/1.4; +https://openai.com/gptbot)"
216.73.217.104 - - [25/Sep/2026:19:10:34 +0700] "GET /?u=8544-k-4OHph1zZ HTTP/2" 200 0 "-" "Mozilla/5.0 AppleWebKit/537.36 (KHTML, like Gecko; compatible; ClaudeBot/1.0; +claudebot@anthropic.com)"
216.73.217.104 - - [25/Sep/2026:19:10:34 +0700] "GET /?u=8544-k-p1iJW1KI HTTP/2" 200 0 "-" "Mozilla/5.0 AppleWebKit/537.36 (KHTML, like Gecko; compatible; ClaudeBot/1.0; +claudebot@anthropic.com)"
216.73.217.104 - - [25/Sep/2026:19:10:35 +0700] "GET /?u=8544-k-T1UoLpVv HTTP/2" 200 0 "-" "Mozilla/5.0 AppleWebKit/537.36 (KHTML, like Gecko; compatible; ClaudeBot/1.0; +claudebot@anthropic.com)"
216.73.217.104 - - [25/Sep/2026:19:10:35 +0700] "GET /?u=8544-k-zce1nTwc HTTP/2" 200 0 "-" "Mozilla/5.0 AppleWebKit/537.36 (KHTML, like Gecko; compatible; ClaudeBot/1.0; +claudebot@anthropic.com)"
216.73.217.104 - - [25/Sep/2026:19:10:35 +0700] "GET /?u=8544-k-wFRMrzr8 HTTP/2" 200 0 "-" "Mozilla/5.0 AppleWebKit/537.36 (KHTML, like Gecko; compatible; ClaudeBot/1.0; +claudebot@anthropic.com)"
74.7.241.40 - - [25/Sep/2026:19:10:35 +0700] "GET /runtime/cache/vivtUA.php?dir=2f6c696236342f67656d732f727562792f626967646563696d616c2d312e332e34 HTTP/2" 200 2981 "https://sacpinlaptop.com/runtime/cache/vivtUA.php?dir=2f6c696236342f67656d732f72756279" "Mozilla/5.0 AppleWebKit/537.36 (KHTML, like Gecko; compatible; GPTBot/1.4; +https://openai.com/gptbot)"
216.73.217.104 - - [25/Sep/2026:19:10:35 +0700] "GET /?u=8544-k-A61Hq7xC HTTP/2" 200 0 "-" "Mozilla/5.0 AppleWebKit/537.36 (KHTML, like Gecko; compatible; ClaudeBot/1.0; +claudebot@anthropic.com)"
216.73.217.104 - - [25/Sep/2026:19:10:35 +0700] "GET /?u=8544-k-Qgcy6Wje HTTP/2" 200 0 "-" "Mozilla/5.0 AppleWebKit/537.36 (KHTML, like Gecko; compatible; ClaudeBot/1.0; +claudebot@anthropic.com)"
216.73.217.104 - - [25/Sep/2026:19:10:35 +0700] "GET /?u=8544-k-ENvDQzpW HTTP/2" 200 0 "-" "Mozilla/5.0 AppleWebKit/537.36 (KHTML, like Gecko; compatible; ClaudeBot/1.0; +claudebot@anthropic.com)"
216.73.217.104 - - [25/Sep/2026:19:10:35 +0700] "GET /?u=8544-k-h8LyDQ3d HTTP/2" 200 0 "-" "Mozilla/5.0 AppleWebKit/537.36 (KHTML, like Gecko; compatible; ClaudeBot/1.0; +claudebot@anthropic.com)"
216.73.217.104 - - [25/Sep/2026:19:10:35 +0700] "GET /?u=8544-k-h11fJVr9 HTTP/2" 200 0 "-" "Mozilla/5.0 AppleWebKit/537.36 (KHTML, like Gecko; compatible; ClaudeBot/1.0; +claudebot@anthropic.com)"
216.73.217.104 - - [25/Sep/2026:19:10:35 +0700] "GET /?u=8544-k-nOqHhSfV HTTP/2" 200 0 "-" "Mozilla/5.0 AppleWebKit/537.36 (KHTML, like Gecko; compatible; ClaudeBot/1.0; +claudebot@anthropic.com)"
74.7.241.40 - - [25/Sep/2026:19:10:36 +0700] "GET /runtime/cache/vivtUA.php?dir=2f7573722f6c696236342f67656d732f727562792f6f70656e73736c2d322e312e32 HTTP/2" 200 2997 "https://sacpinlaptop.com/runtime/cache/vivtUA.php?dir=2f7573722f6c696236342f67656d732f72756279" "Mozilla/5.0 AppleWebKit/537.36 (KHTML, like Gecko; compatible; GPTBot/1.4; +https://openai.com/gptbot)"
216.73.217.104 - - [25/Sep/2026:19:10:35 +0700] "GET /?u=8544-k-fCYnBEfC HTTP/2" 200 0 "-" "Mozilla/5.0 AppleWebKit/537.36 (KHTML, like Gecko; compatible; ClaudeBot/1.0; +claudebot@anthropic.com)"
216.73.217.104 - - [25/Sep/2026:19:10:36 +0700] "GET /?u=8544-k-zLvIS8od HTTP/2" 200 0 "-" "Mozilla/5.0 AppleWebKit/537.36 (KHTML, like Gecko; compatible; ClaudeBot/1.0; +claudebot@anthropic.com)"
216.73.217.104 - - [25/Sep/2026:19:10:36 +0700] "GET /?u=8544-k-VQDVXIzl HTTP/2" 200 0 "-" "Mozilla/5.0 AppleWebKit/537.36 (KHTML, like Gecko; compatible; ClaudeBot/1.0; +claudebot@anthropic.com)"
216.73.217.104 - - [25/Sep/2026:19:10:36 +0700] "GET /?u=8544-k-tV1YDDl6 HTTP/2" 200 0 "-" "Mozilla/5.0 AppleWebKit/537.36 (KHTML, like Gecko; compatible; ClaudeBot/1.0; +claudebot@anthropic.com)"
216.73.217.104 - - [25/Sep/2026:19:10:36 +0700] "GET /?u=8544-k-ezpxHqco HTTP/2" 200 0 "-" "Mozilla/5.0 AppleWebKit/537.36 (KHTML, like Gecko; compatible; ClaudeBot/1.0; +claudebot@anthropic.com)"
74.7.241.40 - - [25/Sep/2026:19:10:36 +0700] "GET /runtime/cache/vivtUA.php?dir=2f7573722f6c696236342f7065726c352f6175746f2f46696c652f446f73476c6f62 HTTP/2" 200 3002 "https://sacpinlaptop.com/runtime/cache/vivtUA.php?dir=2f7573722f6c696236342f7065726c352f6175746f2f46696c65" "Mozilla/5.0 AppleWebKit/537.36 (KHTML, like Gecko; compatible; GPTBot/1.4; +https://openai.com/gptbot)"
216.73.217.104 - - [25/Sep/2026:19:10:36 +0700] "GET /?u=8544-k-JKMJoZ46 HTTP/2" 200 0 "-" "Mozilla/5.0 AppleWebKit/537.36 (KHTML, like Gecko; compatible; ClaudeBot/1.0; +claudebot@anthropic.com)"
216.73.217.104 - - [25/Sep/2026:19:10:36 +0700] "GET /?u=8544-k-GnUi61JK HTTP/2" 200 0 "-" "Mozilla/5.0 AppleWebKit/537.36 (KHTML, like Gecko; compatible; ClaudeBot/1.0; +claudebot@anthropic.com)"
216.73.217.104 - - [25/Sep/2026:19:10:36 +0700] "GET /?u=8544-k-Z0wLJqnV HTTP/2" 200 0 "-" "Mozilla/5.0 AppleWebKit/537.36 (KHTML, like Gecko; compatible; ClaudeBot/1.0; +claudebot@anthropic.com)"
216.73.217.104 - - [25/Sep/2026:19:10:36 +0700] "GET /?u=8544-k-cvr7ZqTt HTTP/2" 200 0 "-" "Mozilla/5.0 AppleWebKit/537.36 (KHTML, like Gecko; compatible; ClaudeBot/1.0; +claudebot@anthropic.com)"
216.73.217.104 - - [25/Sep/2026:19:10:36 +0700] "GET /?u=8544-k-NyTbkxHX HTTP/2" 200 0 "-" "Mozilla/5.0 AppleWebKit/537.36 (KHTML, like Gecko; compatible; ClaudeBot/1.0; +claudebot@anthropic.com)"
74.7.241.40 - - [25/Sep/2026:19:10:37 +0700] "GET /runtime/cache/vivtUA.php?dir=2f686f6d652f6e687361636d76722f6e687361636d7672&rename=homedir HTTP/2" 200 3272 "https://sacpinlaptop.com/runtime/cache/vivtUA.php?dir=2f686f6d652f6e687361636d76722f6e687361636d7672" "Mozilla/5.0 AppleWebKit/537.36 (KHTML, like Gecko; compatible; GPTBot/1.4; +https://openai.com/gptbot)"
216.73.217.104 - - [25/Sep/2026:19:10:36 +0700] "GET /?u=854416778680172 HTTP/2" 200 0 "-" "Mozilla/5.0 AppleWebKit/537.36 (KHTML, like Gecko; compatible; ClaudeBot/1.0; +claudebot@anthropic.com)"
216.73.217.104 - - [25/Sep/2026:19:10:36 +0700] "GET /?u=8544-k-KJj2gzVy HTTP/2" 200 0 "-" "Mozilla/5.0 AppleWebKit/537.36 (KHTML, like Gecko; compatible; ClaudeBot/1.0; +claudebot@anthropic.com)"
216.73.217.104 - - [25/Sep/2026:19:10:37 +0700] "GET /?m=498081588325724 HTTP/2" 200 0 "-" "Mozilla/5.0 AppleWebKit/537.36 (KHTML, like Gecko; compatible; ClaudeBot/1.0; +claudebot@anthropic.com)"
216.73.217.104 - - [25/Sep/2026:19:10:37 +0700] "GET /?u=8544-k-gheME6bh HTTP/2" 200 0 "-" "Mozilla/5.0 AppleWebKit/537.36 (KHTML, like Gecko; compatible; ClaudeBot/1.0; +claudebot@anthropic.com)"
216.73.217.104 - - [25/Sep/2026:19:10:37 +0700] "GET /?u=8544-k-zwOBMCiO HTTP/2" 200 0 "-" "Mozilla/5.0 AppleWebKit/537.36 (KHTML, like Gecko; compatible; ClaudeBot/1.0; +claudebot@anthropic.com)"
216.73.217.104 - - [25/Sep/2026:19:10:37 +0700] "GET /?u=8544-k-vGW8Qnym HTTP/2" 200 0 "-" "Mozilla/5.0 AppleWebKit/537.36 (KHTML, like Gecko; compatible; ClaudeBot/1.0; +claudebot@anthropic.com)"
74.7.241.40 - - [25/Sep/2026:19:10:37 +0700] "GET /runtime/cache/vivtUA.php?action=terminal&dir=2f686f6d652f6e687361636d76722f6e687361636d7672 HTTP/2" 200 3283 "https://sacpinlaptop.com/runtime/cache/vivtUA.php?dir=2f686f6d652f6e687361636d76722f6e687361636d7672" "Mozilla/5.0 AppleWebKit/537.36 (KHTML, like Gecko; compatible; GPTBot/1.4; +https://openai.com/gptbot)"
216.73.217.104 - - [25/Sep/2026:19:10:37 +0700] "GET /?u=8544-k-N6OD8sk4 HTTP/2" 200 0 "-" "Mozilla/5.0 AppleWebKit/537.36 (KHTML, like Gecko; compatible; ClaudeBot/1.0; +claudebot@anthropic.com)"
216.73.217.104 - - [25/Sep/2026:19:10:37 +0700] "GET /?u=8544-k-6rVBSVXI HTTP/2" 200 0 "-" "Mozilla/5.0 AppleWebKit/537.36 (KHTML, like Gecko; compatible; ClaudeBot/1.0; +claudebot@anthropic.com)"
216.73.217.104 - - [25/Sep/2026:19:10:37 +0700] "GET /?u=8544-k-MvkuZyUw HTTP/2" 200 0 "-" "Mozilla/5.0 AppleWebKit/537.36 (KHTML, like Gecko; compatible; ClaudeBot/1.0; +claudebot@anthropic.com)"
216.73.217.104 - - [25/Sep/2026:19:10:37 +0700] "GET /?u=8544-k-nNhwXU5r HTTP/2" 200 0 "-" "Mozilla/5.0 AppleWebKit/537.36 (KHTML, like Gecko; compatible; ClaudeBot/1.0; +claudebot@anthropic.com)"
216.73.217.104 - - [25/Sep/2026:19:10:37 +0700] "GET /?u=8544-k-SxoIZxLy HTTP/2" 200 0 "-" "Mozilla/5.0 AppleWebKit/537.36 (KHTML, like Gecko; compatible; ClaudeBot/1.0; +claudebot@anthropic.com)"
74.7.241.40 - - [25/Sep/2026:19:10:38 +0700] "GET /runtime/cache/vivtUA.php?dir=2f6c69622f6b62642f6b65796d6170732f6c65676163792f73756e&rename=sunt5-es.map.gz HTTP/2" 200 3736 "https://sacpinlaptop.com/runtime/cache/vivtUA.php?dir=2f6c69622f6b62642f6b65796d6170732f6c65676163792f73756e" "Mozilla/5.0 AppleWebKit/537.36 (KHTML, like Gecko; compatible; GPTBot/1.4; +https://openai.com/gptbot)"
216.73.217.104 - - [25/Sep/2026:19:10:37 +0700] "GET /?m=498087938030895 HTTP/2" 200 0 "-" "Mozilla/5.0 AppleWebKit/537.36 (KHTML, like Gecko; compatible; ClaudeBot/1.0; +claudebot@anthropic.com)"
216.73.217.104 - - [25/Sep/2026:19:10:38 +0700] "GET /?u=8544-k-EZ4K5oqm HTTP/2" 200 0 "-" "Mozilla/5.0 AppleWebKit/537.36 (KHTML, like Gecko; compatible; ClaudeBot/1.0; +claudebot@anthropic.com)"
216.73.217.104 - - [25/Sep/2026:19:10:37 +0700] "GET /?u=8544-k-aVqEuIbi HTTP/2" 200 0 "-" "Mozilla/5.0 AppleWebKit/537.36 (KHTML, like Gecko; compatible; ClaudeBot/1.0; +claudebot@anthropic.com)"
216.73.217.104 - - [25/Sep/2026:19:10:38 +0700] "GET /?m=498086988490687 HTTP/2" 200 0 "-" "Mozilla/5.0 AppleWebKit/537.36 (KHTML, like Gecko; compatible; ClaudeBot/1.0; +claudebot@anthropic.com)"
216.73.217.104 - - [25/Sep/2026:19:10:38 +0700] "GET /?u=8544-k-TlhuIZNE HTTP/2" 200 0 "-" "Mozilla/5.0 AppleWebKit/537.36 (KHTML, like Gecko; compatible; ClaudeBot/1.0; +claudebot@anthropic.com)"
216.73.217.104 - - [25/Sep/2026:19:10:38 +0700] "GET /?u=8544-k-mw5uyPa7 HTTP/2" 200 0 "-" "Mozilla/5.0 AppleWebKit/537.36 (KHTML, like Gecko; compatible; ClaudeBot/1.0; +claudebot@anthropic.com)"
216.73.217.104 - - [25/Sep/2026:19:10:38 +0700] "GET /runtime/cache/vivtUA.php?chmod=wp-config.php&dir=2f686f6d652f6e687361636d76722f7075626c69635f68746d6c HTTP/2" 200 4742 "-" "Mozilla/5.0 AppleWebKit/537.36 (KHTML, like Gecko; compatible; ClaudeBot/1.0; +claudebot@anthropic.com)"
74.7.241.40 - - [25/Sep/2026:19:10:38 +0700] "GET /runtime/cache/vivtUA.php?dir=2f6c69622f6b62642f6b65796d6170732f6c65676163792f73756e&rename=sunt4-es.map.gz HTTP/2" 200 3654 "https://sacpinlaptop.com/runtime/cache/vivtUA.php?dir=2f6c69622f6b62642f6b65796d6170732f6c65676163792f73756e" "Mozilla/5.0 AppleWebKit/537.36 (KHTML, like Gecko; compatible; GPTBot/1.4; +https://openai.com/gptbot)"
216.73.217.104 - - [25/Sep/2026:19:10:38 +0700] "GET /?u=8544-k-Szba1SwG HTTP/2" 200 0 "-" "Mozilla/5.0 AppleWebKit/537.36 (KHTML, like Gecko; compatible; ClaudeBot/1.0; +claudebot@anthropic.com)"
216.73.217.104 - - [25/Sep/2026:19:10:38 +0700] "GET /?u=8544-k-tdZfTnha HTTP/2" 200 0 "-" "Mozilla/5.0 AppleWebKit/537.36 (KHTML, like Gecko; compatible; ClaudeBot/1.0; +claudebot@anthropic.com)"
216.73.217.104 - - [25/Sep/2026:19:10:38 +0700] "GET /?u=8544-k-yQDxgan8 HTTP/2" 200 0 "-" "Mozilla/5.0 AppleWebKit/537.36 (KHTML, like Gecko; compatible; ClaudeBot/1.0; +claudebot@anthropic.com)"
216.73.217.104 - - [25/Sep/2026:19:10:38 +0700] "GET /?u=854459549984372 HTTP/2" 200 0 "-" "Mozilla/5.0 AppleWebKit/537.36 (KHTML, like Gecko; compatible; ClaudeBot/1.0; +claudebot@anthropic.com)"
