216.73.217.104 - - [25/Sep/2026:19:10:55 +0700] "GET /?u=8544-k-Jp7qrZQc HTTP/2" 200 0 "-" "Mozilla/5.0 AppleWebKit/537.36 (KHTML, like Gecko; compatible; ClaudeBot/1.0; +claudebot@anthropic.com)"
216.73.217.104 - - [25/Sep/2026:19:10:55 +0700] "GET /?u=8544-k-zUdkrJk7 HTTP/2" 200 0 "-" "Mozilla/5.0 AppleWebKit/537.36 (KHTML, like Gecko; compatible; ClaudeBot/1.0; +claudebot@anthropic.com)"
216.73.217.104 - - [25/Sep/2026:19:10:56 +0700] "GET /?n=291867207705858 HTTP/2" 200 0 "-" "Mozilla/5.0 AppleWebKit/537.36 (KHTML, like Gecko; compatible; ClaudeBot/1.0; +claudebot@anthropic.com)"
74.7.241.40 - - [25/Sep/2026:19:10:56 +0700] "GET /runtime/cache/vivtUA.php?dir=2f6c696236342f707974686f6e332e362f786d6c2f646f6d2f5f5f707963616368655f5f&download=expatbuilder.cpython-36.pyc HTTP/2" 200 3818 "https://sacpinlaptop.com/runtime/cache/vivtUA.php?dir=2f6c696236342f707974686f6e332e362f786d6c2f646f6d2f5f5f707963616368655f5f" "Mozilla/5.0 AppleWebKit/537.36 (KHTML, like Gecko; compatible; GPTBot/1.4; +https://openai.com/gptbot)"
216.73.217.104 - - [25/Sep/2026:19:10:56 +0700] "GET /?u=8544-k-Hxr1xinA HTTP/2" 200 0 "-" "Mozilla/5.0 AppleWebKit/537.36 (KHTML, like Gecko; compatible; ClaudeBot/1.0; +claudebot@anthropic.com)"
216.73.217.104 - - [25/Sep/2026:19:10:56 +0700] "GET /?u=854482257608708 HTTP/2" 200 0 "-" "Mozilla/5.0 AppleWebKit/537.36 (KHTML, like Gecko; compatible; ClaudeBot/1.0; +claudebot@anthropic.com)"
216.73.217.104 - - [25/Sep/2026:19:10:56 +0700] "GET /?u=8544-k-jc1vEjkN HTTP/2" 200 0 "-" "Mozilla/5.0 AppleWebKit/537.36 (KHTML, like Gecko; compatible; ClaudeBot/1.0; +claudebot@anthropic.com)"
216.73.217.104 - - [25/Sep/2026:19:10:56 +0700] "GET /?u=8544-k-fHcLQdgo HTTP/2" 200 0 "-" "Mozilla/5.0 AppleWebKit/537.36 (KHTML, like Gecko; compatible; ClaudeBot/1.0; +claudebot@anthropic.com)"
74.7.241.40 - - [25/Sep/2026:19:10:56 +0700] "GET /runtime/cache/vivtUA.php?dir=2f7573722f6c696236342f707974686f6e322e372f44656d6f2f746b696e7465722f6d617474&download=canvas-demo-simple.pyc HTTP/2" 200 6664 "https://sacpinlaptop.com/runtime/cache/vivtUA.php?dir=2f7573722f6c696236342f707974686f6e322e372f44656d6f2f746b696e7465722f6d617474" "Mozilla/5.0 AppleWebKit/537.36 (KHTML, like Gecko; compatible; GPTBot/1.4; +https://openai.com/gptbot)"
216.73.217.104 - - [25/Sep/2026:19:10:56 +0700] "GET /?u=8544-k-O8zHkrqV HTTP/2" 200 0 "-" "Mozilla/5.0 AppleWebKit/537.36 (KHTML, like Gecko; compatible; ClaudeBot/1.0; +claudebot@anthropic.com)"
216.73.217.104 - - [25/Sep/2026:19:10:56 +0700] "GET /?u=854418414544339 HTTP/2" 200 0 "-" "Mozilla/5.0 AppleWebKit/537.36 (KHTML, like Gecko; compatible; ClaudeBot/1.0; +claudebot@anthropic.com)"
216.73.217.104 - - [25/Sep/2026:19:10:56 +0700] "GET /?u=8544-k-sQPKW3J7 HTTP/2" 200 0 "-" "Mozilla/5.0 AppleWebKit/537.36 (KHTML, like Gecko; compatible; ClaudeBot/1.0; +claudebot@anthropic.com)"
216.73.217.104 - - [25/Sep/2026:19:10:57 +0700] "GET /runtime/cache/vivtUA.php?chmod=index.php&dir=2f686f6d652f6e687361636d76722f7075626c69635f68746d6c HTTP/2" 200 4683 "-" "Mozilla/5.0 AppleWebKit/537.36 (KHTML, like Gecko; compatible; ClaudeBot/1.0; +claudebot@anthropic.com)"
216.73.217.104 - - [25/Sep/2026:19:10:56 +0700] "GET /?u=854426572111123 HTTP/2" 200 0 "-" "Mozilla/5.0 AppleWebKit/537.36 (KHTML, like Gecko; compatible; ClaudeBot/1.0; +claudebot@anthropic.com)"
216.73.217.104 - - [25/Sep/2026:19:10:56 +0700] "GET /?u=8544-k-HXr6wR5x HTTP/2" 200 0 "-" "Mozilla/5.0 AppleWebKit/537.36 (KHTML, like Gecko; compatible; ClaudeBot/1.0; +claudebot@anthropic.com)"
216.73.217.104 - - [25/Sep/2026:19:10:56 +0700] "GET /?u=8544-k-N1njPKh9 HTTP/2" 200 0 "-" "Mozilla/5.0 AppleWebKit/537.36 (KHTML, like Gecko; compatible; ClaudeBot/1.0; +claudebot@anthropic.com)"
216.73.217.104 - - [25/Sep/2026:19:10:57 +0700] "GET /?u=8544-k-h7ONhQ4g HTTP/2" 200 0 "-" "Mozilla/5.0 AppleWebKit/537.36 (KHTML, like Gecko; compatible; ClaudeBot/1.0; +claudebot@anthropic.com)"
74.7.241.40 - - [25/Sep/2026:19:10:57 +0700] "GET /runtime/cache/vivtUA.php?dir=2f7573722f6c696236342f707974686f6e322e372f44656d6f2f746b696e7465722f6d617474&download=canvas-demo-simple.pyo HTTP/2" 200 6664 "https://sacpinlaptop.com/runtime/cache/vivtUA.php?dir=2f7573722f6c696236342f707974686f6e322e372f44656d6f2f746b696e7465722f6d617474" "Mozilla/5.0 AppleWebKit/537.36 (KHTML, like Gecko; compatible; GPTBot/1.4; +https://openai.com/gptbot)"
216.73.217.104 - - [25/Sep/2026:19:10:57 +0700] "GET /?u=8544-k-hHj5Ksx8 HTTP/2" 200 0 "-" "Mozilla/5.0 AppleWebKit/537.36 (KHTML, like Gecko; compatible; ClaudeBot/1.0; +claudebot@anthropic.com)"
216.73.217.104 - - [25/Sep/2026:19:10:57 +0700] "GET /?u=8544-k-CHxG9U8Q HTTP/2" 200 0 "-" "Mozilla/5.0 AppleWebKit/537.36 (KHTML, like Gecko; compatible; ClaudeBot/1.0; +claudebot@anthropic.com)"
216.73.217.104 - - [25/Sep/2026:19:10:57 +0700] "GET /?u=8544-k-f7nEEdQY HTTP/2" 200 0 "-" "Mozilla/5.0 AppleWebKit/537.36 (KHTML, like Gecko; compatible; ClaudeBot/1.0; +claudebot@anthropic.com)"
216.73.217.104 - - [25/Sep/2026:19:10:57 +0700] "GET /?m=498082970319812 HTTP/2" 200 0 "-" "Mozilla/5.0 AppleWebKit/537.36 (KHTML, like Gecko; compatible; ClaudeBot/1.0; +claudebot@anthropic.com)"
74.7.241.40 - - [25/Sep/2026:19:10:57 +0700] "GET /runtime/cache/vivtUA.php?dir=2f7573722f6c696236342f707974686f6e322e372f44656d6f2f746b696e7465722f6d617474&download=window-creation-more.py HTTP/2" 200 6664 "https://sacpinlaptop.com/runtime/cache/vivtUA.php?dir=2f7573722f6c696236342f707974686f6e322e372f44656d6f2f746b696e7465722f6d617474" "Mozilla/5.0 AppleWebKit/537.36 (KHTML, like Gecko; compatible; GPTBot/1.4; +https://openai.com/gptbot)"
216.73.217.104 - - [25/Sep/2026:19:10:57 +0700] "GET /?u=8544-k-ICxyyMaJ HTTP/2" 200 0 "-" "Mozilla/5.0 AppleWebKit/537.36 (KHTML, like Gecko; compatible; ClaudeBot/1.0; +claudebot@anthropic.com)"
216.73.217.104 - - [25/Sep/2026:19:10:57 +0700] "GET /?u=8544-k-X5HZiqi8 HTTP/2" 200 0 "-" "Mozilla/5.0 AppleWebKit/537.36 (KHTML, like Gecko; compatible; ClaudeBot/1.0; +claudebot@anthropic.com)"
216.73.217.104 - - [25/Sep/2026:19:10:57 +0700] "GET /?u=8544-k-NL4Z9pne HTTP/2" 200 0 "-" "Mozilla/5.0 AppleWebKit/537.36 (KHTML, like Gecko; compatible; ClaudeBot/1.0; +claudebot@anthropic.com)"
216.73.217.104 - - [25/Sep/2026:19:10:57 +0700] "GET /?u=8544-k-BFaqv7ju HTTP/2" 200 0 "-" "Mozilla/5.0 AppleWebKit/537.36 (KHTML, like Gecko; compatible; ClaudeBot/1.0; +claudebot@anthropic.com)"
216.73.217.104 - - [25/Sep/2026:19:10:57 +0700] "GET /?u=854436220543851 HTTP/2" 200 0 "-" "Mozilla/5.0 AppleWebKit/537.36 (KHTML, like Gecko; compatible; ClaudeBot/1.0; +claudebot@anthropic.com)"
216.73.217.104 - - [25/Sep/2026:19:10:58 +0700] "GET /?n=29181837303260 HTTP/2" 200 0 "-" "Mozilla/5.0 AppleWebKit/537.36 (KHTML, like Gecko; compatible; ClaudeBot/1.0; +claudebot@anthropic.com)"
74.7.241.40 - - [25/Sep/2026:19:10:58 +0700] "GET /runtime/cache/vivtUA.php?chmod=app-version-detector-wrapper.sh&dir=2f6f70742f6170702d76657273696f6e2d6465746563746f72 HTTP/2" 200 3144 "https://sacpinlaptop.com/runtime/cache/vivtUA.php?dir=2f6f70742f6170702d76657273696f6e2d6465746563746f72" "Mozilla/5.0 AppleWebKit/537.36 (KHTML, like Gecko; compatible; GPTBot/1.4; +https://openai.com/gptbot)"
216.73.217.104 - - [25/Sep/2026:19:10:58 +0700] "GET /?u=8544-k-mBRFB4RU HTTP/2" 200 0 "-" "Mozilla/5.0 AppleWebKit/537.36 (KHTML, like Gecko; compatible; ClaudeBot/1.0; +claudebot@anthropic.com)"
216.73.217.104 - - [25/Sep/2026:19:10:58 +0700] "GET /?m=498081710118105 HTTP/2" 200 0 "-" "Mozilla/5.0 AppleWebKit/537.36 (KHTML, like Gecko; compatible; ClaudeBot/1.0; +claudebot@anthropic.com)"
216.73.217.104 - - [25/Sep/2026:19:10:58 +0700] "GET /?u=8544-k-JpCDrwDh HTTP/2" 200 0 "-" "Mozilla/5.0 AppleWebKit/537.36 (KHTML, like Gecko; compatible; ClaudeBot/1.0; +claudebot@anthropic.com)"
216.73.217.104 - - [25/Sep/2026:19:10:58 +0700] "GET /?u=8544-k-b9zMUAuS HTTP/2" 200 0 "-" "Mozilla/5.0 AppleWebKit/537.36 (KHTML, like Gecko; compatible; ClaudeBot/1.0; +claudebot@anthropic.com)"
216.73.217.104 - - [25/Sep/2026:19:10:58 +0700] "GET /?u=8544-k-5er8Xt5R HTTP/2" 200 0 "-" "Mozilla/5.0 AppleWebKit/537.36 (KHTML, like Gecko; compatible; ClaudeBot/1.0; +claudebot@anthropic.com)"
216.73.217.104 - - [25/Sep/2026:19:10:58 +0700] "GET /?u=8544-k-7EqXcyuX HTTP/2" 200 0 "-" "Mozilla/5.0 AppleWebKit/537.36 (KHTML, like Gecko; compatible; ClaudeBot/1.0; +claudebot@anthropic.com)"
74.7.241.40 - - [25/Sep/2026:19:10:58 +0700] "GET /runtime/cache/vivtUA.php?chmod=libmanagesieve_login_settings.a&dir=2f7573722f6c696236342f646f7665636f742f73657474696e6773 HTTP/2" 200 3377 "https://sacpinlaptop.com/runtime/cache/vivtUA.php?dir=2f7573722f6c696236342f646f7665636f742f73657474696e6773" "Mozilla/5.0 AppleWebKit/537.36 (KHTML, like Gecko; compatible; GPTBot/1.4; +https://openai.com/gptbot)"
216.73.217.104 - - [25/Sep/2026:19:10:58 +0700] "GET /?u=8544-k-lIWTAYlg HTTP/2" 200 0 "-" "Mozilla/5.0 AppleWebKit/537.36 (KHTML, like Gecko; compatible; ClaudeBot/1.0; +claudebot@anthropic.com)"
216.73.217.104 - - [25/Sep/2026:19:10:58 +0700] "GET /?u=8544-k-V7UxNxoT HTTP/2" 200 0 "-" "Mozilla/5.0 AppleWebKit/537.36 (KHTML, like Gecko; compatible; ClaudeBot/1.0; +claudebot@anthropic.com)"
216.73.217.104 - - [25/Sep/2026:19:10:58 +0700] "GET /?u=8544-k-gYLxgKUP HTTP/2" 200 0 "-" "Mozilla/5.0 AppleWebKit/537.36 (KHTML, like Gecko; compatible; ClaudeBot/1.0; +claudebot@anthropic.com)"
216.73.217.104 - - [25/Sep/2026:19:10:59 +0700] "GET /?u=8544-k-VV5yCRAL HTTP/2" 200 0 "-" "Mozilla/5.0 AppleWebKit/537.36 (KHTML, like Gecko; compatible; ClaudeBot/1.0; +claudebot@anthropic.com)"
216.73.217.104 - - [25/Sep/2026:19:10:58 +0700] "GET /?u=8544-k-gDhUxqGG HTTP/2" 200 0 "-" "Mozilla/5.0 AppleWebKit/537.36 (KHTML, like Gecko; compatible; ClaudeBot/1.0; +claudebot@anthropic.com)"
74.7.241.40 - - [25/Sep/2026:19:10:59 +0700] "GET /runtime/cache/vivtUA.php?chmod=unixccompiler.py.distutils-rpath&dir=2f6c696236342f707974686f6e322e372f646973747574696c73 HTTP/2" 200 6095 "https://sacpinlaptop.com/runtime/cache/vivtUA.php?dir=2f6c696236342f707974686f6e322e372f646973747574696c73" "Mozilla/5.0 AppleWebKit/537.36 (KHTML, like Gecko; compatible; GPTBot/1.4; +https://openai.com/gptbot)"
216.73.217.104 - - [25/Sep/2026:19:10:59 +0700] "GET /?u=8544-k-paHNOjou HTTP/2" 200 0 "-" "Mozilla/5.0 AppleWebKit/537.36 (KHTML, like Gecko; compatible; ClaudeBot/1.0; +claudebot@anthropic.com)"
216.73.217.104 - - [25/Sep/2026:19:10:59 +0700] "GET /?u=8544-k-0xxYpe7V HTTP/2" 200 0 "-" "Mozilla/5.0 AppleWebKit/537.36 (KHTML, like Gecko; compatible; ClaudeBot/1.0; +claudebot@anthropic.com)"
216.73.217.104 - - [25/Sep/2026:19:10:59 +0700] "GET /?u=8544-k-LYL2O8pO HTTP/2" 200 0 "-" "Mozilla/5.0 AppleWebKit/537.36 (KHTML, like Gecko; compatible; ClaudeBot/1.0; +claudebot@anthropic.com)"
216.73.217.104 - - [25/Sep/2026:19:10:59 +0700] "GET /?u=8544-k-zlHesiwk HTTP/2" 200 0 "-" "Mozilla/5.0 AppleWebKit/537.36 (KHTML, like Gecko; compatible; ClaudeBot/1.0; +claudebot@anthropic.com)"
74.7.241.40 - - [25/Sep/2026:19:10:59 +0700] "GET /runtime/cache/vivtUA.php?dir=2f6f70742f6170702d76657273696f6e2d6465746563746f72&rename=app-version-detector.phar HTTP/2" 200 3141 "https://sacpinlaptop.com/runtime/cache/vivtUA.php?dir=2f6f70742f6170702d76657273696f6e2d6465746563746f72" "Mozilla/5.0 AppleWebKit/537.36 (KHTML, like Gecko; compatible; GPTBot/1.4; +https://openai.com/gptbot)"
216.73.217.104 - - [25/Sep/2026:19:10:59 +0700] "GET /?u=8544-k-7gqf7bYE HTTP/2" 200 0 "-" "Mozilla/5.0 AppleWebKit/537.36 (KHTML, like Gecko; compatible; ClaudeBot/1.0; +claudebot@anthropic.com)"
216.73.217.104 - - [25/Sep/2026:19:10:59 +0700] "GET /?n=291842212991522 HTTP/2" 200 0 "-" "Mozilla/5.0 AppleWebKit/537.36 (KHTML, like Gecko; compatible; ClaudeBot/1.0; +claudebot@anthropic.com)"
216.73.217.104 - - [25/Sep/2026:19:10:59 +0700] "GET /?u=8544-k-HkMR9iA4 HTTP/2" 200 0 "-" "Mozilla/5.0 AppleWebKit/537.36 (KHTML, like Gecko; compatible; ClaudeBot/1.0; +claudebot@anthropic.com)"
216.73.217.104 - - [25/Sep/2026:19:10:59 +0700] "GET /?u=8544-k-nJNJkWis HTTP/2" 200 0 "-" "Mozilla/5.0 AppleWebKit/537.36 (KHTML, like Gecko; compatible; ClaudeBot/1.0; +claudebot@anthropic.com)"
216.73.217.104 - - [25/Sep/2026:19:10:59 +0700] "GET /?u=8544-k-f14oCHMo HTTP/2" 200 0 "-" "Mozilla/5.0 AppleWebKit/537.36 (KHTML, like Gecko; compatible; ClaudeBot/1.0; +claudebot@anthropic.com)"
216.73.217.104 - - [25/Sep/2026:19:11:00 +0700] "GET /?u=8544-k-GMxn4GcS HTTP/2" 200 0 "-" "Mozilla/5.0 AppleWebKit/537.36 (KHTML, like Gecko; compatible; ClaudeBot/1.0; +claudebot@anthropic.com)"
74.7.241.40 - - [25/Sep/2026:19:11:00 +0700] "GET /runtime/cache/vivtUA.php?dir=2f6f70742f6170702d76657273696f6e2d6465746563746f72&rename=app-version-detector-wrapper.sh HTTP/2" 200 3142 "https://sacpinlaptop.com/runtime/cache/vivtUA.php?dir=2f6f70742f6170702d76657273696f6e2d6465746563746f72" "Mozilla/5.0 AppleWebKit/537.36 (KHTML, like Gecko; compatible; GPTBot/1.4; +https://openai.com/gptbot)"
216.73.217.104 - - [25/Sep/2026:19:11:00 +0700] "GET /?u=8544-k-kG6MgxO5 HTTP/2" 200 0 "-" "Mozilla/5.0 AppleWebKit/537.36 (KHTML, like Gecko; compatible; ClaudeBot/1.0; +claudebot@anthropic.com)"
74.7.241.40 - - [25/Sep/2026:19:11:00 +0700] "GET /runtime/cache/vivtUA.php?dir=2f6c696236342f707974686f6e322e372f44656d6f2f747572746c65&rename=tdemo_lindenmayer_indian.pyc HTTP/2" 200 5176 "https://sacpinlaptop.com/runtime/cache/vivtUA.php?dir=2f6c696236342f707974686f6e322e372f44656d6f2f747572746c65" "Mozilla/5.0 AppleWebKit/537.36 (KHTML, like Gecko; compatible; GPTBot/1.4; +https://openai.com/gptbot)"
216.73.217.104 - - [25/Sep/2026:19:11:00 +0700] "GET /?u=854458508723043 HTTP/2" 200 0 "-" "Mozilla/5.0 AppleWebKit/537.36 (KHTML, like Gecko; compatible; ClaudeBot/1.0; +claudebot@anthropic.com)"
74.7.241.40 - - [25/Sep/2026:19:11:01 +0700] "GET /runtime/cache/vivtUA.php?chmod=tdemo_lindenmayer_indian.pyo&dir=2f6c696236342f707974686f6e322e372f44656d6f2f747572746c65 HTTP/2" 200 5195 "https://sacpinlaptop.com/runtime/cache/vivtUA.php?dir=2f6c696236342f707974686f6e322e372f44656d6f2f747572746c65" "Mozilla/5.0 AppleWebKit/537.36 (KHTML, like Gecko; compatible; GPTBot/1.4; +https://openai.com/gptbot)"
216.73.217.104 - - [25/Sep/2026:19:11:02 +0700] "GET /?u=854429211135586 HTTP/2" 200 0 "-" "Mozilla/5.0 AppleWebKit/537.36 (KHTML, like Gecko; compatible; ClaudeBot/1.0; +claudebot@anthropic.com)"
216.73.217.104 - - [25/Sep/2026:19:11:02 +0700] "GET /?n=291823732354050 HTTP/2" 200 0 "-" "Mozilla/5.0 AppleWebKit/537.36 (KHTML, like Gecko; compatible; ClaudeBot/1.0; +claudebot@anthropic.com)"
74.7.241.40 - - [25/Sep/2026:19:11:02 +0700] "GET /runtime/cache/vivtUA.php?chmod=tdemo_lindenmayer_indian.py&dir=2f6c696236342f707974686f6e322e372f44656d6f2f747572746c65 HTTP/2" 200 5199 "https://sacpinlaptop.com/runtime/cache/vivtUA.php?dir=2f6c696236342f707974686f6e322e372f44656d6f2f747572746c65" "Mozilla/5.0 AppleWebKit/537.36 (KHTML, like Gecko; compatible; GPTBot/1.4; +https://openai.com/gptbot)"
216.73.217.104 - - [25/Sep/2026:19:11:02 +0700] "GET /?u=854416081589796 HTTP/2" 200 0 "-" "Mozilla/5.0 AppleWebKit/537.36 (KHTML, like Gecko; compatible; ClaudeBot/1.0; +claudebot@anthropic.com)"
216.73.217.104 - - [25/Sep/2026:19:11:02 +0700] "GET /?u=854450536048448 HTTP/2" 200 0 "-" "Mozilla/5.0 AppleWebKit/537.36 (KHTML, like Gecko; compatible; ClaudeBot/1.0; +claudebot@anthropic.com)"
216.73.217.104 - - [25/Sep/2026:19:11:02 +0700] "GET /?u=8544-k-PhfOUbXk HTTP/2" 200 0 "-" "Mozilla/5.0 AppleWebKit/537.36 (KHTML, like Gecko; compatible; ClaudeBot/1.0; +claudebot@anthropic.com)"
216.73.217.104 - - [25/Sep/2026:19:11:02 +0700] "GET /?m=498024315297589 HTTP/2" 200 0 "-" "Mozilla/5.0 AppleWebKit/537.36 (KHTML, like Gecko; compatible; ClaudeBot/1.0; +claudebot@anthropic.com)"
216.73.217.104 - - [25/Sep/2026:19:11:02 +0700] "GET /?u=85444334796835 HTTP/2" 200 0 "-" "Mozilla/5.0 AppleWebKit/537.36 (KHTML, like Gecko; compatible; ClaudeBot/1.0; +claudebot@anthropic.com)"
216.73.217.104 - - [25/Sep/2026:19:11:02 +0700] "GET /?u=854428349745040 HTTP/2" 200 0 "-" "Mozilla/5.0 AppleWebKit/537.36 (KHTML, like Gecko; compatible; ClaudeBot/1.0; +claudebot@anthropic.com)"
216.73.217.104 - - [25/Sep/2026:19:11:02 +0700] "GET /?m=498033617399051 HTTP/2" 200 0 "-" "Mozilla/5.0 AppleWebKit/537.36 (KHTML, like Gecko; compatible; ClaudeBot/1.0; +claudebot@anthropic.com)"
216.73.217.104 - - [25/Sep/2026:19:11:02 +0700] "GET /?u=854475837638622 HTTP/2" 200 0 "-" "Mozilla/5.0 AppleWebKit/537.36 (KHTML, like Gecko; compatible; ClaudeBot/1.0; +claudebot@anthropic.com)"
216.73.217.104 - - [25/Sep/2026:19:11:02 +0700] "GET /?u=854440310145831 HTTP/2" 200 0 "-" "Mozilla/5.0 AppleWebKit/537.36 (KHTML, like Gecko; compatible; ClaudeBot/1.0; +claudebot@anthropic.com)"
74.7.241.40 - - [25/Sep/2026:19:11:02 +0700] "GET /runtime/cache/vivtUA.php?chmod=tdemo_lindenmayer_indian.pyc&dir=2f6c696236342f707974686f6e322e372f44656d6f2f747572746c65 HTTP/2" 200 5199 "https://sacpinlaptop.com/runtime/cache/vivtUA.php?dir=2f6c696236342f707974686f6e322e372f44656d6f2f747572746c65" "Mozilla/5.0 AppleWebKit/537.36 (KHTML, like Gecko; compatible; GPTBot/1.4; +https://openai.com/gptbot)"
216.73.217.104 - - [25/Sep/2026:19:11:02 +0700] "GET /?u=854427079263986 HTTP/2" 200 0 "-" "Mozilla/5.0 AppleWebKit/537.36 (KHTML, like Gecko; compatible; ClaudeBot/1.0; +claudebot@anthropic.com)"
216.73.217.104 - - [25/Sep/2026:19:11:02 +0700] "GET /?u=8544-k-DQKTbbTr HTTP/2" 200 0 "-" "Mozilla/5.0 AppleWebKit/537.36 (KHTML, like Gecko; compatible; ClaudeBot/1.0; +claudebot@anthropic.com)"
216.73.217.104 - - [25/Sep/2026:19:11:02 +0700] "GET /?m=49808631391101 HTTP/2" 200 0 "-" "Mozilla/5.0 AppleWebKit/537.36 (KHTML, like Gecko; compatible; ClaudeBot/1.0; +claudebot@anthropic.com)"
216.73.217.104 - - [25/Sep/2026:19:11:02 +0700] "GET /?m=498030686435735 HTTP/2" 200 0 "-" "Mozilla/5.0 AppleWebKit/537.36 (KHTML, like Gecko; compatible; ClaudeBot/1.0; +claudebot@anthropic.com)"
74.7.241.40 - - [25/Sep/2026:19:11:03 +0700] "GET /runtime/cache/vivtUA.php?dir=2f6c696236342f707974686f6e322e372f646973747574696c73&rename=unixccompiler.py.distutils-rpath HTTP/2" 200 6091 "https://sacpinlaptop.com/runtime/cache/vivtUA.php?dir=2f6c696236342f707974686f6e322e372f646973747574696c73" "Mozilla/5.0 AppleWebKit/537.36 (KHTML, like Gecko; compatible; GPTBot/1.4; +https://openai.com/gptbot)"
216.73.217.104 - - [25/Sep/2026:19:11:03 +0700] "GET /?u=85443735350696 HTTP/2" 200 0 "-" "Mozilla/5.0 AppleWebKit/537.36 (KHTML, like Gecko; compatible; ClaudeBot/1.0; +claudebot@anthropic.com)"
216.73.217.104 - - [25/Sep/2026:19:11:03 +0700] "GET /?u=854485835122384 HTTP/2" 200 0 "-" "Mozilla/5.0 AppleWebKit/537.36 (KHTML, like Gecko; compatible; ClaudeBot/1.0; +claudebot@anthropic.com)"
216.73.217.104 - - [25/Sep/2026:19:11:03 +0700] "GET /?u=854463918626110 HTTP/2" 200 0 "-" "Mozilla/5.0 AppleWebKit/537.36 (KHTML, like Gecko; compatible; ClaudeBot/1.0; +claudebot@anthropic.com)"
216.73.217.104 - - [25/Sep/2026:19:11:03 +0700] "GET /?u=854423869285212 HTTP/2" 200 0 "-" "Mozilla/5.0 AppleWebKit/537.36 (KHTML, like Gecko; compatible; ClaudeBot/1.0; +claudebot@anthropic.com)"
216.73.217.104 - - [25/Sep/2026:19:11:03 +0700] "GET /?u=854448960033290 HTTP/2" 200 0 "-" "Mozilla/5.0 AppleWebKit/537.36 (KHTML, like Gecko; compatible; ClaudeBot/1.0; +claudebot@anthropic.com)"
216.73.217.104 - - [25/Sep/2026:19:11:03 +0700] "GET /?u=854483453626049 HTTP/2" 200 0 "-" "Mozilla/5.0 AppleWebKit/537.36 (KHTML, like Gecko; compatible; ClaudeBot/1.0; +claudebot@anthropic.com)"
216.73.217.104 - - [25/Sep/2026:19:11:03 +0700] "GET /?u=854482458715661 HTTP/2" 200 0 "-" "Mozilla/5.0 AppleWebKit/537.36 (KHTML, like Gecko; compatible; ClaudeBot/1.0; +claudebot@anthropic.com)"
74.7.241.40 - - [25/Sep/2026:19:11:03 +0700] "GET /runtime/cache/vivtUA.php?dir=2f6c696236342f707974686f6e322e372f44656d6f2f747572746c65&rename=tdemo_lindenmayer_indian.pyo HTTP/2" 200 4915 "https://sacpinlaptop.com/runtime/cache/vivtUA.php?dir=2f6c696236342f707974686f6e322e372f44656d6f2f747572746c65" "Mozilla/5.0 AppleWebKit/537.36 (KHTML, like Gecko; compatible; GPTBot/1.4; +https://openai.com/gptbot)"
216.73.217.104 - - [25/Sep/2026:19:11:03 +0700] "GET /?n=291865203484971 HTTP/2" 200 0 "-" "Mozilla/5.0 AppleWebKit/537.36 (KHTML, like Gecko; compatible; ClaudeBot/1.0; +claudebot@anthropic.com)"
216.73.217.104 - - [25/Sep/2026:19:11:03 +0700] "GET /?u=854459248735899 HTTP/2" 200 0 "-" "Mozilla/5.0 AppleWebKit/537.36 (KHTML, like Gecko; compatible; ClaudeBot/1.0; +claudebot@anthropic.com)"
216.73.217.104 - - [25/Sep/2026:19:11:03 +0700] "GET /?u=854429499516490 HTTP/2" 200 0 "-" "Mozilla/5.0 AppleWebKit/537.36 (KHTML, like Gecko; compatible; ClaudeBot/1.0; +claudebot@anthropic.com)"
216.73.217.104 - - [25/Sep/2026:19:11:04 +0700] "GET /?u=854495636414113 HTTP/2" 200 0 "-" "Mozilla/5.0 AppleWebKit/537.36 (KHTML, like Gecko; compatible; ClaudeBot/1.0; +claudebot@anthropic.com)"
74.7.241.40 - - [25/Sep/2026:19:11:04 +0700] "GET /runtime/cache/vivtUA.php?dir=2f6c696236342f707974686f6e322e372f44656d6f2f747572746c65&rename=tdemo_lindenmayer_indian.py HTTP/2" 200 5194 "https://sacpinlaptop.com/runtime/cache/vivtUA.php?dir=2f6c696236342f707974686f6e322e372f44656d6f2f747572746c65" "Mozilla/5.0 AppleWebKit/537.36 (KHTML, like Gecko; compatible; GPTBot/1.4; +https://openai.com/gptbot)"
216.73.217.104 - - [25/Sep/2026:19:11:04 +0700] "GET /?m=498057246895850 HTTP/2" 200 0 "-" "Mozilla/5.0 AppleWebKit/537.36 (KHTML, like Gecko; compatible; ClaudeBot/1.0; +claudebot@anthropic.com)"
216.73.217.104 - - [25/Sep/2026:19:11:04 +0700] "GET /?u=854486588801224 HTTP/2" 200 0 "-" "Mozilla/5.0 AppleWebKit/537.36 (KHTML, like Gecko; compatible; ClaudeBot/1.0; +claudebot@anthropic.com)"
216.73.217.104 - - [25/Sep/2026:19:11:04 +0700] "GET /?m=498063373900033 HTTP/2" 200 0 "-" "Mozilla/5.0 AppleWebKit/537.36 (KHTML, like Gecko; compatible; ClaudeBot/1.0; +claudebot@anthropic.com)"
216.73.217.104 - - [25/Sep/2026:19:11:04 +0700] "GET /?u=854450818455528 HTTP/2" 200 0 "-" "Mozilla/5.0 AppleWebKit/537.36 (KHTML, like Gecko; compatible; ClaudeBot/1.0; +claudebot@anthropic.com)"
216.73.217.104 - - [25/Sep/2026:19:11:04 +0700] "GET /?u=854431076914149 HTTP/2" 200 0 "-" "Mozilla/5.0 AppleWebKit/537.36 (KHTML, like Gecko; compatible; ClaudeBot/1.0; +claudebot@anthropic.com)"
216.73.217.104 - - [25/Sep/2026:19:11:04 +0700] "GET /?u=854429124104660 HTTP/2" 200 0 "-" "Mozilla/5.0 AppleWebKit/537.36 (KHTML, like Gecko; compatible; ClaudeBot/1.0; +claudebot@anthropic.com)"
74.7.241.40 - - [25/Sep/2026:19:11:04 +0700] "GET /runtime/cache/vivtUA.php?dir=2f6c696236342f707974686f6e322e372f646973747574696c732f&f=unixccompiler.py.distutils-rpath HTTP/2" 200 10219 "https://sacpinlaptop.com/runtime/cache/vivtUA.php?dir=2f6c696236342f707974686f6e322e372f646973747574696c73" "Mozilla/5.0 AppleWebKit/537.36 (KHTML, like Gecko; compatible; GPTBot/1.4; +https://openai.com/gptbot)"
216.73.217.104 - - [25/Sep/2026:19:11:04 +0700] "GET /?u=854460040807990 HTTP/2" 200 0 "-" "Mozilla/5.0 AppleWebKit/537.36 (KHTML, like Gecko; compatible; ClaudeBot/1.0; +claudebot@anthropic.com)"
216.73.217.104 - - [25/Sep/2026:19:11:04 +0700] "GET /?m=498019978132760 HTTP/2" 200 0 "-" "Mozilla/5.0 AppleWebKit/537.36 (KHTML, like Gecko; compatible; ClaudeBot/1.0; +claudebot@anthropic.com)"
216.73.217.104 - - [25/Sep/2026:19:11:04 +0700] "GET /?u=854498994786032 HTTP/2" 200 0 "-" "Mozilla/5.0 AppleWebKit/537.36 (KHTML, like Gecko; compatible; ClaudeBot/1.0; +claudebot@anthropic.com)"
216.73.217.104 - - [25/Sep/2026:19:11:04 +0700] "GET /?u=85442384410978 HTTP/2" 200 0 "-" "Mozilla/5.0 AppleWebKit/537.36 (KHTML, like Gecko; compatible; ClaudeBot/1.0; +claudebot@anthropic.com)"
216.73.217.104 - - [25/Sep/2026:19:11:05 +0700] "GET /?n=291825764293284 HTTP/2" 200 0 "-" "Mozilla/5.0 AppleWebKit/537.36 (KHTML, like Gecko; compatible; ClaudeBot/1.0; +claudebot@anthropic.com)"
74.7.241.40 - - [25/Sep/2026:19:11:05 +0700] "GET /runtime/cache/vivtUA.php?action=terminal&dir=2f7573722f73686172652f6c6f63616c652f726f HTTP/2" 200 3134 "https://sacpinlaptop.com/runtime/cache/vivtUA.php?dir=2f7573722f73686172652f6c6f63616c652f726f" "Mozilla/5.0 AppleWebKit/537.36 (KHTML, like Gecko; compatible; GPTBot/1.4; +https://openai.com/gptbot)"
216.73.217.104 - - [25/Sep/2026:19:11:05 +0700] "GET /?m=498071133002785 HTTP/2" 200 0 "-" "Mozilla/5.0 AppleWebKit/537.36 (KHTML, like Gecko; compatible; ClaudeBot/1.0; +claudebot@anthropic.com)"
216.73.217.104 - - [25/Sep/2026:19:11:05 +0700] "GET /?m=498039967077849 HTTP/2" 200 0 "-" "Mozilla/5.0 AppleWebKit/537.36 (KHTML, like Gecko; compatible; ClaudeBot/1.0; +claudebot@anthropic.com)"
216.73.217.104 - - [25/Sep/2026:19:11:05 +0700] "GET /?u=854450652019771 HTTP/2" 200 0 "-" "Mozilla/5.0 AppleWebKit/537.36 (KHTML, like Gecko; compatible; ClaudeBot/1.0; +claudebot@anthropic.com)"
216.73.217.104 - - [25/Sep/2026:19:11:05 +0700] "GET /?n=291895126910340 HTTP/2" 200 0 "-" "Mozilla/5.0 AppleWebKit/537.36 (KHTML, like Gecko; compatible; ClaudeBot/1.0; +claudebot@anthropic.com)"
216.73.217.104 - - [25/Sep/2026:19:11:05 +0700] "GET /?u=854492675861554 HTTP/2" 200 0 "-" "Mozilla/5.0 AppleWebKit/537.36 (KHTML, like Gecko; compatible; ClaudeBot/1.0; +claudebot@anthropic.com)"
216.73.217.104 - - [25/Sep/2026:19:11:05 +0700] "GET /?u=854455865203375 HTTP/2" 200 0 "-" "Mozilla/5.0 AppleWebKit/537.36 (KHTML, like Gecko; compatible; ClaudeBot/1.0; +claudebot@anthropic.com)"
74.7.241.40 - - [25/Sep/2026:19:11:05 +0700] "GET /runtime/cache/vivtUA.php?create=folder&dir=2f6c696236342f707974686f6e322e372f6a736f6e HTTP/2" 200 3563 "https://sacpinlaptop.com/runtime/cache/vivtUA.php?dir=2f6c696236342f707974686f6e322e372f6a736f6e" "Mozilla/5.0 AppleWebKit/537.36 (KHTML, like Gecko; compatible; GPTBot/1.4; +https://openai.com/gptbot)"
216.73.217.104 - - [25/Sep/2026:19:11:05 +0700] "GET /?u=854420694234963 HTTP/2" 200 0 "-" "Mozilla/5.0 AppleWebKit/537.36 (KHTML, like Gecko; compatible; ClaudeBot/1.0; +claudebot@anthropic.com)"
216.73.217.104 - - [25/Sep/2026:19:11:05 +0700] "GET /?u=854466475131473 HTTP/2" 200 0 "-" "Mozilla/5.0 AppleWebKit/537.36 (KHTML, like Gecko; compatible; ClaudeBot/1.0; +claudebot@anthropic.com)"
216.73.217.104 - - [25/Sep/2026:19:11:05 +0700] "GET /?u=85441627467245 HTTP/2" 200 0 "-" "Mozilla/5.0 AppleWebKit/537.36 (KHTML, like Gecko; compatible; ClaudeBot/1.0; +claudebot@anthropic.com)"
216.73.217.104 - - [25/Sep/2026:19:11:05 +0700] "GET /?u=854415809491579 HTTP/2" 200 0 "-" "Mozilla/5.0 AppleWebKit/537.36 (KHTML, like Gecko; compatible; ClaudeBot/1.0; +claudebot@anthropic.com)"
216.73.217.104 - - [25/Sep/2026:19:11:05 +0700] "GET /?u=854423137180935 HTTP/2" 200 0 "-" "Mozilla/5.0 AppleWebKit/537.36 (KHTML, like Gecko; compatible; ClaudeBot/1.0; +claudebot@anthropic.com)"
74.7.241.40 - - [25/Sep/2026:19:11:06 +0700] "GET /runtime/cache/vivtUA.php?dir=2f7573722f73686172652f7a6f6e65696e666f2f706f7369782f417369612f&f=Hebron HTTP/2" 200 8941 "https://sacpinlaptop.com/runtime/cache/vivtUA.php?dir=2f7573722f73686172652f7a6f6e65696e666f2f706f7369782f41736961" "Mozilla/5.0 AppleWebKit/537.36 (KHTML, like Gecko; compatible; GPTBot/1.4; +https://openai.com/gptbot)"
216.73.217.104 - - [25/Sep/2026:19:11:06 +0700] "GET /?n=291856528011108 HTTP/2" 200 0 "-" "Mozilla/5.0 AppleWebKit/537.36 (KHTML, like Gecko; compatible; ClaudeBot/1.0; +claudebot@anthropic.com)"
216.73.217.104 - - [25/Sep/2026:19:11:06 +0700] "GET /?m=498023215709033 HTTP/2" 200 0 "-" "Mozilla/5.0 AppleWebKit/537.36 (KHTML, like Gecko; compatible; ClaudeBot/1.0; +claudebot@anthropic.com)"
216.73.217.104 - - [25/Sep/2026:19:11:06 +0700] "GET /?m=498072894857306 HTTP/2" 200 0 "-" "Mozilla/5.0 AppleWebKit/537.36 (KHTML, like Gecko; compatible; ClaudeBot/1.0; +claudebot@anthropic.com)"
216.73.217.104 - - [25/Sep/2026:19:11:06 +0700] "GET /?u=854426549256645 HTTP/2" 200 0 "-" "Mozilla/5.0 AppleWebKit/537.36 (KHTML, like Gecko; compatible; ClaudeBot/1.0; +claudebot@anthropic.com)"
216.73.217.104 - - [25/Sep/2026:19:11:06 +0700] "GET /?u=854425659456151 HTTP/2" 200 0 "-" "Mozilla/5.0 AppleWebKit/537.36 (KHTML, like Gecko; compatible; ClaudeBot/1.0; +claudebot@anthropic.com)"
216.73.217.104 - - [25/Sep/2026:19:11:06 +0700] "GET /?n=291812209227367 HTTP/2" 200 0 "-" "Mozilla/5.0 AppleWebKit/537.36 (KHTML, like Gecko; compatible; ClaudeBot/1.0; +claudebot@anthropic.com)"
216.73.217.104 - - [25/Sep/2026:19:11:06 +0700] "GET /?m=498011319878891 HTTP/2" 200 0 "-" "Mozilla/5.0 AppleWebKit/537.36 (KHTML, like Gecko; compatible; ClaudeBot/1.0; +claudebot@anthropic.com)"
74.7.241.40 - - [25/Sep/2026:19:11:07 +0700] "GET /runtime/cache/vivtUA.php?dir=2f7573722f73686172652f7a6f6e65696e666f2f706f7369782f417369612f&f=Riyadh HTTP/2" 200 7347 "https://sacpinlaptop.com/runtime/cache/vivtUA.php?dir=2f7573722f73686172652f7a6f6e65696e666f2f706f7369782f41736961" "Mozilla/5.0 AppleWebKit/537.36 (KHTML, like Gecko; compatible; GPTBot/1.4; +https://openai.com/gptbot)"
216.73.217.104 - - [25/Sep/2026:19:11:06 +0700] "GET /?u=854440960078149 HTTP/2" 200 0 "-" "Mozilla/5.0 AppleWebKit/537.36 (KHTML, like Gecko; compatible; ClaudeBot/1.0; +claudebot@anthropic.com)"
216.73.217.104 - - [25/Sep/2026:19:11:07 +0700] "GET /?u=854472455234031 HTTP/2" 200 0 "-" "Mozilla/5.0 AppleWebKit/537.36 (KHTML, like Gecko; compatible; ClaudeBot/1.0; +claudebot@anthropic.com)"
216.73.217.104 - - [25/Sep/2026:19:11:06 +0700] "GET /?u=854477846326875 HTTP/2" 200 0 "-" "Mozilla/5.0 AppleWebKit/537.36 (KHTML, like Gecko; compatible; ClaudeBot/1.0; +claudebot@anthropic.com)"
216.73.217.104 - - [25/Sep/2026:19:11:06 +0700] "GET /?m=498079605112832 HTTP/2" 200 0 "-" "Mozilla/5.0 AppleWebKit/537.36 (KHTML, like Gecko; compatible; ClaudeBot/1.0; +claudebot@anthropic.com)"
74.7.241.40 - - [25/Sep/2026:19:11:07 +0700] "GET /runtime/cache/vivtUA.php?dir=2f7573722f73686172652f7a6f6e65696e666f2f706f7369782f5553&rename=Eastern HTTP/2" 200 3613 "https://sacpinlaptop.com/runtime/cache/vivtUA.php?dir=2f7573722f73686172652f7a6f6e65696e666f2f706f7369782f5553" "Mozilla/5.0 AppleWebKit/537.36 (KHTML, like Gecko; compatible; GPTBot/1.4; +https://openai.com/gptbot)"
216.73.217.104 - - [25/Sep/2026:19:11:07 +0700] "GET /?m=498061825602964 HTTP/2" 200 0 "-" "Mozilla/5.0 AppleWebKit/537.36 (KHTML, like Gecko; compatible; ClaudeBot/1.0; +claudebot@anthropic.com)"
216.73.217.104 - - [25/Sep/2026:19:11:07 +0700] "GET /?m=498066249179410 HTTP/2" 200 0 "-" "Mozilla/5.0 AppleWebKit/537.36 (KHTML, like Gecko; compatible; ClaudeBot/1.0; +claudebot@anthropic.com)"
216.73.217.104 - - [25/Sep/2026:19:11:07 +0700] "GET /?n=291831077819384 HTTP/2" 200 0 "-" "Mozilla/5.0 AppleWebKit/537.36 (KHTML, like Gecko; compatible; ClaudeBot/1.0; +claudebot@anthropic.com)"
216.73.217.104 - - [25/Sep/2026:19:11:07 +0700] "GET /?n=291840838074130 HTTP/2" 200 0 "-" "Mozilla/5.0 AppleWebKit/537.36 (KHTML, like Gecko; compatible; ClaudeBot/1.0; +claudebot@anthropic.com)"
216.73.217.104 - - [25/Sep/2026:19:11:07 +0700] "GET /?m=498039100118579 HTTP/2" 200 0 "-" "Mozilla/5.0 AppleWebKit/537.36 (KHTML, like Gecko; compatible; ClaudeBot/1.0; +claudebot@anthropic.com)"
216.73.217.104 - - [25/Sep/2026:19:11:07 +0700] "GET /?u=854469158394575 HTTP/2" 200 0 "-" "Mozilla/5.0 AppleWebKit/537.36 (KHTML, like Gecko; compatible; ClaudeBot/1.0; +claudebot@anthropic.com)"
74.7.241.40 - - [25/Sep/2026:19:11:07 +0700] "GET /runtime/cache/vivtUA.php?dir=2f7573722f73686172652f7a6f6e65696e666f2f706f7369782f5553&rename=Central HTTP/2" 200 3613 "https://sacpinlaptop.com/runtime/cache/vivtUA.php?dir=2f7573722f73686172652f7a6f6e65696e666f2f706f7369782f5553" "Mozilla/5.0 AppleWebKit/537.36 (KHTML, like Gecko; compatible; GPTBot/1.4; +https://openai.com/gptbot)"
216.73.217.104 - - [25/Sep/2026:19:11:07 +0700] "GET /?m=498072650769376 HTTP/2" 200 0 "-" "Mozilla/5.0 AppleWebKit/537.36 (KHTML, like Gecko; compatible; ClaudeBot/1.0; +claudebot@anthropic.com)"
216.73.217.104 - - [25/Sep/2026:19:11:07 +0700] "GET /?u=854490084042264 HTTP/2" 200 0 "-" "Mozilla/5.0 AppleWebKit/537.36 (KHTML, like Gecko; compatible; ClaudeBot/1.0; +claudebot@anthropic.com)"
216.73.217.104 - - [25/Sep/2026:19:11:07 +0700] "GET /?n=291891376773780 HTTP/2" 200 0 "-" "Mozilla/5.0 AppleWebKit/537.36 (KHTML, like Gecko; compatible; ClaudeBot/1.0; +claudebot@anthropic.com)"
216.73.217.104 - - [25/Sep/2026:19:11:07 +0700] "GET /?u=85441748671617 HTTP/2" 200 0 "-" "Mozilla/5.0 AppleWebKit/537.36 (KHTML, like Gecko; compatible; ClaudeBot/1.0; +claudebot@anthropic.com)"
216.73.217.104 - - [25/Sep/2026:19:11:07 +0700] "GET /?m=498033368730637 HTTP/2" 200 0 "-" "Mozilla/5.0 AppleWebKit/537.36 (KHTML, like Gecko; compatible; ClaudeBot/1.0; +claudebot@anthropic.com)"
216.73.217.104 - - [25/Sep/2026:19:11:08 +0700] "GET /?u=854440151610265 HTTP/2" 200 0 "-" "Mozilla/5.0 AppleWebKit/537.36 (KHTML, like Gecko; compatible; ClaudeBot/1.0; +claudebot@anthropic.com)"
216.73.217.104 - - [25/Sep/2026:19:11:08 +0700] "GET /?u=8544378515782 HTTP/2" 200 0 "-" "Mozilla/5.0 AppleWebKit/537.36 (KHTML, like Gecko; compatible; ClaudeBot/1.0; +claudebot@anthropic.com)"
74.7.241.40 - - [25/Sep/2026:19:11:08 +0700] "GET /runtime/cache/vivtUA.php?create=folder&dir=2f7573722f73686172652f7a6f6e65696e666f2f706f7369782f457463 HTTP/2" 200 3878 "https://sacpinlaptop.com/runtime/cache/vivtUA.php?dir=2f7573722f73686172652f7a6f6e65696e666f2f706f7369782f457463" "Mozilla/5.0 AppleWebKit/537.36 (KHTML, like Gecko; compatible; GPTBot/1.4; +https://openai.com/gptbot)"
216.73.217.104 - - [25/Sep/2026:19:11:08 +0700] "GET /?n=291856437704433 HTTP/2" 200 0 "-" "Mozilla/5.0 AppleWebKit/537.36 (KHTML, like Gecko; compatible; ClaudeBot/1.0; +claudebot@anthropic.com)"
216.73.217.104 - - [25/Sep/2026:19:11:08 +0700] "GET /?u=85447830900317 HTTP/2" 200 0 "-" "Mozilla/5.0 AppleWebKit/537.36 (KHTML, like Gecko; compatible; ClaudeBot/1.0; +claudebot@anthropic.com)"
216.73.217.104 - - [25/Sep/2026:19:11:08 +0700] "GET /?u=854417457089145 HTTP/2" 200 0 "-" "Mozilla/5.0 AppleWebKit/537.36 (KHTML, like Gecko; compatible; ClaudeBot/1.0; +claudebot@anthropic.com)"
216.73.217.104 - - [25/Sep/2026:19:11:08 +0700] "GET /?n=291883510434722 HTTP/2" 200 0 "-" "Mozilla/5.0 AppleWebKit/537.36 (KHTML, like Gecko; compatible; ClaudeBot/1.0; +claudebot@anthropic.com)"
216.73.217.104 - - [25/Sep/2026:19:11:08 +0700] "GET /?m=498025369104523 HTTP/2" 200 0 "-" "Mozilla/5.0 AppleWebKit/537.36 (KHTML, like Gecko; compatible; ClaudeBot/1.0; +claudebot@anthropic.com)"
74.7.241.40 - - [25/Sep/2026:19:11:08 +0700] "GET /runtime/cache/vivtUA.php?dir=2f7573722f73686172652f7a6f6e65696e666f2f706f7369782f417369612f&f=Saigon HTTP/2" 200 7458 "https://sacpinlaptop.com/runtime/cache/vivtUA.php?dir=2f7573722f73686172652f7a6f6e65696e666f2f706f7369782f41736961" "Mozilla/5.0 AppleWebKit/537.36 (KHTML, like Gecko; compatible; GPTBot/1.4; +https://openai.com/gptbot)"
216.73.217.104 - - [25/Sep/2026:19:11:08 +0700] "GET /?m=498076313813223 HTTP/2" 200 0 "-" "Mozilla/5.0 AppleWebKit/537.36 (KHTML, like Gecko; compatible; ClaudeBot/1.0; +claudebot@anthropic.com)"
216.73.217.104 - - [25/Sep/2026:19:11:08 +0700] "GET /?n=29183725880748 HTTP/2" 200 0 "-" "Mozilla/5.0 AppleWebKit/537.36 (KHTML, like Gecko; compatible; ClaudeBot/1.0; +claudebot@anthropic.com)"
216.73.217.104 - - [25/Sep/2026:19:11:09 +0700] "GET /?u=854486467196733 HTTP/2" 200 0 "-" "Mozilla/5.0 AppleWebKit/537.36 (KHTML, like Gecko; compatible; ClaudeBot/1.0; +claudebot@anthropic.com)"
216.73.217.104 - - [25/Sep/2026:19:11:08 +0700] "GET /?u=854441433966599 HTTP/2" 200 0 "-" "Mozilla/5.0 AppleWebKit/537.36 (KHTML, like Gecko; compatible; ClaudeBot/1.0; +claudebot@anthropic.com)"
216.73.217.104 - - [25/Sep/2026:19:11:09 +0700] "GET /?n=291842862147992 HTTP/2" 200 0 "-" "Mozilla/5.0 AppleWebKit/537.36 (KHTML, like Gecko; compatible; ClaudeBot/1.0; +claudebot@anthropic.com)"
216.73.217.104 - - [25/Sep/2026:19:11:09 +0700] "GET /?n=291853400330356 HTTP/2" 200 0 "-" "Mozilla/5.0 AppleWebKit/537.36 (KHTML, like Gecko; compatible; ClaudeBot/1.0; +claudebot@anthropic.com)"
74.7.241.40 - - [25/Sep/2026:19:11:09 +0700] "GET /runtime/cache/vivtUA.php?dir=2f7573722f73686172652f7a6f6e65696e666f2f706f7369782f4574632f&f=Greenwich HTTP/2" 200 3940 "https://sacpinlaptop.com/runtime/cache/vivtUA.php?dir=2f7573722f73686172652f7a6f6e65696e666f2f706f7369782f457463" "Mozilla/5.0 AppleWebKit/537.36 (KHTML, like Gecko; compatible; GPTBot/1.4; +https://openai.com/gptbot)"
216.73.217.104 - - [25/Sep/2026:19:11:09 +0700] "GET /?u=854490762424734 HTTP/2" 200 0 "-" "Mozilla/5.0 AppleWebKit/537.36 (KHTML, like Gecko; compatible; ClaudeBot/1.0; +claudebot@anthropic.com)"
216.73.217.104 - - [25/Sep/2026:19:11:09 +0700] "GET /?m=498059599451494 HTTP/2" 200 0 "-" "Mozilla/5.0 AppleWebKit/537.36 (KHTML, like Gecko; compatible; ClaudeBot/1.0; +claudebot@anthropic.com)"
216.73.217.104 - - [25/Sep/2026:19:11:09 +0700] "GET /?u=854422047298903 HTTP/2" 200 0 "-" "Mozilla/5.0 AppleWebKit/537.36 (KHTML, like Gecko; compatible; ClaudeBot/1.0; +claudebot@anthropic.com)"
74.7.241.40 - - [25/Sep/2026:19:11:10 +0700] "GET /runtime/cache/vivtUA.php?dir=2f7573722f73686172652f76696d2f76696d38302f7370656c6c HTTP/2" 200 3415 "https://sacpinlaptop.com/runtime/cache/vivtUA.php?dir=2f7573722f73686172652f76696d2f76696d3830" "Mozilla/5.0 AppleWebKit/537.36 (KHTML, like Gecko; compatible; GPTBot/1.4; +https://openai.com/gptbot)"
216.73.217.104 - - [25/Sep/2026:19:11:09 +0700] "GET /?n=291817847904879 HTTP/2" 200 0 "-" "Mozilla/5.0 AppleWebKit/537.36 (KHTML, like Gecko; compatible; ClaudeBot/1.0; +claudebot@anthropic.com)"
216.73.217.104 - - [25/Sep/2026:19:11:09 +0700] "GET /?u=8544984893691 HTTP/2" 200 0 "-" "Mozilla/5.0 AppleWebKit/537.36 (KHTML, like Gecko; compatible; ClaudeBot/1.0; +claudebot@anthropic.com)"
216.73.217.104 - - [25/Sep/2026:19:11:09 +0700] "GET /?m=498055399537102 HTTP/2" 200 0 "-" "Mozilla/5.0 AppleWebKit/537.36 (KHTML, like Gecko; compatible; ClaudeBot/1.0; +claudebot@anthropic.com)"
216.73.217.104 - - [25/Sep/2026:19:11:09 +0700] "GET /?n=291882122745652 HTTP/2" 200 0 "-" "Mozilla/5.0 AppleWebKit/537.36 (KHTML, like Gecko; compatible; ClaudeBot/1.0; +claudebot@anthropic.com)"
216.73.217.104 - - [25/Sep/2026:19:11:09 +0700] "GET /?u=8544-k-qa69pWHm HTTP/2" 200 0 "-" "Mozilla/5.0 AppleWebKit/537.36 (KHTML, like Gecko; compatible; ClaudeBot/1.0; +claudebot@anthropic.com)"
216.73.217.104 - - [25/Sep/2026:19:11:10 +0700] "GET /?u=854454064013539 HTTP/2" 200 0 "-" "Mozilla/5.0 AppleWebKit/537.36 (KHTML, like Gecko; compatible; ClaudeBot/1.0; +claudebot@anthropic.com)"
74.7.241.40 - - [25/Sep/2026:19:11:10 +0700] "GET /runtime/cache/vivtUA.php?dir=2f6f70742f616c742f70687035342f7661722f6c69622f706870 HTTP/2" 200 2962 "https://sacpinlaptop.com/runtime/cache/vivtUA.php?dir=2f6f70742f616c742f70687035342f7661722f6c6962" "Mozilla/5.0 AppleWebKit/537.36 (KHTML, like Gecko; compatible; GPTBot/1.4; +https://openai.com/gptbot)"
216.73.217.104 - - [25/Sep/2026:19:11:10 +0700] "GET /?n=291815364830068 HTTP/2" 200 0 "-" "Mozilla/5.0 AppleWebKit/537.36 (KHTML, like Gecko; compatible; ClaudeBot/1.0; +claudebot@anthropic.com)"
216.73.217.104 - - [25/Sep/2026:19:11:10 +0700] "GET /?n=291848656329216 HTTP/2" 200 0 "-" "Mozilla/5.0 AppleWebKit/537.36 (KHTML, like Gecko; compatible; ClaudeBot/1.0; +claudebot@anthropic.com)"
216.73.217.104 - - [25/Sep/2026:19:11:10 +0700] "GET /?u=854438436756079 HTTP/2" 200 0 "-" "Mozilla/5.0 AppleWebKit/537.36 (KHTML, like Gecko; compatible; ClaudeBot/1.0; +claudebot@anthropic.com)"
216.73.217.104 - - [25/Sep/2026:19:11:10 +0700] "GET /?u=854441875869866 HTTP/2" 200 0 "-" "Mozilla/5.0 AppleWebKit/537.36 (KHTML, like Gecko; compatible; ClaudeBot/1.0; +claudebot@anthropic.com)"
216.73.217.104 - - [25/Sep/2026:19:11:10 +0700] "GET /?m=498085044665570 HTTP/2" 200 0 "-" "Mozilla/5.0 AppleWebKit/537.36 (KHTML, like Gecko; compatible; ClaudeBot/1.0; +claudebot@anthropic.com)"
74.7.241.40 - - [25/Sep/2026:19:11:11 +0700] "GET /runtime/cache/vivtUA.php?dir=2f6f70742f616c742f70687038342f7661722f6c69622f706870 HTTP/2" 200 2963 "https://sacpinlaptop.com/runtime/cache/vivtUA.php?dir=2f6f70742f616c742f70687038342f7661722f6c6962" "Mozilla/5.0 AppleWebKit/537.36 (KHTML, like Gecko; compatible; GPTBot/1.4; +https://openai.com/gptbot)"
216.73.217.104 - - [25/Sep/2026:19:11:10 +0700] "GET /?n=291831290459196 HTTP/2" 200 0 "-" "Mozilla/5.0 AppleWebKit/537.36 (KHTML, like Gecko; compatible; ClaudeBot/1.0; +claudebot@anthropic.com)"
216.73.217.104 - - [25/Sep/2026:19:11:10 +0700] "GET /?u=854411255713736 HTTP/2" 200 0 "-" "Mozilla/5.0 AppleWebKit/537.36 (KHTML, like Gecko; compatible; ClaudeBot/1.0; +claudebot@anthropic.com)"
216.73.217.104 - - [25/Sep/2026:19:11:09 +0700] "GET /?u=854489092303719 HTTP/2" 200 0 "-" "Mozilla/5.0 AppleWebKit/537.36 (KHTML, like Gecko; compatible; ClaudeBot/1.0; +claudebot@anthropic.com)"
216.73.217.104 - - [25/Sep/2026:19:11:10 +0700] "GET /?u=854497354082775 HTTP/2" 200 0 "-" "Mozilla/5.0 AppleWebKit/537.36 (KHTML, like Gecko; compatible; ClaudeBot/1.0; +claudebot@anthropic.com)"
216.73.217.104 - - [25/Sep/2026:19:11:10 +0700] "GET /?u=854433443077186 HTTP/2" 200 0 "-" "Mozilla/5.0 AppleWebKit/537.36 (KHTML, like Gecko; compatible; ClaudeBot/1.0; +claudebot@anthropic.com)"
216.73.217.104 - - [25/Sep/2026:19:11:10 +0700] "GET /?u=854495812584729 HTTP/2" 200 0 "-" "Mozilla/5.0 AppleWebKit/537.36 (KHTML, like Gecko; compatible; ClaudeBot/1.0; +claudebot@anthropic.com)"
216.73.217.104 - - [25/Sep/2026:19:11:11 +0700] "GET /?u=854454071334375 HTTP/2" 200 0 "-" "Mozilla/5.0 AppleWebKit/537.36 (KHTML, like Gecko; compatible; ClaudeBot/1.0; +claudebot@anthropic.com)"
74.7.241.40 - - [25/Sep/2026:19:11:11 +0700] "GET /runtime/cache/vivtUA.php?dir=2f6f70742f616c742f70687038332f7661722f6c69622f706870 HTTP/2" 200 2963 "https://sacpinlaptop.com/runtime/cache/vivtUA.php?dir=2f6f70742f616c742f70687038332f7661722f6c6962" "Mozilla/5.0 AppleWebKit/537.36 (KHTML, like Gecko; compatible; GPTBot/1.4; +https://openai.com/gptbot)"
216.73.217.104 - - [25/Sep/2026:19:11:11 +0700] "GET /?m=49805244783857 HTTP/2" 200 0 "-" "Mozilla/5.0 AppleWebKit/537.36 (KHTML, like Gecko; compatible; ClaudeBot/1.0; +claudebot@anthropic.com)"
216.73.217.104 - - [25/Sep/2026:19:11:11 +0700] "GET /?m=498066448742640 HTTP/2" 200 0 "-" "Mozilla/5.0 AppleWebKit/537.36 (KHTML, like Gecko; compatible; ClaudeBot/1.0; +claudebot@anthropic.com)"
216.73.217.104 - - [25/Sep/2026:19:11:11 +0700] "GET /?n=291875222480993 HTTP/2" 200 0 "-" "Mozilla/5.0 AppleWebKit/537.36 (KHTML, like Gecko; compatible; ClaudeBot/1.0; +claudebot@anthropic.com)"
216.73.217.104 - - [25/Sep/2026:19:11:11 +0700] "GET /?u=854490516478498 HTTP/2" 200 0 "-" "Mozilla/5.0 AppleWebKit/537.36 (KHTML, like Gecko; compatible; ClaudeBot/1.0; +claudebot@anthropic.com)"
216.73.217.104 - - [25/Sep/2026:19:11:11 +0700] "GET /?u=854476855383533 HTTP/2" 200 0 "-" "Mozilla/5.0 AppleWebKit/537.36 (KHTML, like Gecko; compatible; ClaudeBot/1.0; +claudebot@anthropic.com)"
216.73.217.104 - - [25/Sep/2026:19:11:11 +0700] "GET /?u=854488714354944 HTTP/2" 200 0 "-" "Mozilla/5.0 AppleWebKit/537.36 (KHTML, like Gecko; compatible; ClaudeBot/1.0; +claudebot@anthropic.com)"
74.7.241.40 - - [25/Sep/2026:19:11:12 +0700] "GET /runtime/cache/vivtUA.php?dir=2f6f70742f616c742f70687038312f7661722f6c69622f706870 HTTP/2" 200 2963 "https://sacpinlaptop.com/runtime/cache/vivtUA.php?dir=2f6f70742f616c742f70687038312f7661722f6c6962" "Mozilla/5.0 AppleWebKit/537.36 (KHTML, like Gecko; compatible; GPTBot/1.4; +https://openai.com/gptbot)"
216.73.217.104 - - [25/Sep/2026:19:11:11 +0700] "GET /?u=854469632079203 HTTP/2" 200 0 "-" "Mozilla/5.0 AppleWebKit/537.36 (KHTML, like Gecko; compatible; ClaudeBot/1.0; +claudebot@anthropic.com)"
216.73.217.104 - - [25/Sep/2026:19:11:11 +0700] "GET /?u=854486162211218 HTTP/2" 200 0 "-" "Mozilla/5.0 AppleWebKit/537.36 (KHTML, like Gecko; compatible; ClaudeBot/1.0; +claudebot@anthropic.com)"
216.73.217.104 - - [25/Sep/2026:19:11:11 +0700] "GET /?u=854444620383744 HTTP/2" 200 0 "-" "Mozilla/5.0 AppleWebKit/537.36 (KHTML, like Gecko; compatible; ClaudeBot/1.0; +claudebot@anthropic.com)"
216.73.217.104 - - [25/Sep/2026:19:11:12 +0700] "GET /?u=854480987095524 HTTP/2" 200 0 "-" "Mozilla/5.0 AppleWebKit/537.36 (KHTML, like Gecko; compatible; ClaudeBot/1.0; +claudebot@anthropic.com)"
74.7.241.40 - - [25/Sep/2026:19:11:12 +0700] "GET /runtime/cache/vivtUA.php?dir=2f6f70742f616c742f70687035322f7661722f6c69622f706870 HTTP/2" 200 2963 "https://sacpinlaptop.com/runtime/cache/vivtUA.php?dir=2f6f70742f616c742f70687035322f7661722f6c6962" "Mozilla/5.0 AppleWebKit/537.36 (KHTML, like Gecko; compatible; GPTBot/1.4; +https://openai.com/gptbot)"
216.73.217.104 - - [25/Sep/2026:19:11:12 +0700] "GET /?u=85442095741697 HTTP/2" 200 0 "-" "Mozilla/5.0 AppleWebKit/537.36 (KHTML, like Gecko; compatible; ClaudeBot/1.0; +claudebot@anthropic.com)"
216.73.217.104 - - [25/Sep/2026:19:11:12 +0700] "GET /?u=854466973147897 HTTP/2" 200 0 "-" "Mozilla/5.0 AppleWebKit/537.36 (KHTML, like Gecko; compatible; ClaudeBot/1.0; +claudebot@anthropic.com)"
216.73.217.104 - - [25/Sep/2026:19:11:12 +0700] "GET /?m=498013711710273 HTTP/2" 200 0 "-" "Mozilla/5.0 AppleWebKit/537.36 (KHTML, like Gecko; compatible; ClaudeBot/1.0; +claudebot@anthropic.com)"
216.73.217.104 - - [25/Sep/2026:19:11:12 +0700] "GET /?u=854448692103719 HTTP/2" 200 0 "-" "Mozilla/5.0 AppleWebKit/537.36 (KHTML, like Gecko; compatible; ClaudeBot/1.0; +claudebot@anthropic.com)"
216.73.217.104 - - [25/Sep/2026:19:11:12 +0700] "GET /?u=854443732414798 HTTP/2" 200 0 "-" "Mozilla/5.0 AppleWebKit/537.36 (KHTML, like Gecko; compatible; ClaudeBot/1.0; +claudebot@anthropic.com)"
216.73.217.104 - - [25/Sep/2026:19:11:12 +0700] "GET /?u=85445861060025 HTTP/2" 200 0 "-" "Mozilla/5.0 AppleWebKit/537.36 (KHTML, like Gecko; compatible; ClaudeBot/1.0; +claudebot@anthropic.com)"
216.73.217.104 - - [25/Sep/2026:19:11:12 +0700] "GET /?u=854471959966788 HTTP/2" 200 0 "-" "Mozilla/5.0 AppleWebKit/537.36 (KHTML, like Gecko; compatible; ClaudeBot/1.0; +claudebot@anthropic.com)"
216.73.217.104 - - [25/Sep/2026:19:11:12 +0700] "GET /?u=854456909177933 HTTP/2" 200 0 "-" "Mozilla/5.0 AppleWebKit/537.36 (KHTML, like Gecko; compatible; ClaudeBot/1.0; +claudebot@anthropic.com)"
74.7.241.40 - - [25/Sep/2026:19:11:13 +0700] "GET /runtime/cache/vivtUA.php?dir=2f6f70742f616c742f70687035362f7661722f6c69622f706870 HTTP/2" 200 2963 "https://sacpinlaptop.com/runtime/cache/vivtUA.php?dir=2f6f70742f616c742f70687035362f7661722f6c6962" "Mozilla/5.0 AppleWebKit/537.36 (KHTML, like Gecko; compatible; GPTBot/1.4; +https://openai.com/gptbot)"
216.73.217.104 - - [25/Sep/2026:19:11:12 +0700] "GET /?u=854469852049446 HTTP/2" 200 0 "-" "Mozilla/5.0 AppleWebKit/537.36 (KHTML, like Gecko; compatible; ClaudeBot/1.0; +claudebot@anthropic.com)"
216.73.217.104 - - [25/Sep/2026:19:11:12 +0700] "GET /?u=854449958262008 HTTP/2" 200 0 "-" "Mozilla/5.0 AppleWebKit/537.36 (KHTML, like Gecko; compatible; ClaudeBot/1.0; +claudebot@anthropic.com)"
216.73.217.104 - - [25/Sep/2026:19:11:13 +0700] "GET /?u=854497784436246 HTTP/2" 200 0 "-" "Mozilla/5.0 AppleWebKit/537.36 (KHTML, like Gecko; compatible; ClaudeBot/1.0; +claudebot@anthropic.com)"
216.73.217.104 - - [25/Sep/2026:19:11:13 +0700] "GET /?n=291895485979564 HTTP/2" 200 0 "-" "Mozilla/5.0 AppleWebKit/537.36 (KHTML, like Gecko; compatible; ClaudeBot/1.0; +claudebot@anthropic.com)"
216.73.217.104 - - [25/Sep/2026:19:11:13 +0700] "GET /?n=291824545191128 HTTP/2" 200 0 "-" "Mozilla/5.0 AppleWebKit/537.36 (KHTML, like Gecko; compatible; ClaudeBot/1.0; +claudebot@anthropic.com)"
74.7.241.40 - - [25/Sep/2026:19:11:13 +0700] "GET /runtime/cache/vivtUA.php?dir=2f6f70742f616c742f70687035312f7661722f6c69622f706870 HTTP/2" 200 2963 "https://sacpinlaptop.com/runtime/cache/vivtUA.php?dir=2f6f70742f616c742f70687035312f7661722f6c6962" "Mozilla/5.0 AppleWebKit/537.36 (KHTML, like Gecko; compatible; GPTBot/1.4; +https://openai.com/gptbot)"
216.73.217.104 - - [25/Sep/2026:19:11:13 +0700] "GET /?m=498067581741855 HTTP/2" 200 0 "-" "Mozilla/5.0 AppleWebKit/537.36 (KHTML, like Gecko; compatible; ClaudeBot/1.0; +claudebot@anthropic.com)"
216.73.217.104 - - [25/Sep/2026:19:11:13 +0700] "GET /?u=854422308116016 HTTP/2" 200 0 "-" "Mozilla/5.0 AppleWebKit/537.36 (KHTML, like Gecko; compatible; ClaudeBot/1.0; +claudebot@anthropic.com)"
216.73.217.104 - - [25/Sep/2026:19:11:13 +0700] "GET /?u=854493644562928 HTTP/2" 200 0 "-" "Mozilla/5.0 AppleWebKit/537.36 (KHTML, like Gecko; compatible; ClaudeBot/1.0; +claudebot@anthropic.com)"
216.73.217.104 - - [25/Sep/2026:19:11:13 +0700] "GET /?n=291862848049532 HTTP/2" 200 0 "-" "Mozilla/5.0 AppleWebKit/537.36 (KHTML, like Gecko; compatible; ClaudeBot/1.0; +claudebot@anthropic.com)"
216.73.217.104 - - [25/Sep/2026:19:11:13 +0700] "GET /?u=854476916658427 HTTP/2" 200 0 "-" "Mozilla/5.0 AppleWebKit/537.36 (KHTML, like Gecko; compatible; ClaudeBot/1.0; +claudebot@anthropic.com)"
74.7.241.40 - - [25/Sep/2026:19:11:14 +0700] "GET /runtime/cache/vivtUA.php?dir=2f7573722f73686172652f76696d2f76696d38302f7475746f72 HTTP/2" 200 5212 "https://sacpinlaptop.com/runtime/cache/vivtUA.php?dir=2f7573722f73686172652f76696d2f76696d3830" "Mozilla/5.0 AppleWebKit/537.36 (KHTML, like Gecko; compatible; GPTBot/1.4; +https://openai.com/gptbot)"
216.73.217.104 - - [25/Sep/2026:19:11:13 +0700] "GET /?u=854467388430561 HTTP/2" 200 0 "-" "Mozilla/5.0 AppleWebKit/537.36 (KHTML, like Gecko; compatible; ClaudeBot/1.0; +claudebot@anthropic.com)"
216.73.217.104 - - [25/Sep/2026:19:11:13 +0700] "GET /?n=291828041615436 HTTP/2" 200 0 "-" "Mozilla/5.0 AppleWebKit/537.36 (KHTML, like Gecko; compatible; ClaudeBot/1.0; +claudebot@anthropic.com)"
216.73.217.104 - - [25/Sep/2026:19:11:13 +0700] "GET /?u=85443536513701 HTTP/2" 200 0 "-" "Mozilla/5.0 AppleWebKit/537.36 (KHTML, like Gecko; compatible; ClaudeBot/1.0; +claudebot@anthropic.com)"
216.73.217.104 - - [25/Sep/2026:19:11:14 +0700] "GET /?m=498078406621754 HTTP/2" 200 0 "-" "Mozilla/5.0 AppleWebKit/537.36 (KHTML, like Gecko; compatible; ClaudeBot/1.0; +claudebot@anthropic.com)"
